This run is configured for baseline tests only. flight 44353 linux-3.14 real [real] http://osstest.xs.citrite.net/~osstest/testlogs/logs/44353/
Failures :-/ but no regressions. Regressions which are regarded as allowable (not blocking): build-amd64-rumpuserxen 6 xen-build fail like 44329 build-i386-rumpuserxen 6 xen-build fail like 44329 test-amd64-amd64-xl-qemuu-win7-amd64 16 guest-stop fail like 44329 test-amd64-amd64-xl-qemut-win7-amd64 16 guest-stop fail like 44329 test-amd64-i386-xl-qemuu-win7-amd64 16 guest-stop fail like 44329 Tests which did not succeed, but are not blocking: test-amd64-i386-rumpuserxen-i386 1 build-check(1) blocked n/a test-amd64-amd64-rumpuserxen-amd64 1 build-check(1) blocked n/a test-amd64-amd64-xl-pvh-amd 11 guest-start fail never pass test-amd64-amd64-xl-pvh-intel 11 guest-start fail never pass test-amd64-i386-libvirt-xsm 12 migrate-support-check fail never pass test-amd64-amd64-libvirt 12 migrate-support-check fail never pass test-amd64-amd64-libvirt-xsm 12 migrate-support-check fail never pass test-amd64-i386-libvirt 12 migrate-support-check fail never pass test-amd64-i386-libvirt-qemuu-debianhvm-amd64-xsm 10 migrate-support-check fail never pass test-amd64-amd64-libvirt-qemuu-debianhvm-amd64-xsm 10 migrate-support-check fail never pass test-amd64-i386-xl-qemut-win7-amd64 16 guest-stop fail never pass test-amd64-amd64-qemuu-nested-amd 16 debian-hvm-install/l1/l2 fail never pass test-amd64-amd64-qemuu-nested-intel 16 debian-hvm-install/l1/l2 fail never pass test-amd64-amd64-libvirt-vhd 11 migrate-support-check fail never pass version targeted for testing: linux 2ba480453d5acb3d9d5635358c6af84201d70939 baseline version: linux 55d37e17318fd5cf40b62fd02ce6ff75e422d862 Last test of basis 44329 2016-04-13 18:51:46 Z 8 days Testing same since 44353 2016-04-21 22:08:41 Z 0 days 1 attempts ------------------------------------------------------------ People who touched revisions under test: Alan Stern <st...@rowland.harvard.edu> Alex Deucher <alexander.deuc...@amd.com> Alexander Shishkin <alexander.shish...@linux.intel.com> Alexey Khoroshilov <khoroshi...@ispras.ru> Andrew Morton <a...@linux-foundation.org> Arnaldo Carvalho de Melo <a...@redhat.com> Arnd Bergmann <a...@arndb.de> Bill Sommerfeld <wsommerf...@google.com> Bjørn Mork <bj...@mork.no> Boris Ostrovsky <boris.ostrov...@oracle.com> Daniel Fraga <frag...@gmail.com> David S. Miller <da...@davemloft.net> David Vrabel <david.vra...@citrix.com> Diego Viola <diego.vi...@gmail.com> Felipe Balbi <felipe.ba...@linux.intel.com> Florian Westphal <f...@strlen.de> Greg Kroah-Hartman <gre...@linuxfoundation.org> Guenter Roeck <li...@roeck-us.net> Guillaume Nault <g.na...@alphalink.fr> Haishuang Yan <yanhaishu...@cmss.chinamobile.com> Hannes Frederic Sowa <han...@stressinduktion.org> Hans Verkuil <hans.verk...@cisco.com> Helge Deller <del...@gmx.de> Ingo Molnar <mi...@kernel.org> Jiri Kosina <jkos...@suse.cz> Johannes Berg <johannes.b...@intel.com> Linus Torvalds <torva...@linux-foundation.org> Lutz Euler <lutz.eu...@freenet.de> Manish Chopra <manish.cho...@qlogic.com> Mauro Carvalho Chehab <mche...@osg.samsung.com> Michal Kazior <michal.kaz...@tieto.com> Naoya Horiguchi <n-horigu...@ah.jp.nec.com> Nicolai Hähnle <nicolai.haeh...@amd.com> Nicolas Dichtel <nicolas.dich...@6wind.com> Oliver Neukum <oneu...@suse.com> Paolo Abeni <pab...@redhat.com> Peter Zijlstra (Intel) <pet...@infradead.org> Peter Zijlstra <pet...@infradead.org> Sergei Shtylyov <sergei.shtyl...@cogentembedded.com> Sony Chacko <sony.cha...@qlogic.com> Takashi Iwai <ti...@suse.de> Thadeu Lima de Souza Cascardo <casca...@redhat.com> Theodore Ts'o <ty...@mit.edu> Vladis Dronov <vdro...@redhat.com> Vlastimil Babka <vba...@suse.cz> Xin Long <lucien....@gmail.com> Xishi Qiu <qiuxi...@huawei.com> Yoshihiro Shimoda <yoshihiro.shimoda...@renesas.com> jobs: build-amd64-xsm pass build-i386-xsm pass build-amd64 pass build-i386 pass build-amd64-libvirt pass build-i386-libvirt pass build-amd64-pvops pass build-i386-pvops pass build-amd64-rumpuserxen fail build-i386-rumpuserxen fail test-amd64-amd64-xl pass test-amd64-i386-xl pass test-amd64-amd64-xl-qemut-debianhvm-amd64-xsm pass test-amd64-i386-xl-qemut-debianhvm-amd64-xsm pass test-amd64-amd64-libvirt-qemuu-debianhvm-amd64-xsm pass test-amd64-i386-libvirt-qemuu-debianhvm-amd64-xsm pass test-amd64-amd64-xl-qemuu-debianhvm-amd64-xsm pass test-amd64-i386-xl-qemuu-debianhvm-amd64-xsm pass test-amd64-amd64-xl-qemut-stubdom-debianhvm-amd64-xsm pass test-amd64-i386-xl-qemut-stubdom-debianhvm-amd64-xsm pass test-amd64-amd64-libvirt-xsm pass test-amd64-i386-libvirt-xsm pass test-amd64-amd64-xl-xsm pass test-amd64-i386-xl-xsm pass test-amd64-amd64-qemuu-nested-amd fail test-amd64-amd64-xl-pvh-amd fail test-amd64-i386-qemut-rhel6hvm-amd pass test-amd64-i386-qemuu-rhel6hvm-amd pass test-amd64-amd64-xl-qemut-debianhvm-amd64 pass test-amd64-i386-xl-qemut-debianhvm-amd64 pass test-amd64-amd64-xl-qemuu-debianhvm-amd64 pass test-amd64-i386-xl-qemuu-debianhvm-amd64 pass test-amd64-i386-freebsd10-amd64 pass test-amd64-amd64-xl-qemuu-ovmf-amd64 pass test-amd64-i386-xl-qemuu-ovmf-amd64 pass test-amd64-amd64-rumpuserxen-amd64 blocked test-amd64-amd64-xl-qemut-win7-amd64 fail test-amd64-i386-xl-qemut-win7-amd64 fail test-amd64-amd64-xl-qemuu-win7-amd64 fail test-amd64-i386-xl-qemuu-win7-amd64 fail test-amd64-amd64-xl-credit2 pass test-amd64-i386-freebsd10-i386 pass test-amd64-i386-rumpuserxen-i386 blocked test-amd64-amd64-qemuu-nested-intel fail test-amd64-amd64-xl-pvh-intel fail test-amd64-i386-qemut-rhel6hvm-intel pass test-amd64-i386-qemuu-rhel6hvm-intel pass test-amd64-amd64-libvirt pass test-amd64-i386-libvirt pass test-amd64-amd64-xl-multivcpu pass test-amd64-amd64-pair pass test-amd64-i386-pair pass test-amd64-amd64-libvirt-pair pass test-amd64-i386-libvirt-pair pass test-amd64-amd64-amd64-pvgrub pass test-amd64-amd64-i386-pvgrub pass test-amd64-amd64-pygrub pass test-amd64-amd64-xl-qcow2 pass test-amd64-i386-xl-raw pass test-amd64-amd64-xl-rtds pass test-amd64-i386-xl-qemut-winxpsp3-vcpus1 pass test-amd64-i386-xl-qemuu-winxpsp3-vcpus1 pass test-amd64-amd64-libvirt-vhd pass test-amd64-amd64-xl-qemut-winxpsp3 pass test-amd64-i386-xl-qemut-winxpsp3 pass test-amd64-amd64-xl-qemuu-winxpsp3 pass test-amd64-i386-xl-qemuu-winxpsp3 pass ------------------------------------------------------------ sg-report-flight on osstest.xs.citrite.net logs: /home/osstest/logs images: /home/osstest/images Logs, config files, etc. are available at http://osstest.xs.citrite.net/~osstest/testlogs/logs Test harness code can be found at http://xenbits.xensource.com/gitweb?p=osstest.git;a=summary Push not applicable. (No revision log; it would be 1050 lines long.)
_______________________________________________ Xen-devel mailing list Xen-devel@lists.xen.org http://lists.xen.org/xen-devel