This run is configured for baseline tests only.

flight 44348 linux-4.1 real [real]
http://osstest.xs.citrite.net/~osstest/testlogs/logs/44348/

Failures :-/ but no regressions.

Regressions which are regarded as allowable (not blocking):
 build-amd64-rumpuserxen       6 xen-build                    fail   like 44333
 build-i386-rumpuserxen        6 xen-build                    fail   like 44333

Tests which did not succeed, but are not blocking:
 test-amd64-amd64-rumpuserxen-amd64  1 build-check(1)               blocked n/a
 test-amd64-i386-rumpuserxen-i386  1 build-check(1)               blocked  n/a
 test-armhf-armhf-libvirt-xsm 12 migrate-support-check        fail   never pass
 test-armhf-armhf-libvirt-xsm 14 guest-saverestore            fail   never pass
 test-armhf-armhf-libvirt     14 guest-saverestore            fail   never pass
 test-armhf-armhf-libvirt     12 migrate-support-check        fail   never pass
 test-amd64-amd64-xl-pvh-intel 14 guest-saverestore            fail  never pass
 test-amd64-amd64-xl-pvh-amd  11 guest-start                  fail   never pass
 test-armhf-armhf-libvirt-raw 13 guest-saverestore            fail   never pass
 test-armhf-armhf-libvirt-raw 11 migrate-support-check        fail   never pass
 test-armhf-armhf-libvirt-qcow2 11 migrate-support-check        fail never pass
 test-armhf-armhf-libvirt-qcow2 13 guest-saverestore            fail never pass
 test-armhf-armhf-xl-multivcpu 13 saverestore-support-check    fail  never pass
 test-armhf-armhf-xl-multivcpu 12 migrate-support-check        fail  never pass
 test-armhf-armhf-xl-midway   13 saverestore-support-check    fail   never pass
 test-armhf-armhf-xl-midway   12 migrate-support-check        fail   never pass
 test-armhf-armhf-xl-credit2  13 saverestore-support-check    fail   never pass
 test-armhf-armhf-xl-credit2  12 migrate-support-check        fail   never pass
 test-armhf-armhf-xl          12 migrate-support-check        fail   never pass
 test-armhf-armhf-xl          13 saverestore-support-check    fail   never pass
 test-armhf-armhf-xl-xsm      13 saverestore-support-check    fail   never pass
 test-armhf-armhf-xl-xsm      12 migrate-support-check        fail   never pass
 test-amd64-i386-libvirt-xsm  12 migrate-support-check        fail   never pass
 test-armhf-armhf-xl-rtds     13 saverestore-support-check    fail   never pass
 test-armhf-armhf-xl-rtds     12 migrate-support-check        fail   never pass
 test-amd64-amd64-libvirt-xsm 12 migrate-support-check        fail   never pass
 test-amd64-i386-libvirt      12 migrate-support-check        fail   never pass
 test-amd64-amd64-libvirt     12 migrate-support-check        fail   never pass
 test-amd64-amd64-qemuu-nested-amd 16 debian-hvm-install/l1/l2  fail never pass
 test-armhf-armhf-xl-vhd      11 migrate-support-check        fail   never pass
 test-armhf-armhf-xl-vhd      12 saverestore-support-check    fail   never pass
 test-amd64-amd64-libvirt-qemuu-debianhvm-amd64-xsm 10 migrate-support-check 
fail never pass
 test-amd64-amd64-xl-qemut-win7-amd64 16 guest-stop             fail never pass
 test-amd64-i386-libvirt-qemuu-debianhvm-amd64-xsm 10 migrate-support-check 
fail never pass
 test-amd64-amd64-xl-qemuu-win7-amd64 16 guest-stop             fail never pass
 test-amd64-i386-xl-qemut-win7-amd64 16 guest-stop              fail never pass
 test-amd64-amd64-libvirt-vhd 11 migrate-support-check        fail   never pass

version targeted for testing:
 linux                6fe78bc1bfcddabbf3d210e18f91da44fa796d8a
baseline version:
 linux                206f91a12c5f69c9b4dfd4e0029043794a046933

Last test of basis    44333  2016-04-15 04:27:20 Z    6 days
Testing same since    44348  2016-04-21 00:51:44 Z    0 days    1 attempts

------------------------------------------------------------
People who touched revisions under test:
  Aaro Koskinen <aaro.koski...@iki.fi>
  Aaron Plattner <aplatt...@nvidia.com>
  Adrian Hunter <adrian.hun...@intel.com>
  Akinobu Mita <akinobu.m...@gmail.com>
  Al Viro <v...@zeniv.linux.org.uk>
  Alan <gno...@lxorguk.ukuu.org.uk>
  Alan Cox <a...@linux.intel.com>
  Alex Deucher <alexander.deuc...@amd.com>
  Alex Estrin <alex.est...@intel.com>
  Alexander Deucher <alexander.deuc...@amd.com>
  Alexander Kochetkov <al.koc...@gmail.com>
  Alexander Usyskin <alexander.usys...@intel.com>
  Alexandre Bounine <alexandre.boun...@idt.com>
  Anand Jain <anand.j...@oracle.com>
  Andi Kleen <a...@linux.intel.com>
  Andreas Schwab <sch...@linux-m68k.org>
  Andrew Honig <aho...@google.com>
  Andrew Morton <a...@linux-foundation.org>
  Andrey Grodzovsky <andrey.grodzov...@amd.com>
  Andy Honig <aho...@google.com>
  Andy Lutomirski <l...@kernel.org>
  Ard Biesheuvel <ard.biesheu...@linaro.org>
  Aristeu Rozanski <aroza...@redhat.com>
  Arnaldo Carvalho de Melo <a...@redhat.com>
  Arnd Bergmann <a...@arndb.de>
  Artem Bityutskiy <artem.bityuts...@linux.intel.com>
  Asai Thambi S P <asamymuth...@micron.com>
  Asai Thambi SP <asamymuth...@micron.com>
  Aurelien Jacquiot <a-jacqu...@ti.com>
  Bart Van Assche <bart.vanass...@sandisk.com>
  Benjamin Tissoires <benjamin.tissoi...@redhat.com>
  Bjorn Helgaas <bhelg...@google.com>
  Borislav Petkov <b...@suse.de>
  Brent Taylor <moto...@gmail.com>
  Brian Norris <computersforpe...@gmail.com>
  Casey Schaufler <ca...@schaufler-ca.com>
  Catalin Marinas <catalin.mari...@arm.com>
  Chandan Rajendra <chan...@linux.vnet.ibm.com>
  Chris Friesen <cbf...@mail.usask.ca>
  Chris Friesen <chris.frie...@windriver.com>
  Chris Mason <c...@fb.com>
  Cyrille Pitchen <cyrille.pitc...@atmel.com>
  D. Jeff Dionne <j...@uclinux.org>
  Dan Carpenter <dan.carpen...@oracle.com>
  Daniel J Blueman <dan...@numascale.com>
  Daniel Vetter <daniel.vet...@ffwll.ch>
  Dann Frazier <dann.fraz...@canonical.com>
  Darren Hart <dvh...@linux.intel.com>
  Dave Airlie <airl...@redhat.com>
  Dave Chinner <da...@fromorbit.com>
  Dave Chinner <dchin...@redhat.com>
  Dave Jones <da...@codemonkey.org.uk>
  David Daney <david.da...@cavium.com>
  David Henningsson <david.hennings...@canonical.com>
  David Howells <dhowe...@redhat.com>
  David S. Miller <da...@davemloft.net>
  David Sterba <dste...@suse.com>
  David Woodhouse <david.woodho...@intel.com>
  Dmitri Epshtein <d...@marvell.com>
  Dmitry Torokhov <dmitry.torok...@gmail.com>
  Dmitry Torokhov <d...@chromium.org>
  Dmitry Tunin <hanipouspi...@gmail.com>
  Dmitry V. Levin <l...@altlinux.org>
  Don Zickus <dzic...@redhat.com>
  Doug Ledford <dledf...@redhat.com>
  Douglas Gilbert <dgilb...@interlog.com>
  Eric Anholt <e...@anholt.net>
  Eric Wheeler <bca...@linux.ewheeler.net>
  Eric Wheeler <g...@linux.ewheeler.net>
  Eryu Guan <guane...@gmail.com>
  Fabio Estevam <fabio.este...@nxp.com>
  Felipe Balbi <ba...@ti.com>
  Filipe Manana <fdman...@suse.com>
  Geert Uytterhoeven <geert+rene...@glider.be>
  Greg Kroah-Hartman <gre...@linuxfoundation.org>
  Gregory CLEMENT <gregory.clem...@free-electrons.com>
  Guenter Roeck <li...@roeck-us.net>
  H Hartley Sweeten <hswee...@visionengravers.com>
  Hanjun Guo <guohan...@huawei.com>
  Hans de Goede <hdego...@redhat.com>
  Hans Verkuil <hans.verk...@cisco.com>
  Hans Verkuil <hverk...@xs4all.nl>
  Hans-Christian Noren Egtvedt <egtv...@samfundet.no>
  Hariprasad S <haripra...@chelsio.com>
  Hariprasad Shenai <haripra...@chelsio.com>
  Heiko Stuebner <he...@sntech.de>
  Herbert Xu <herb...@gondor.apana.org.au>
  Hersen Wu <hersenxs...@amd.com>
  Himanshu Madhani <himanshu.madh...@qlogic.com>
  Hugh Dickins <hu...@google.com>
  Hui Wang <hui.w...@canonical.com>
  Hyungwon Hwang <hyungwon.hwa...@gmail.com>
  Ingo Molnar <mi...@kernel.org>
  Ioan-Adrian Ratiu <a...@adirat.com>
  J. Bruce Fields <bfie...@redhat.com>
  James Hogan <james.ho...@imgtec.com>
  James Morris <james.l.mor...@oracle.com>
  Jan Kara <j...@suse.com>
  Jan Kara <j...@suse.cz>
  Jan Stancek <jstan...@redhat.com>
  Jann Horn <j...@thejh.net>
  Jarkko Sakkinen <jarkko.sakki...@linux.intel.com>
  Jason Andryuk <jandr...@gmail.com>
  Jenny Derzhavetz <jen...@mellanox.com>
  Jens Axboe <ax...@fb.com>
  Jens Axboe <ax...@kernel.dk>
  Jes Sorensen <jes.soren...@redhat.com>
  Jiri Kosina <jkos...@suse.cz>
  Joe Thornber <e...@redhat.com>
  Johan Rastén <jo...@oljud.se>
  Johannes Weiner <han...@cmpxchg.org>
  John Dahlstrom <joda...@sdf.org>
  Jonathan Cameron <ji...@kernel.org>
  Joonsoo Kim <iamjoonsoo....@lge.com>
  Josef Bacik <jba...@fb.com>
  Joseph Qi <joseph...@huawei.com>
  Josh Boyer <jwbo...@fedoraproject.org>
  Josh Hunt <joh...@akamai.com>
  Joshua Hunt <joh...@akamai.com>
  Julia Lawall <julia.law...@lip6.fr>
  Julian Scheel <jul...@jusst.de>
  K. Y. Srinivasan <k...@microsoft.com>
  Kamal Mostafa <ka...@canonical.com>
  Kees Cook <keesc...@chromium.org>
  Kirill A. Shutemov <kirill.shute...@linux.intel.com>
  Lars-Peter Clausen <l...@metafoo.de>
  Laura Abbott <labb...@fedoraproject.org>
  Lee, Chun-Yi <j...@suse.com>
  Linus Torvalds <torva...@linux-foundation.org>
  Linus Walleij <linus.wall...@linaro.org>
  Lior Amsalem <al...@marvell.com>
  Luck, Tony <tony.l...@intel.com>
  Ludovic Desroches <ludovic.desroc...@atmel.com>
  Magnus Damm <damm+rene...@opensource.se>
  Mans Rullgard <m...@mansr.com>
  Marc MERLIN <m...@merlins.org>
  Marcel Holtmann <mar...@holtmann.org>
  Marek Szyprowski <m.szyprow...@samsung.com>
  Mario Kleiner <mario.kleiner...@gmail.com>
  Mark Langsdorf <mlang...@redhat.com>
  Martin K. Petersen <martin.peter...@oracle.com>
  Martin Schwidefsky <schwidef...@de.ibm.com>
  Mateusz Guzik <mgu...@redhat.com>
  Matt Fleming <matt.flem...@intel.com>
  Matt Fleming <m...@codeblueprint.co.uk>
  Matthew Garrett <mj...@coreos.com>
  Maurizio Lombardi <mlomb...@redhat.com>
  Mauro Carvalho Chehab <mche...@osg.samsung.com>
  Max Filippov <jcmvb...@gmail.com>
  Mel Gorman <mgor...@suse.de>
  Michael Ellerman <m...@ellerman.id.au>
  Michael Niewoehner <li...@mniewoehner.de>
  Michael S. Tsirkin <m...@redhat.com>
  Michal Hocko <mho...@suse.com>
  Michal Marek <mma...@suse.com>
  Mike Snitzer <snit...@redhat.com>
  Miklos Szeredi <mik...@szeredi.hu>
  Miklos Szeredi <mszer...@redhat.com>
  Mimi Zohar <zo...@linux.vnet.ibm.com>
  Ming Lei <ming....@canonical.com>
  Mykola Lysenko <mykola.lyse...@amd.com>
  Nate Zimmer <nzim...@sgi.com>
  NeilBrown <ne...@suse.com>
  Nicholas Bellinger <n...@linux-iscsi.org>
  Nicolas Pitre <n...@linaro.org>
  Nikolay Borisov <ker...@kyup.com>
  Nishanth Menon <n...@ti.com>
  OGAWA Hirofumi <hirof...@mail.parknet.co.jp>
  Oliver Neukum <oneu...@suse.com>
  Olli Salonen <olli.salo...@iki.fi>
  Olof Johansson <o...@lixom.net>
  Paolo Bonzini <pbonz...@redhat.com>
  Patrik Jakobsson <patrik.r.jakobs...@gmail.com>
  Pekka Enberg <penb...@kernel.org>
  Peter Hurley <pe...@hurleysoftware.com>
  Peter Jones <pjo...@redhat.com>
  Peter Meerwald-Stadler <pme...@pmeerw.net>
  Peter Zijlstra (Intel) <pet...@infradead.org>
  Peter Zijlstra <pet...@infradead.org>
  Phil Elwell <p...@raspberrypi.org>
  Qu Wenruo <quwen...@cn.fujitsu.com>
  Rabin Vincent <ra...@rab.in>
  Radim Krčmář <rkrc...@redhat.com>
  Rafael J. Wysocki <rafael.j.wyso...@intel.com>
  Raghava Aditya Renukunta <raghavaaditya.renuku...@pmcs.com>
  Raghavendra K T <raghavendra...@linux.vnet.ibm.com>
  Rajesh Kumar Sambandam <rsamban...@micron.com>
  Ralf Baechle <r...@linux-mips.org>
  Rich Felker <dal...@libc.org>
  Rob Herring <r...@kernel.org>
  Rob Landley <r...@landley.net>
  Robert Doebbelin <rob...@quobyte.com>
  Robert Richter <rrich...@cavium.com>
  Romain Perier <romain.per...@gmail.com>
  Roman Gushchin <kl...@yandex-team.ru>
  Russell King <rmk+ker...@arm.linux.org.uk>
  Rusty Russell <ru...@rustcorp.com.au>
  Sagi Grimberg <sa...@mellanox.com>
  Sasha Levin <sasha.le...@oracle.com>
  Sebastian Andrzej Siewior <bige...@linutronix.de>
  Sebastian Ott <seb...@linux.vnet.ibm.com>
  Sekhar Nori <nsek...@ti.com>
  Selvan Mani <sm...@micron.com>
  Seth Forshee <seth.fors...@canonical.com>
  Shaohua Li <s...@fb.com>
  Shawn Guo <shawn...@kernel.org>
  Simon Guinot <simon.gui...@sequanux.org>
  Simon Horman <horms+rene...@verge.net.au>
  Spencer E. Olson <olso...@umich.edu>
  Stephane Eranian <eran...@google.com>
  Stephen Boyd <sb...@codeaurora.org>
  Stephen Rothwell <s...@canb.auug.org.au>
  Steve Wise <sw...@opengridcomputing.com>
  Steven Rostedt (Red Hat) <rost...@goodmis.org>
  Steven Rostedt <rost...@goodmis.org>
  Takashi Iwai <ti...@suse.de>
  Theodore Ts'o <ty...@mit.edu>
  Thomas Gleixner <t...@linutronix.de>
  Thomas Petazzoni <thomas.petazz...@free-electrons.com>
  Tiffany Lin <tiffany....@mediatek.com>
  Tina Ruchandani <ruchandani.t...@gmail.com>
  Tom Lendacky <thomas.lenda...@amd.com>
  Tom Weber <li...@junkyard.4t2.com>
  Tomas Winkler <tomas.wink...@intel.com>
  Tony Lindgren <t...@atomide.com>
  Tony Luck <tony.l...@intel.com>
  Ulf Hansson <ulf.hans...@linaro.org>
  Vasily Kulikov <seg...@openwall.com>
  Victor Clément <victor.clem...@openmailbox.org>
  Vignesh Gunasekaran <vgunaseka...@micron.com>
  Vinayak Menon <vinme...@codeaurora.org>
  Vincent Donnefort <vdonnef...@gmail.com>
  Vineet Gupta <vineet.gup...@synopsys.com>
  Vittorio Gambaletta (VittGam) <linuxb...@vittgam.net>
  Vittorio Gambaletta <linuxb...@vittgam.net>
  Vivek Goyal <vgo...@redhat.com>
  Vladimir Zapolskiy <v...@mleia.com>
  Vladis Dronov <vdro...@redhat.com>
  Vlastimil Babka <vba...@suse.cz>
  Waiman Long <waiman.l...@hp.com>
  Will Deacon <will.dea...@arm.com>
  Wim Van Sebroeck <w...@iguana.be>
  Yijing Wang <wangyij...@huawei.com>
  Yong Li <sdliy...@gmail.com>
  Yoshinori Sato <ys...@users.sourceforge.jp>
  Zhang Rui <rui.zh...@intel.com>
  Zhao Lei <zhao...@cn.fujitsu.com>

jobs:
 build-amd64-xsm                                              pass    
 build-armhf-xsm                                              pass    
 build-i386-xsm                                               pass    
 build-amd64                                                  pass    
 build-armhf                                                  pass    
 build-i386                                                   pass    
 build-amd64-libvirt                                          pass    
 build-armhf-libvirt                                          pass    
 build-i386-libvirt                                           pass    
 build-amd64-pvops                                            pass    
 build-armhf-pvops                                            pass    
 build-i386-pvops                                             pass    
 build-amd64-rumpuserxen                                      fail    
 build-i386-rumpuserxen                                       fail    
 test-amd64-amd64-xl                                          pass    
 test-armhf-armhf-xl                                          pass    
 test-amd64-i386-xl                                           pass    
 test-amd64-amd64-xl-qemut-debianhvm-amd64-xsm                pass    
 test-amd64-i386-xl-qemut-debianhvm-amd64-xsm                 pass    
 test-amd64-amd64-libvirt-qemuu-debianhvm-amd64-xsm           pass    
 test-amd64-i386-libvirt-qemuu-debianhvm-amd64-xsm            pass    
 test-amd64-amd64-xl-qemuu-debianhvm-amd64-xsm                pass    
 test-amd64-i386-xl-qemuu-debianhvm-amd64-xsm                 pass    
 test-amd64-amd64-xl-qemut-stubdom-debianhvm-amd64-xsm        pass    
 test-amd64-i386-xl-qemut-stubdom-debianhvm-amd64-xsm         pass    
 test-amd64-amd64-libvirt-xsm                                 pass    
 test-armhf-armhf-libvirt-xsm                                 fail    
 test-amd64-i386-libvirt-xsm                                  pass    
 test-amd64-amd64-xl-xsm                                      pass    
 test-armhf-armhf-xl-xsm                                      pass    
 test-amd64-i386-xl-xsm                                       pass    
 test-amd64-amd64-qemuu-nested-amd                            fail    
 test-amd64-amd64-xl-pvh-amd                                  fail    
 test-amd64-i386-qemut-rhel6hvm-amd                           pass    
 test-amd64-i386-qemuu-rhel6hvm-amd                           pass    
 test-amd64-amd64-xl-qemut-debianhvm-amd64                    pass    
 test-amd64-i386-xl-qemut-debianhvm-amd64                     pass    
 test-amd64-amd64-xl-qemuu-debianhvm-amd64                    pass    
 test-amd64-i386-xl-qemuu-debianhvm-amd64                     pass    
 test-amd64-i386-freebsd10-amd64                              pass    
 test-amd64-amd64-xl-qemuu-ovmf-amd64                         pass    
 test-amd64-i386-xl-qemuu-ovmf-amd64                          pass    
 test-amd64-amd64-rumpuserxen-amd64                           blocked 
 test-amd64-amd64-xl-qemut-win7-amd64                         fail    
 test-amd64-i386-xl-qemut-win7-amd64                          fail    
 test-amd64-amd64-xl-qemuu-win7-amd64                         fail    
 test-amd64-i386-xl-qemuu-win7-amd64                          pass    
 test-amd64-amd64-xl-credit2                                  pass    
 test-armhf-armhf-xl-credit2                                  pass    
 test-amd64-i386-freebsd10-i386                               pass    
 test-amd64-i386-rumpuserxen-i386                             blocked 
 test-amd64-amd64-qemuu-nested-intel                          pass    
 test-amd64-amd64-xl-pvh-intel                                fail    
 test-amd64-i386-qemut-rhel6hvm-intel                         pass    
 test-amd64-i386-qemuu-rhel6hvm-intel                         pass    
 test-amd64-amd64-libvirt                                     pass    
 test-armhf-armhf-libvirt                                     fail    
 test-amd64-i386-libvirt                                      pass    
 test-armhf-armhf-xl-midway                                   pass    
 test-amd64-amd64-xl-multivcpu                                pass    
 test-armhf-armhf-xl-multivcpu                                pass    
 test-amd64-amd64-pair                                        pass    
 test-amd64-i386-pair                                         pass    
 test-amd64-amd64-libvirt-pair                                pass    
 test-amd64-i386-libvirt-pair                                 pass    
 test-amd64-amd64-amd64-pvgrub                                pass    
 test-amd64-amd64-i386-pvgrub                                 pass    
 test-amd64-amd64-pygrub                                      pass    
 test-armhf-armhf-libvirt-qcow2                               fail    
 test-amd64-amd64-xl-qcow2                                    pass    
 test-armhf-armhf-libvirt-raw                                 fail    
 test-amd64-i386-xl-raw                                       pass    
 test-amd64-amd64-xl-rtds                                     pass    
 test-armhf-armhf-xl-rtds                                     pass    
 test-amd64-i386-xl-qemut-winxpsp3-vcpus1                     pass    
 test-amd64-i386-xl-qemuu-winxpsp3-vcpus1                     pass    
 test-amd64-amd64-libvirt-vhd                                 pass    
 test-armhf-armhf-xl-vhd                                      pass    
 test-amd64-amd64-xl-qemut-winxpsp3                           pass    
 test-amd64-i386-xl-qemut-winxpsp3                            pass    
 test-amd64-amd64-xl-qemuu-winxpsp3                           pass    
 test-amd64-i386-xl-qemuu-winxpsp3                            pass    


------------------------------------------------------------
sg-report-flight on osstest.xs.citrite.net
logs: /home/osstest/logs
images: /home/osstest/images

Logs, config files, etc. are available at
    http://osstest.xs.citrite.net/~osstest/testlogs/logs

Test harness code can be found at
    http://xenbits.xensource.com/gitweb?p=osstest.git;a=summary


Push not applicable.

(No revision log; it would be 5441 lines long.)

_______________________________________________
Xen-devel mailing list
Xen-devel@lists.xen.org
http://lists.xen.org/xen-devel

Reply via email to