This run is configured for baseline tests only.

flight 44329 linux-3.14 real [real]
http://osstest.xs.citrite.net/~osstest/testlogs/logs/44329/

Failures :-/ but no regressions.

Regressions which are regarded as allowable (not blocking):
 build-amd64-rumpuserxen       6 xen-build                    fail   like 44255
 build-i386-rumpuserxen        6 xen-build                    fail   like 44255
 test-amd64-amd64-xl-credit2  19 guest-start/debian.repeat    fail   like 44255
 test-amd64-amd64-xl-qemuu-win7-amd64 16 guest-stop             fail like 44255
 test-amd64-amd64-xl-qemut-win7-amd64 16 guest-stop             fail like 44255
 test-amd64-i386-xl-qemuu-win7-amd64 16 guest-stop              fail like 44255

Tests which did not succeed, but are not blocking:
 test-amd64-i386-rumpuserxen-i386  1 build-check(1)               blocked  n/a
 test-amd64-amd64-rumpuserxen-amd64  1 build-check(1)               blocked n/a
 test-amd64-amd64-xl-pvh-amd  11 guest-start                  fail   never pass
 test-amd64-amd64-xl-pvh-intel 11 guest-start                  fail  never pass
 test-amd64-i386-libvirt-xsm  12 migrate-support-check        fail   never pass
 test-amd64-amd64-libvirt     12 migrate-support-check        fail   never pass
 test-amd64-amd64-libvirt-xsm 12 migrate-support-check        fail   never pass
 test-amd64-i386-libvirt      12 migrate-support-check        fail   never pass
 test-amd64-amd64-libvirt-qemuu-debianhvm-amd64-xsm 10 migrate-support-check 
fail never pass
 test-amd64-i386-libvirt-qemuu-debianhvm-amd64-xsm 10 migrate-support-check 
fail never pass
 test-amd64-amd64-libvirt-vhd 11 migrate-support-check        fail   never pass
 test-amd64-i386-xl-qemut-win7-amd64 16 guest-stop              fail never pass
 test-amd64-amd64-qemuu-nested-amd 16 debian-hvm-install/l1/l2  fail never pass
 test-amd64-amd64-qemuu-nested-intel 16 debian-hvm-install/l1/l2 fail never pass

version targeted for testing:
 linux                55d37e17318fd5cf40b62fd02ce6ff75e422d862
baseline version:
 linux                dfbed80c63bb8d965067da3a6dbcc4682edcce0c

Last test of basis    44255  2016-03-17 09:53:02 Z   27 days
Testing same since    44329  2016-04-13 18:51:46 Z    0 days    1 attempts

------------------------------------------------------------
People who touched revisions under test:
  Aaro Koskinen <aaro.koski...@iki.fi>
  Al Viro <v...@zeniv.linux.org.uk>
  Alex Deucher <alexander.deuc...@amd.com>
  Alexandre Bounine <alexandre.boun...@idt.com>
  Andi Kleen <a...@linux.intel.com>
  Andrew Morton <a...@linux-foundation.org>
  Andy Lutomirski <l...@kernel.org>
  Anton Staaf <robot...@chromium.org>
  Artem Bityutskiy <artem.bityuts...@linux.intel.com>
  Aurelien Jacquiot <a-jacqu...@ti.com>
  Bjorn Helgaas <bhelg...@google.com>
  Bjørn Mork <bj...@mork.no>
  Borislav Petkov <b...@suse.de>
  Brian King <brk...@linux.vnet.ibm.com>
  Brian Norris <computersforpe...@gmail.com>
  Dan Carpenter <dan.carpen...@oracle.com>
  Dave Chinner <da...@fromorbit.com>
  Dave Jones <da...@codemonkey.org.uk>
  Dmitry Torokhov <dmitry.torok...@gmail.com>
  Dmitry Tunin <hanipouspi...@gmail.com>
  Douglas Gilbert <dgilb...@interlog.com>
  Eric Wheeler <bca...@linux.ewheeler.net>
  Eric Wheeler <g...@linux.ewheeler.net>
  Gabriel Krisman Bertazi <kris...@linux.vnet.ibm.com>
  Grazvydas Ignotas <nota...@gmail.com>
  Greg Kroah-Hartman <gre...@linuxfoundation.org>
  Guenter Roeck <li...@roeck-us.net>
  Hans de Goede <hdego...@redhat.com>
  Hans Verkuil <hans.verk...@cisco.com>
  Hans Verkuil <hverk...@xs4all.nl>
  Herbert Xu <herb...@gondor.apana.org.au>
  Himanshu Madhani <himanshu.madh...@qlogic.com>
  Ingo Molnar <mi...@kernel.org>
  Insu Yun <wuni...@gmail.com>
  Jann Horn <j...@thejh.net>
  Jes Sorensen <jes.soren...@redhat.com>
  Jiri Kosina <jkos...@suse.cz>
  Jiri Olsa <jo...@kernel.org>
  Jiri Olsa <jo...@redhat.com>
  Johan Hovold <jo...@kernel.org>
  Joseph Qi <joseph...@huawei.com>
  Josh Boyer <jwbo...@fedoraproject.org>
  Julia Lawall <julia.law...@lip6.fr>
  Kees Cook <keesc...@chromium.org>
  Linus Torvalds <torva...@linux-foundation.org>
  Marcel Holtmann <mar...@holtmann.org>
  Mario Kleiner <mario.kleiner...@gmail.com>
  Martin K. Petersen <martin.peter...@oracle.com>
  Martyn Welch <martyn.we...@collabora.co.uk>
  Mateusz Guzik <mgu...@redhat.com>
  Maurizio Lombardi <mlomb...@redhat.com>
  Mauro Carvalho Chehab <mche...@osg.samsung.com>
  Max Filippov <jcmvb...@gmail.com>
  Michael S. Tsirkin <m...@redhat.com>
  Michal Marek <mma...@suse.com>
  Ming Lei <ming....@canonical.com>
  Nicholas Bellinger <n...@linux-iscsi.org>
  Nishanth Menon <n...@ti.com>
  OGAWA Hirofumi <hirof...@mail.parknet.co.jp>
  Oliver Neukum <oneu...@suse.com>
  Paolo Bonzini <pbonz...@redhat.com>
  Peter Hurley <pe...@hurleysoftware.com>
  Peter Zijlstra (Intel) <pet...@infradead.org>
  Rabin Vincent <ra...@rab.in>
  Radim Krčmář <rkrc...@redhat.com>
  Raghava Aditya Renukunta <raghavaaditya.renuku...@pmcs.com>
  Rik van Riel <r...@redhat.com>
  Sebastian Frias <s...@laposte.net>
  Shaohua Li <s...@fb.com>
  Steven Rostedt (Red Hat) <rost...@goodmis.org>
  Steven Rostedt <rost...@goodmis.org>
  Takashi Iwai <ti...@suse.de>
  Theodore Ts'o <ty...@mit.edu>
  Thomas Gleixner <t...@linutronix.de>
  Tiffany Lin <tiffany....@mediatek.com>
  Tom Lendacky <thomas.lenda...@amd.com>
  Vittorio Gambaletta (VittGam) <linuxb...@vittgam.net>
  Vittorio Gambaletta <linuxb...@vittgam.net>
  Vladis Dronov <vdro...@redhat.com>
  Wim Van Sebroeck <w...@iguana.be>

jobs:
 build-amd64-xsm                                              pass    
 build-i386-xsm                                               pass    
 build-amd64                                                  pass    
 build-i386                                                   pass    
 build-amd64-libvirt                                          pass    
 build-i386-libvirt                                           pass    
 build-amd64-pvops                                            pass    
 build-i386-pvops                                             pass    
 build-amd64-rumpuserxen                                      fail    
 build-i386-rumpuserxen                                       fail    
 test-amd64-amd64-xl                                          pass    
 test-amd64-i386-xl                                           pass    
 test-amd64-amd64-xl-qemut-debianhvm-amd64-xsm                pass    
 test-amd64-i386-xl-qemut-debianhvm-amd64-xsm                 pass    
 test-amd64-amd64-libvirt-qemuu-debianhvm-amd64-xsm           pass    
 test-amd64-i386-libvirt-qemuu-debianhvm-amd64-xsm            pass    
 test-amd64-amd64-xl-qemuu-debianhvm-amd64-xsm                pass    
 test-amd64-i386-xl-qemuu-debianhvm-amd64-xsm                 pass    
 test-amd64-amd64-xl-qemut-stubdom-debianhvm-amd64-xsm        pass    
 test-amd64-i386-xl-qemut-stubdom-debianhvm-amd64-xsm         pass    
 test-amd64-amd64-libvirt-xsm                                 pass    
 test-amd64-i386-libvirt-xsm                                  pass    
 test-amd64-amd64-xl-xsm                                      pass    
 test-amd64-i386-xl-xsm                                       pass    
 test-amd64-amd64-qemuu-nested-amd                            fail    
 test-amd64-amd64-xl-pvh-amd                                  fail    
 test-amd64-i386-qemut-rhel6hvm-amd                           pass    
 test-amd64-i386-qemuu-rhel6hvm-amd                           pass    
 test-amd64-amd64-xl-qemut-debianhvm-amd64                    pass    
 test-amd64-i386-xl-qemut-debianhvm-amd64                     pass    
 test-amd64-amd64-xl-qemuu-debianhvm-amd64                    pass    
 test-amd64-i386-xl-qemuu-debianhvm-amd64                     pass    
 test-amd64-i386-freebsd10-amd64                              pass    
 test-amd64-amd64-xl-qemuu-ovmf-amd64                         pass    
 test-amd64-i386-xl-qemuu-ovmf-amd64                          pass    
 test-amd64-amd64-rumpuserxen-amd64                           blocked 
 test-amd64-amd64-xl-qemut-win7-amd64                         fail    
 test-amd64-i386-xl-qemut-win7-amd64                          fail    
 test-amd64-amd64-xl-qemuu-win7-amd64                         fail    
 test-amd64-i386-xl-qemuu-win7-amd64                          fail    
 test-amd64-amd64-xl-credit2                                  fail    
 test-amd64-i386-freebsd10-i386                               pass    
 test-amd64-i386-rumpuserxen-i386                             blocked 
 test-amd64-amd64-qemuu-nested-intel                          fail    
 test-amd64-amd64-xl-pvh-intel                                fail    
 test-amd64-i386-qemut-rhel6hvm-intel                         pass    
 test-amd64-i386-qemuu-rhel6hvm-intel                         pass    
 test-amd64-amd64-libvirt                                     pass    
 test-amd64-i386-libvirt                                      pass    
 test-amd64-amd64-xl-multivcpu                                pass    
 test-amd64-amd64-pair                                        pass    
 test-amd64-i386-pair                                         pass    
 test-amd64-amd64-libvirt-pair                                pass    
 test-amd64-i386-libvirt-pair                                 pass    
 test-amd64-amd64-amd64-pvgrub                                pass    
 test-amd64-amd64-i386-pvgrub                                 pass    
 test-amd64-amd64-pygrub                                      pass    
 test-amd64-amd64-xl-qcow2                                    pass    
 test-amd64-i386-xl-raw                                       pass    
 test-amd64-amd64-xl-rtds                                     pass    
 test-amd64-i386-xl-qemut-winxpsp3-vcpus1                     pass    
 test-amd64-i386-xl-qemuu-winxpsp3-vcpus1                     pass    
 test-amd64-amd64-libvirt-vhd                                 pass    
 test-amd64-amd64-xl-qemut-winxpsp3                           pass    
 test-amd64-i386-xl-qemut-winxpsp3                            pass    
 test-amd64-amd64-xl-qemuu-winxpsp3                           pass    
 test-amd64-i386-xl-qemuu-winxpsp3                            pass    


------------------------------------------------------------
sg-report-flight on osstest.xs.citrite.net
logs: /home/osstest/logs
images: /home/osstest/images

Logs, config files, etc. are available at
    http://osstest.xs.citrite.net/~osstest/testlogs/logs

Test harness code can be found at
    http://xenbits.xensource.com/gitweb?p=osstest.git;a=summary


Push not applicable.

(No revision log; it would be 1818 lines long.)

_______________________________________________
Xen-devel mailing list
Xen-devel@lists.xen.org
http://lists.xen.org/xen-devel

Reply via email to