This run is configured for baseline tests only.

flight 44259 linux-3.18 real [real]
http://osstest.xs.citrite.net/~osstest/testlogs/logs/44259/

Regressions :-(

Tests which did not succeed and are blocking,
including tests which could not be run:
 test-armhf-armhf-xl-xsm      15 guest-start/debian.repeat fail REGR. vs. 44227

Regressions which are regarded as allowable (not blocking):
 build-i386-rumpuserxen        6 xen-build                    fail   like 44227
 build-amd64-rumpuserxen       6 xen-build                    fail   like 44227
 test-amd64-amd64-xl-credit2  19 guest-start/debian.repeat    fail   like 44227

Tests which did not succeed, but are not blocking:
 test-amd64-i386-rumpuserxen-i386  1 build-check(1)               blocked  n/a
 test-amd64-amd64-rumpuserxen-amd64  1 build-check(1)               blocked n/a
 test-amd64-amd64-xl-pvh-intel 14 guest-saverestore            fail  never pass
 test-armhf-armhf-libvirt     14 guest-saverestore            fail   never pass
 test-armhf-armhf-libvirt     12 migrate-support-check        fail   never pass
 test-armhf-armhf-libvirt-xsm 12 migrate-support-check        fail   never pass
 test-armhf-armhf-libvirt-xsm 14 guest-saverestore            fail   never pass
 test-amd64-amd64-xl-pvh-amd  11 guest-start                  fail   never pass
 test-armhf-armhf-libvirt-qcow2 11 migrate-support-check        fail never pass
 test-armhf-armhf-libvirt-qcow2 13 guest-saverestore            fail never pass
 test-armhf-armhf-xl-credit2  13 saverestore-support-check    fail   never pass
 test-armhf-armhf-xl-credit2  12 migrate-support-check        fail   never pass
 test-armhf-armhf-xl          12 migrate-support-check        fail   never pass
 test-armhf-armhf-xl          13 saverestore-support-check    fail   never pass
 test-armhf-armhf-xl-xsm      13 saverestore-support-check    fail   never pass
 test-armhf-armhf-xl-xsm      12 migrate-support-check        fail   never pass
 test-armhf-armhf-xl-multivcpu 13 saverestore-support-check    fail  never pass
 test-armhf-armhf-xl-multivcpu 12 migrate-support-check        fail  never pass
 test-armhf-armhf-xl-midway   13 saverestore-support-check    fail   never pass
 test-armhf-armhf-xl-midway   12 migrate-support-check        fail   never pass
 test-armhf-armhf-libvirt-raw 13 guest-saverestore            fail   never pass
 test-armhf-armhf-libvirt-raw 11 migrate-support-check        fail   never pass
 test-armhf-armhf-xl-rtds     13 saverestore-support-check    fail   never pass
 test-armhf-armhf-xl-rtds     12 migrate-support-check        fail   never pass
 test-amd64-i386-libvirt-xsm  12 migrate-support-check        fail   never pass
 test-amd64-amd64-libvirt     12 migrate-support-check        fail   never pass
 test-amd64-i386-libvirt      12 migrate-support-check        fail   never pass
 test-amd64-amd64-libvirt-xsm 12 migrate-support-check        fail   never pass
 test-armhf-armhf-xl-vhd      11 migrate-support-check        fail   never pass
 test-armhf-armhf-xl-vhd      12 saverestore-support-check    fail   never pass
 test-amd64-amd64-qemuu-nested-amd 16 debian-hvm-install/l1/l2  fail never pass
 test-amd64-amd64-xl-qemut-win7-amd64 16 guest-stop             fail never pass
 test-amd64-i386-libvirt-qemuu-debianhvm-amd64-xsm 10 migrate-support-check 
fail never pass
 test-amd64-amd64-libvirt-qemuu-debianhvm-amd64-xsm 10 migrate-support-check 
fail never pass
 test-amd64-i386-xl-qemuu-win7-amd64 16 guest-stop              fail never pass
 test-amd64-amd64-xl-qemuu-win7-amd64 16 guest-stop             fail never pass
 test-amd64-amd64-libvirt-vhd 11 migrate-support-check        fail   never pass
 test-amd64-i386-xl-qemut-win7-amd64 16 guest-stop              fail never pass

version targeted for testing:
 linux                d439e869d612dd7a338ac75a4afc3646a5e67370
baseline version:
 linux                0f67c5beb42a8328e9e661dcfcc4d328b6138264

Last test of basis    44227  2016-03-06 18:52:12 Z   12 days
Testing same since    44259  2016-03-18 19:26:08 Z    0 days    1 attempts

------------------------------------------------------------
People who touched revisions under test:
  Akshay Bhat <akshay.b...@timesys.com>
  Al Viro <v...@zeniv.linux.org.uk>
  Alex Deucher <alexander.deuc...@amd.com>
  Alex Williamson <alex.william...@redhat.com>
  Alexandra Yates <alexandra.ya...@linux.intel.com>
  Andrea Arcangeli <aarca...@redhat.com>
  Andrew Morton <a...@linux-foundation.org>
  Andrey Skvortsov <andrej.skvort...@gmail.com>
  Andy Lutomirski <l...@kernel.org>
  Arik Nemtsov <a...@wizery.com>
  Arik Nemtsov <arikx.nemt...@intel.com>
  Arnaldo Carvalho de Melo <a...@redhat.com>
  Arnd Bergmann <a...@arndb.de>
  Barry Grussling <ba...@grussling.com>
  Benjamin Coddington <bcodd...@redhat.com>
  Bjørn Mork <bj...@mork.no>
  Catalin Marinas <catalin.mari...@arm.com>
  Christian Borntraeger <borntrae...@de.ibm.com>
  Christian König <christian.koe...@amd.com>
  Christoffer Dall <christoffer.d...@linaro.org>
  Christoph Hellwig <h...@lst.de>
  Daniele Palmas <dnl...@gmail.com>
  Dave Airlie <airl...@redhat.com>
  David Henningsson <david.hennings...@canonical.com>
  David S. Miller <da...@davemloft.net>
  David Vrabel <david.vra...@citrix.com>
  David Woodhouse <david.woodho...@intel.com>
  Dennis Kadioglu <d...@post.com>
  Douglas Gilbert <dgilb...@interlog.com>
  Emmanuel Grumbach <emmanuel.grumb...@intel.com>
  Felipe Balbi <ba...@kernel.org>
  Gerhard Uttenthaler <uttentha...@ems-wuensche.com>
  Greg Kroah-Hartman <gre...@linuxfoundation.org>
  Guenter Roeck <li...@roeck-us.net>
  Hannes Frederic Sowa <han...@stressinduktion.org>
  Hans Verkuil <hans.verk...@cisco.com>
  Hans Verkuil <hansv...@cisco.com>
  Harvey Hunt <harvey.h...@imgtec.com>
  Hui Wang <hui.w...@canonical.com>
  Ilya Dryomov <idryo...@gmail.com>
  Ingo Molnar <mi...@kernel.org>
  Ioan-Adrian Ratiu <a...@adirat.com>
  J. Bruce Fields <bfie...@redhat.com>
  Jan Beulich <jbeul...@suse.com>
  Jan Engelhardt <jeng...@inai.de>
  Jan Engelhardt <jeng...@netitwork.de>
  Jason Gerecke <jason.gere...@wacom.com>
  Jay Cornwall <j...@jcornwall.me>
  Jens Axboe <ax...@fb.com>
  Jiri Kosina <jkos...@suse.cz>
  Joerg Roedel <jroe...@suse.de>
  Johan Hovold <jo...@kernel.org>
  John Youn <john.y...@synopsys.com>
  John Youn <johny...@synopsys.com>
  Jordan Lazare <jordan.laz...@amd.com>
  Juergen Gross <jgr...@suse.com>
  Justin Maggard <jmaggar...@gmail.com>
  Justin Maggard <jmagg...@netgear.com>
  Kai-Heng Feng <kai.heng.f...@canonical.com>
  Kai-Heng Feng <kaihengf...@gmail.com>
  Kailang <kail...@realtek.com>
  Kailang Yang <kail...@realtek.com>
  Kamal Mostafa <ka...@canonical.com>
  Ken Lin <ken....@advantech.com.tw>
  Keng-Yu Lin <keng-yu....@canonical.com>
  Konrad Rzeszutek Wilk <konrad.w...@oracle.com>
  Linus Torvalds <torva...@linux-foundation.org>
  Lorenzo Pieralisi <lorenzo.pieral...@arm.com>
  Luca Coelho <luciano.coe...@intel.com>
  Maciej W. Rozycki <ma...@imgtec.com>
  Marc Kleine-Budde <m...@pengutronix.de>
  Marc Zyngier <marc.zyng...@arm.com>
  Marcelo Tosatti <mtosa...@redhat.com>
  Mark Rutland <mark.rutl...@arm.com>
  Martin Schwidefsky <schwidef...@de.ibm.com>
  Mauro Carvalho Chehab <mche...@osg.samsung.com>
  Michael S. Tsirkin <m...@redhat.com>
  Mike Krinkin <krinkin....@gmail.com>
  Mikulas Patocka <miku...@artax.karlin.mff.cuni.cz>
  Mikulas Patocka <miku...@twibright.com>
  Ming Lei <ming....@canonical.com>
  Nicholas Bellinger <n...@daterainc.com>
  Nicholas Bellinger <n...@linux-iscsi.org>
  Oliver Freyermuth <o.freyerm...@googlemail.com>
  Paolo Bonzini <pbonz...@redhat.com>
  Patrik Halfar <patrik_hal...@halfarit.cz>
  Pavel Machek <pa...@ucw.cz>
  Pavel Shilovsky <pshilov...@samba.org>
  Peter Chen <peter.c...@nxp.com>
  Peter Rosin <p...@axentia.se>
  Rafael J. Wysocki <rafael.j.wyso...@intel.com>
  Ralf Baechle <r...@linux-mips.org>
  Richard Weinberger <rich...@nod.at>
  Sasha Levin <sasha.le...@oracle.com>
  Shirish Pargaonkar <shirishpargaon...@gmail.com>
  Simon South <si...@simonsouth.com>
  Soohoon Lee <soohoon....@f5.com>
  Stefan Hajnoczi <stefa...@redhat.com>
  Steve French <smfre...@gmail.com>
  Steven Rostedt (Red Hat) <rost...@goodmis.org>
  Steven Rostedt <rost...@goodmis.org>
  Suravee Suthikulpanit <suravee.suthikulpa...@amd.com>
  Takashi Iwai <ti...@suse.de>
  Tejun Heo <t...@kernel.org>
  Thomas Betker <thomas.bet...@rohde-schwarz.com>
  TienFu Chen <tienfu.c...@canonical.com>
  Timothy Pearson <tpear...@raptorengineeringinc.com>
  Todd Brandt <todd.e.bra...@linux.intel.com>
  Todd E Brandt <todd.e.bra...@linux.intel.com>
  Trond Myklebust <trond.mykleb...@primarydata.com>
  Varada Kari <varada.k...@sandisk.com>
  Vittorio Alfieri <vittori...@gmail.com>
  Yadan Fan <yd...@novell.com>
  Yadan Fan <yd...@suse.com>
  Yegor Yefremov <yegorsli...@googlemail.com>

jobs:
 build-amd64-xsm                                              pass    
 build-armhf-xsm                                              pass    
 build-i386-xsm                                               pass    
 build-amd64                                                  pass    
 build-armhf                                                  pass    
 build-i386                                                   pass    
 build-amd64-libvirt                                          pass    
 build-armhf-libvirt                                          pass    
 build-i386-libvirt                                           pass    
 build-amd64-pvops                                            pass    
 build-armhf-pvops                                            pass    
 build-i386-pvops                                             pass    
 build-amd64-rumpuserxen                                      fail    
 build-i386-rumpuserxen                                       fail    
 test-amd64-amd64-xl                                          pass    
 test-armhf-armhf-xl                                          pass    
 test-amd64-i386-xl                                           pass    
 test-amd64-amd64-xl-qemut-debianhvm-amd64-xsm                pass    
 test-amd64-i386-xl-qemut-debianhvm-amd64-xsm                 pass    
 test-amd64-amd64-libvirt-qemuu-debianhvm-amd64-xsm           pass    
 test-amd64-i386-libvirt-qemuu-debianhvm-amd64-xsm            pass    
 test-amd64-amd64-xl-qemuu-debianhvm-amd64-xsm                pass    
 test-amd64-i386-xl-qemuu-debianhvm-amd64-xsm                 pass    
 test-amd64-amd64-xl-qemut-stubdom-debianhvm-amd64-xsm        pass    
 test-amd64-i386-xl-qemut-stubdom-debianhvm-amd64-xsm         pass    
 test-amd64-amd64-libvirt-xsm                                 pass    
 test-armhf-armhf-libvirt-xsm                                 fail    
 test-amd64-i386-libvirt-xsm                                  pass    
 test-amd64-amd64-xl-xsm                                      pass    
 test-armhf-armhf-xl-xsm                                      fail    
 test-amd64-i386-xl-xsm                                       pass    
 test-amd64-amd64-qemuu-nested-amd                            fail    
 test-amd64-amd64-xl-pvh-amd                                  fail    
 test-amd64-i386-qemut-rhel6hvm-amd                           pass    
 test-amd64-i386-qemuu-rhel6hvm-amd                           pass    
 test-amd64-amd64-xl-qemut-debianhvm-amd64                    pass    
 test-amd64-i386-xl-qemut-debianhvm-amd64                     pass    
 test-amd64-amd64-xl-qemuu-debianhvm-amd64                    pass    
 test-amd64-i386-xl-qemuu-debianhvm-amd64                     pass    
 test-amd64-i386-freebsd10-amd64                              pass    
 test-amd64-amd64-xl-qemuu-ovmf-amd64                         pass    
 test-amd64-i386-xl-qemuu-ovmf-amd64                          pass    
 test-amd64-amd64-rumpuserxen-amd64                           blocked 
 test-amd64-amd64-xl-qemut-win7-amd64                         fail    
 test-amd64-i386-xl-qemut-win7-amd64                          fail    
 test-amd64-amd64-xl-qemuu-win7-amd64                         fail    
 test-amd64-i386-xl-qemuu-win7-amd64                          fail    
 test-amd64-amd64-xl-credit2                                  fail    
 test-armhf-armhf-xl-credit2                                  pass    
 test-amd64-i386-freebsd10-i386                               pass    
 test-amd64-i386-rumpuserxen-i386                             blocked 
 test-amd64-amd64-qemuu-nested-intel                          pass    
 test-amd64-amd64-xl-pvh-intel                                fail    
 test-amd64-i386-qemut-rhel6hvm-intel                         pass    
 test-amd64-i386-qemuu-rhel6hvm-intel                         pass    
 test-amd64-amd64-libvirt                                     pass    
 test-armhf-armhf-libvirt                                     fail    
 test-amd64-i386-libvirt                                      pass    
 test-armhf-armhf-xl-midway                                   pass    
 test-amd64-amd64-xl-multivcpu                                pass    
 test-armhf-armhf-xl-multivcpu                                pass    
 test-amd64-amd64-pair                                        pass    
 test-amd64-i386-pair                                         pass    
 test-amd64-amd64-libvirt-pair                                pass    
 test-amd64-i386-libvirt-pair                                 pass    
 test-amd64-amd64-amd64-pvgrub                                pass    
 test-amd64-amd64-i386-pvgrub                                 pass    
 test-amd64-amd64-pygrub                                      pass    
 test-armhf-armhf-libvirt-qcow2                               fail    
 test-amd64-amd64-xl-qcow2                                    pass    
 test-armhf-armhf-libvirt-raw                                 fail    
 test-amd64-i386-xl-raw                                       pass    
 test-amd64-amd64-xl-rtds                                     pass    
 test-armhf-armhf-xl-rtds                                     pass    
 test-amd64-i386-xl-qemut-winxpsp3-vcpus1                     pass    
 test-amd64-i386-xl-qemuu-winxpsp3-vcpus1                     pass    
 test-amd64-amd64-libvirt-vhd                                 pass    
 test-armhf-armhf-xl-vhd                                      pass    
 test-amd64-amd64-xl-qemut-winxpsp3                           pass    
 test-amd64-i386-xl-qemut-winxpsp3                            pass    
 test-amd64-amd64-xl-qemuu-winxpsp3                           pass    
 test-amd64-i386-xl-qemuu-winxpsp3                            pass    


------------------------------------------------------------
sg-report-flight on osstest.xs.citrite.net
logs: /home/osstest/logs
images: /home/osstest/images

Logs, config files, etc. are available at
    http://osstest.xs.citrite.net/~osstest/testlogs/logs

Test harness code can be found at
    http://xenbits.xensource.com/gitweb?p=osstest.git;a=summary


Push not applicable.

(No revision log; it would be 2620 lines long.)

_______________________________________________
Xen-devel mailing list
Xen-devel@lists.xen.org
http://lists.xen.org/xen-devel

Reply via email to