This run is configured for baseline tests only.

flight 44220 linux-3.10 real [real]
http://osstest.xs.citrite.net/~osstest/testlogs/logs/44220/

Failures :-/ but no regressions.

Regressions which are regarded as allowable (not blocking):
 build-i386-rumpuserxen        6 xen-build                    fail   like 44194
 test-amd64-amd64-xl-credit2  19 guest-start/debian.repeat    fail   like 44194
 build-amd64-rumpuserxen       6 xen-build                    fail   like 44194
 test-amd64-amd64-amd64-pvgrub 10 guest-start                  fail  like 44194
 test-amd64-i386-xl-qemut-win7-amd64 16 guest-stop              fail like 44194
 test-amd64-amd64-xl-qemuu-win7-amd64 16 guest-stop             fail like 44194
 test-amd64-amd64-xl-qemut-winxpsp3  9 windows-install          fail like 44194

Tests which did not succeed, but are not blocking:
 test-amd64-amd64-rumpuserxen-amd64  1 build-check(1)               blocked n/a
 test-amd64-i386-rumpuserxen-i386  1 build-check(1)               blocked  n/a
 test-amd64-amd64-xl-pvh-intel 11 guest-start                  fail  never pass
 test-amd64-amd64-xl-pvh-amd  11 guest-start                  fail   never pass
 test-amd64-amd64-libvirt-xsm 12 migrate-support-check        fail   never pass
 test-amd64-i386-libvirt      12 migrate-support-check        fail   never pass
 test-amd64-amd64-libvirt     12 migrate-support-check        fail   never pass
 test-amd64-i386-libvirt-xsm  12 migrate-support-check        fail   never pass
 test-amd64-i386-libvirt-qemuu-debianhvm-amd64-xsm 10 migrate-support-check 
fail never pass
 test-amd64-amd64-qemuu-nested-amd 16 debian-hvm-install/l1/l2  fail never pass
 test-amd64-amd64-libvirt-qemuu-debianhvm-amd64-xsm 10 migrate-support-check 
fail never pass
 test-amd64-amd64-xl-qemut-win7-amd64 16 guest-stop             fail never pass
 test-amd64-i386-xl-qemuu-win7-amd64 16 guest-stop              fail never pass
 test-amd64-amd64-libvirt-vhd 11 migrate-support-check        fail   never pass

version targeted for testing:
 linux                e39c17904aadf3a107b2bc292c03bfd9f850fd08
baseline version:
 linux                90915bdf5d75f981251d78f45dce37d39e679ac1

Last test of basis    44194  2016-02-27 16:55:20 Z    6 days
Testing same since    44220  2016-03-05 05:53:23 Z    0 days    1 attempts

------------------------------------------------------------
People who touched revisions under test:
  Akshay Bhat <akshay.b...@timesys.com>
  Al Viro <v...@zeniv.linux.org.uk>
  Alex Deucher <alexander.deuc...@amd.com>
  Alexey Charkov <alch...@gmail.com>
  Anand Jain <anand.j...@oracle.com>
  Andrey Ryabinin <aryabi...@virtuozzo.com>
  Andrey Skvortsov <andrej.skvort...@gmail.com>
  Andrey Vagin <ava...@openvz.org>
  Antonio Ospite <a...@ao2.it>
  Ard Biesheuvel <ard.biesheu...@linaro.org>
  Arnaldo Carvalho de Melo <a...@redhat.com>
  Bjorn Helgaas <bhelg...@google.com>
  Bjørn Mork <bj...@mork.no>
  Bruce Ford <bf...@micron.com>
  Christian Borntraeger <borntrae...@de.ibm.com>
  Christoph Hellwig <h...@lst.de>
  Christophe Leroy <christophe.le...@c-s.fr>
  Corey Wright <undefi...@pobox.com>
  Dan Carpenter <dan.carpen...@oracle.com>
  Daniel Lezcano <daniel.lezc...@linaro.org>
  Dave Airlie <airl...@redhat.com>
  David S. Miller <da...@davemloft.net>
  David Sterba <dste...@suse.com>
  David Vrabel <david.vra...@citrix.com>
  Dmitry V. Levin <l...@altlinux.org>
  Doug Ledford <dledf...@redhat.com>
  Egbert Eich <e...@suse.de>
  Eric Dumazet <eduma...@google.com>
  Eric Wheeler <bca...@linux.ewheeler.net>
  Filipe Manana <fdman...@suse.com>
  Gerhard Uttenthaler <uttentha...@ems-wuensche.com>
  Greg Kroah-Hartman <gre...@linuxfoundation.org>
  Hannes Frederic Sowa <han...@stressinduktion.org>
  Hans Verkuil <hans.verk...@cisco.com>
  Hariprasad S <haripra...@chelsio.com>
  Hariprasad Shenai <haripra...@chelsio.com>
  Heiko Carstens <heiko.carst...@de.ibm.com>
  Ilya Dryomov <idryo...@gmail.com>
  Ingo Molnar <mi...@kernel.org>
  J. Bruce Fields <bfie...@redhat.com>
  James Bottomley <james.bottom...@hansenpartnership.com>
  James Hogan <james.ho...@imgtec.com>
  Jan Kara <j...@suse.cz>
  Jann Horn <j...@thejh.net>
  Jens Axboe <ax...@fb.com>
  Joe Thornber <e...@redhat.com>
  Johan Hovold <jo...@kernel.org>
  Johannes Berg <johannes.b...@intel.com>
  Josef Bacik <jba...@fb.com>
  Joshua Schmid <jsch...@suse.com>
  Kamal Mostafa <ka...@canonical.com>
  Kashyap Desai <kashyap.de...@avagotech.com>
  Kees Cook <keesc...@chromium.org>
  Ken Lin <ken....@advantech.com.tw>
  Kirill A. Shutemov <kir...@shutemov.name>
  Konrad Rzeszutek Wilk <konrad.w...@oracle.com>
  Linus Torvalds <torva...@linux-foundation.org>
  Linus Walleij <linus.wall...@linaro.org>
  Luca Porzio <lpor...@micron.com>
  Luis Henriques <luis.henriq...@canonical.com>
  Malcolm Priestley <tvbox...@gmail.com>
  Marc Kleine-Budde <m...@pengutronix.de>
  Martin K. Petersen <martin.peter...@oracle.com>
  Martin Schwidefsky <schwidef...@de.ibm.com>
  Matt Fleming <matt.flem...@intel.com>
  Mauro Carvalho Chehab <mche...@osg.samsung.com>
  Michael S. Tsirkin <m...@redhat.com>
  Mike Marciniszyn <mike.marcinis...@intel.com>
  Mike Snitzer <snit...@redhat.com>
  Mikulas Patocka <mpato...@redhat.com>
  Mirza Krak <mirza.k...@hostmobility.com>
  Nicolai Hähnle <nicolai.haeh...@amd.com>
  Nikolay Borisov <ker...@kyup.com>
  Olga Kornievskaia <a...@umich.edu>
  Oliver Neukum <oneu...@suse.com>
  Pablo Neira Ayuso <pa...@netfilter.org>
  Paolo Bonzini <pbonz...@redhat.com>
  Pavel Machek <pa...@ucw.cz>
  Pavel Tikhomirov <ptikhomi...@virtuozzo.com>
  Peter Zijlstra (Intel) <pet...@infradead.org>
  Quentin Casasnovas <quentin.casasno...@oracle.com>
  Rasmus Villemoes <li...@rasmusvillemoes.dk>
  Richard Cochran <richardcoch...@gmail.com>
  Richard Weinberger <rich...@nod.at>
  Rob Clark <robdcl...@gmail.com>
  Roman Volkov <rvol...@v1ros.org>
  Russell King <rmk+ker...@arm.linux.org.uk>
  Santosh Shilimkar <santosh.shilim...@oracle.com>
  Sasha Levin <sasha.le...@oracle.com>
  Sebastian Andrzej Siewior <bige...@linutronix.de>
  Sebastian Reichel <s...@kernel.org>
  Simon Guinot <simon.gui...@sequanux.org>
  Stefan Haberland <stefan.haberl...@de.ibm.com>
  Stefan Hajnoczi <stefa...@redhat.com>
  Steve Wise <sw...@opengridcomputing.com>
  Steven Rostedt (Red Hat) <rost...@goodmis.org>
  Steven Rostedt <rost...@goodmis.org>
  Suman Anna <s-a...@ti.com>
  Sumit Saxena <sumit.sax...@avagotech.com>
  sumit.sax...@avagotech.com <sumit.sax...@avagotech.com>
  Tejun Heo <t...@kernel.org>
  Thomas Gleixner <t...@linutronix.de>
  Trond Myklebust <trond.mykleb...@primarydata.com>
  Ulf Hansson <ulf.hans...@linaro.org>
  Valentin Rothberg <valentinrothb...@gmail.com>
  Varada Kari <varada.k...@sandisk.com>
  Vegard Nossum <vegard.nos...@oracle.com>
  Vincent Donnefort <vdonnef...@gmail.com>
  Vineet Gupta <vgu...@synopsys.com>
  Willy Tarreau <w...@1wt.eu>
  Zheng Liu <wenqing...@taobao.com>

jobs:
 build-amd64-xsm                                              pass    
 build-i386-xsm                                               pass    
 build-amd64                                                  pass    
 build-i386                                                   pass    
 build-amd64-libvirt                                          pass    
 build-i386-libvirt                                           pass    
 build-amd64-pvops                                            pass    
 build-i386-pvops                                             pass    
 build-amd64-rumpuserxen                                      fail    
 build-i386-rumpuserxen                                       fail    
 test-amd64-amd64-xl                                          pass    
 test-amd64-i386-xl                                           pass    
 test-amd64-amd64-xl-qemut-debianhvm-amd64-xsm                pass    
 test-amd64-i386-xl-qemut-debianhvm-amd64-xsm                 pass    
 test-amd64-amd64-libvirt-qemuu-debianhvm-amd64-xsm           pass    
 test-amd64-i386-libvirt-qemuu-debianhvm-amd64-xsm            pass    
 test-amd64-amd64-xl-qemuu-debianhvm-amd64-xsm                pass    
 test-amd64-i386-xl-qemuu-debianhvm-amd64-xsm                 pass    
 test-amd64-amd64-xl-qemut-stubdom-debianhvm-amd64-xsm        pass    
 test-amd64-i386-xl-qemut-stubdom-debianhvm-amd64-xsm         pass    
 test-amd64-amd64-libvirt-xsm                                 pass    
 test-amd64-i386-libvirt-xsm                                  pass    
 test-amd64-amd64-xl-xsm                                      pass    
 test-amd64-i386-xl-xsm                                       pass    
 test-amd64-amd64-qemuu-nested-amd                            fail    
 test-amd64-amd64-xl-pvh-amd                                  fail    
 test-amd64-i386-qemut-rhel6hvm-amd                           pass    
 test-amd64-i386-qemuu-rhel6hvm-amd                           pass    
 test-amd64-amd64-xl-qemut-debianhvm-amd64                    pass    
 test-amd64-i386-xl-qemut-debianhvm-amd64                     pass    
 test-amd64-amd64-xl-qemuu-debianhvm-amd64                    pass    
 test-amd64-i386-xl-qemuu-debianhvm-amd64                     pass    
 test-amd64-i386-freebsd10-amd64                              pass    
 test-amd64-amd64-xl-qemuu-ovmf-amd64                         pass    
 test-amd64-i386-xl-qemuu-ovmf-amd64                          pass    
 test-amd64-amd64-rumpuserxen-amd64                           blocked 
 test-amd64-amd64-xl-qemut-win7-amd64                         fail    
 test-amd64-i386-xl-qemut-win7-amd64                          fail    
 test-amd64-amd64-xl-qemuu-win7-amd64                         fail    
 test-amd64-i386-xl-qemuu-win7-amd64                          fail    
 test-amd64-amd64-xl-credit2                                  fail    
 test-amd64-i386-freebsd10-i386                               pass    
 test-amd64-i386-rumpuserxen-i386                             blocked 
 test-amd64-amd64-qemuu-nested-intel                          pass    
 test-amd64-amd64-xl-pvh-intel                                fail    
 test-amd64-i386-qemut-rhel6hvm-intel                         pass    
 test-amd64-i386-qemuu-rhel6hvm-intel                         pass    
 test-amd64-amd64-libvirt                                     pass    
 test-amd64-i386-libvirt                                      pass    
 test-amd64-amd64-xl-multivcpu                                pass    
 test-amd64-amd64-pair                                        pass    
 test-amd64-i386-pair                                         pass    
 test-amd64-amd64-libvirt-pair                                pass    
 test-amd64-i386-libvirt-pair                                 pass    
 test-amd64-amd64-amd64-pvgrub                                fail    
 test-amd64-amd64-i386-pvgrub                                 pass    
 test-amd64-amd64-pygrub                                      pass    
 test-amd64-amd64-xl-qcow2                                    pass    
 test-amd64-i386-xl-raw                                       pass    
 test-amd64-amd64-xl-rtds                                     pass    
 test-amd64-i386-xl-qemut-winxpsp3-vcpus1                     pass    
 test-amd64-i386-xl-qemuu-winxpsp3-vcpus1                     pass    
 test-amd64-amd64-libvirt-vhd                                 pass    
 test-amd64-amd64-xl-qemut-winxpsp3                           fail    
 test-amd64-i386-xl-qemut-winxpsp3                            pass    
 test-amd64-amd64-xl-qemuu-winxpsp3                           pass    
 test-amd64-i386-xl-qemuu-winxpsp3                            pass    


------------------------------------------------------------
sg-report-flight on osstest.xs.citrite.net
logs: /home/osstest/logs
images: /home/osstest/images

Logs, config files, etc. are available at
    http://osstest.xs.citrite.net/~osstest/testlogs/logs

Test harness code can be found at
    http://xenbits.xensource.com/gitweb?p=osstest.git;a=summary


Push not applicable.

(No revision log; it would be 2408 lines long.)

_______________________________________________
Xen-devel mailing list
Xen-devel@lists.xen.org
http://lists.xen.org/xen-devel

Reply via email to