flight 85253 linux-3.14 real [real]
http://logs.test-lab.xenproject.org/osstest/logs/85253/

Failures :-/ but no regressions.

Regressions which are regarded as allowable (not blocking):
 build-amd64-rumpuserxen       6 xen-build                    fail   like 84125
 build-i386-rumpuserxen        6 xen-build                    fail   like 84125
 test-amd64-amd64-xl-qemuu-win7-amd64 16 guest-stop             fail like 84125
 test-amd64-i386-xl-qemut-win7-amd64 16 guest-stop              fail like 84125
 test-amd64-i386-xl-qemuu-win7-amd64 16 guest-stop              fail like 84125

Tests which did not succeed, but are not blocking:
 test-amd64-i386-rumpuserxen-i386  1 build-check(1)               blocked  n/a
 test-amd64-amd64-rumpuserxen-amd64  1 build-check(1)               blocked n/a
 test-amd64-amd64-xl-pvh-amd  11 guest-start                  fail   never pass
 test-amd64-amd64-xl-pvh-intel 11 guest-start                  fail  never pass
 test-amd64-amd64-libvirt     12 migrate-support-check        fail   never pass
 test-amd64-amd64-libvirt-xsm 12 migrate-support-check        fail   never pass
 test-amd64-i386-libvirt      12 migrate-support-check        fail   never pass
 test-amd64-amd64-qemuu-nested-amd 16 debian-hvm-install/l1/l2  fail never pass
 test-amd64-i386-libvirt-xsm  12 migrate-support-check        fail   never pass
 test-amd64-amd64-libvirt-qemuu-debianhvm-amd64-xsm 10 migrate-support-check 
fail never pass
 test-amd64-amd64-libvirt-vhd 11 migrate-support-check        fail   never pass
 test-amd64-i386-libvirt-qemuu-debianhvm-amd64-xsm 10 migrate-support-check 
fail never pass

version targeted for testing:
 linux                e419281295bfb1e51133b702c0d5166268e62e89
baseline version:
 linux                0b2737d1affeecfcf2f5ceeadeecfcbecba21e35

Last test of basis    84125  2016-02-26 13:37:17 Z    7 days
Testing same since    85253  2016-03-03 23:20:17 Z    1 days    1 attempts

------------------------------------------------------------
People who touched revisions under test:
  Adrian Hunter <adrian.hun...@intel.com>
  Akshay Bhat <akshay.b...@timesys.com>
  Al Viro <v...@zeniv.linux.org.uk>
  Alex Deucher <alexander.deuc...@amd.com>
  Alexey Charkov <alch...@gmail.com>
  Anand Jain <anand.j...@oracle.com>
  Andrey Ryabinin <aryabi...@virtuozzo.com>
  Andrey Skvortsov <andrej.skvort...@gmail.com>
  Andy Shevchenko <andriy.shevche...@linux.intel.com>
  Antonio Ospite <a...@ao2.it>
  Ard Biesheuvel <ard.biesheu...@linaro.org>
  Ariel Elior <ariel.el...@qlogic.com>
  Arnaldo Carvalho de Melo <a...@redhat.com>
  Arnd Bergmann <a...@arndb.de>
  Benjamin Coddington <bcodd...@redhat.com>
  Bjorn Helgaas <bhelg...@google.com>
  Bjørn Mork <bj...@mork.no>
  Borislav Petkov <b...@suse.de>
  Bruce Ford <bf...@micron.com>
  Byungchul Park <byungchul.p...@lge.com>
  Christian Borntraeger <borntrae...@de.ibm.com>
  Christoph Hellwig <h...@lst.de>
  Christophe Leroy <christophe.le...@c-s.fr>
  Corey Wright <undefi...@pobox.com>
  Dan Carpenter <dan.carpen...@oracle.com>
  Dan Williams <dan.j.willi...@intel.com>
  Daniel Lezcano <daniel.lezc...@linaro.org>
  Dave Airlie <airl...@redhat.com>
  David S. Miller <da...@davemloft.net>
  David Sterba <dste...@suse.com>
  David Vrabel <david.vra...@citrix.com>
  Dmitry V. Levin <l...@altlinux.org>
  Doug Ledford <dledf...@redhat.com>
  Douglas Gilbert <dgilb...@interlog.com>
  Egbert Eich <e...@suse.de>
  Emmanuel Grumbach <emmanuel.grumb...@intel.com>
  Eric Wheeler <bca...@linux.ewheeler.net>
  Filipe Manana <fdman...@suse.com>
  Florian Westphal <f...@strlen.de>
  Gerd Hoffmann <kra...@redhat.com>
  Gerhard Uttenthaler <uttentha...@ems-wuensche.com>
  Greg Kroah-Hartman <gre...@linuxfoundation.org>
  Guenter Roeck <li...@roeck-us.net>
  Guillaume Delbergue <guillaume.delber...@greensocs.com>
  Hannes Frederic Sowa <han...@stressinduktion.org>
  Hans Verkuil <hans.verk...@cisco.com>
  Hariprasad S <haripra...@chelsio.com>
  Hariprasad Shenai <haripra...@chelsio.com>
  Heiko Carstens <heiko.carst...@de.ibm.com>
  Ilya Dryomov <idryo...@gmail.com>
  Ingo Molnar <mi...@kernel.org>
  Insu Yun <wuni...@gmail.com>
  J. Bruce Fields <bfie...@redhat.com>
  Jacob Pan <jacob.jun....@linux.intel.com>
  James Bottomley <james.bottom...@hansenpartnership.com>
  James Bottomley <jbottom...@odin.com>
  James Hogan <james.ho...@imgtec.com>
  Jan Engelhardt <jeng...@inai.de>
  Jan Engelhardt <jeng...@netitwork.de>
  Jan Kara <j...@suse.cz>
  Jani Nikula <jani.nik...@intel.com>
  Jann Horn <j...@thejh.net>
  Jens Axboe <ax...@fb.com>
  Joe Thornber <e...@redhat.com>
  Johan Hovold <jo...@kernel.org>
  Johannes Berg <johannes.b...@intel.com>
  Jordan Lazare <jordan.laz...@amd.com>
  Josef Bacik <jba...@fb.com>
  Joshua Schmid <jsch...@suse.com>
  K. Y. Srinivasan <k...@microsoft.com>
  Kamal Mostafa <ka...@canonical.com>
  Kashyap Desai <kashyap.de...@avagotech.com>
  Kees Cook <keesc...@chromium.org>
  Ken Lin <ken....@advantech.com.tw>
  Kent Overstreet <kent.overstr...@gmail.com>
  Kent Overstreet <k...@daterainc.com>
  Kirill A. Shutemov <kir...@shutemov.name>
  Konrad Rzeszutek Wilk <konrad.w...@oracle.com>
  Linus Torvalds <torva...@linux-foundation.org>
  Linus Walleij <linus.wall...@linaro.org>
  Luca Porzio <lpor...@micron.com>
  lucien <lucien....@gmail.com>
  Malcolm Priestley <tvbox...@gmail.com>
  Manish Chopra <manish.cho...@qlogic.com>
  Marc Kleine-Budde <m...@pengutronix.de>
  Marcelo Leitner <mleit...@redhat.com>
  Marcelo Ricardo Leitner <mleit...@redhat.com>
  Martin K. Petersen <martin.peter...@oracle.com>
  Martin Schwidefsky <schwidef...@de.ibm.com>
  Matt Fleming <matt.flem...@intel.com>
  Mauro Carvalho Chehab <mche...@osg.samsung.com>
  Michael S. Tsirkin <m...@redhat.com>
  Mike Marciniszyn <mike.marcinis...@intel.com>
  Mike Snitzer <snit...@redhat.com>
  Mikulas Patocka <mpato...@redhat.com>
  Mirek Kratochvil <exa....@gmail.com>
  Mirza Krak <mirza.k...@hostmobility.com>
  NeilBrown <ne...@suse.com>
  Nicholas Bellinger <n...@linux-iscsi.org>
  Nicolai Hähnle <nicolai.haeh...@amd.com>
  Nikolay Borisov <ker...@kyup.com>
  Olga Kornievskaia <a...@umich.edu>
  Oliver Neukum <oneu...@suse.com>
  Oren Givon <oren.gi...@intel.com>
  Pablo Neira Ayuso <pa...@netfilter.org>
  Paolo Bonzini <pbonz...@redhat.com>
  Patrick McHardy <ka...@trash.net>
  Patrick Schaaf <net...@bof.de>
  Pavel Machek <pa...@ucw.cz>
  Pavel Tikhomirov <ptikhomi...@virtuozzo.com>
  Peter Rosin <p...@axentia.se>
  Peter Zijlstra (Intel) <pet...@infradead.org>
  Peter Zijlstra <pet...@infradead.org>
  Phil Sutter <p...@nwl.cc>
  Prarit Bhargava <pra...@redhat.com>
  Quentin Casasnovas <quentin.casasno...@oracle.com>
  Rafael J. Wysocki <rafael.j.wyso...@intel.com>
  Rasmus Villemoes <li...@rasmusvillemoes.dk>
  Richard Cochran <richardcoch...@gmail.com>
  Richard Weinberger <rich...@nod.at>
  Rob Clark <robdcl...@gmail.com>
  Roman Volkov <rvol...@v1ros.org>
  Russell King <rmk+ker...@arm.linux.org.uk>
  Sabrina Dubroca <s...@queasysnail.net>
  Santosh Shilimkar <santosh.shilim...@oracle.com>
  Sasha Levin <sasha.le...@oracle.com>
  Sebastian Andrzej Siewior <bige...@linutronix.de>
  Sebastian Reichel <s...@kernel.org>
  Simon Guinot <simon.gui...@sequanux.org>
  Stefan Bader <stefan.ba...@canonical.com>
  Stefan Haberland <stefan.haberl...@de.ibm.com>
  Stefan Hajnoczi <stefa...@redhat.com>
  Steve Wise <sw...@opengridcomputing.com>
  Steven Rostedt (Red Hat) <rost...@goodmis.org>
  Steven Rostedt <rost...@goodmis.org>
  Suman Anna <s-a...@ti.com>
  Sumit Saxena <sumit.sax...@avagotech.com>
  sumit.sax...@avagotech.com <sumit.sax...@avagotech.com>
  Takashi Iwai <ti...@suse.de>
  Tejun Heo <t...@kernel.org>
  Thomas Gleixner <t...@linutronix.de>
  Trond Myklebust <trond.mykleb...@primarydata.com>
  Ulf Hansson <ulf.hans...@linaro.org>
  Valentin Rothberg <valentinrothb...@gmail.com>
  Varada Kari <varada.k...@sandisk.com>
  Vegard Nossum <vegard.nos...@oracle.com>
  Vincent Donnefort <vdonnef...@gmail.com>
  Vineet Gupta <vgu...@synopsys.com>
  Vinod Koul <vinod.k...@intel.com>
  Xin Long <lucien....@gmail.com>
  Xunlei Pang <xlp...@redhat.com>
  Yuval Mintz <yuval.mi...@qlogic.com>
  zengtao <prime.z...@huawei.com>
  Zheng Liu <gnehzuil....@gmail.com>
  Zheng Liu <wenqing...@taobao.com>

jobs:
 build-amd64-xsm                                              pass    
 build-i386-xsm                                               pass    
 build-amd64                                                  pass    
 build-i386                                                   pass    
 build-amd64-libvirt                                          pass    
 build-i386-libvirt                                           pass    
 build-amd64-pvops                                            pass    
 build-i386-pvops                                             pass    
 build-amd64-rumpuserxen                                      fail    
 build-i386-rumpuserxen                                       fail    
 test-amd64-amd64-xl                                          pass    
 test-amd64-i386-xl                                           pass    
 test-amd64-amd64-xl-qemut-debianhvm-amd64-xsm                pass    
 test-amd64-i386-xl-qemut-debianhvm-amd64-xsm                 pass    
 test-amd64-amd64-libvirt-qemuu-debianhvm-amd64-xsm           pass    
 test-amd64-i386-libvirt-qemuu-debianhvm-amd64-xsm            pass    
 test-amd64-amd64-xl-qemuu-debianhvm-amd64-xsm                pass    
 test-amd64-i386-xl-qemuu-debianhvm-amd64-xsm                 pass    
 test-amd64-amd64-xl-qemut-stubdom-debianhvm-amd64-xsm        pass    
 test-amd64-i386-xl-qemut-stubdom-debianhvm-amd64-xsm         pass    
 test-amd64-amd64-libvirt-xsm                                 pass    
 test-amd64-i386-libvirt-xsm                                  pass    
 test-amd64-amd64-xl-xsm                                      pass    
 test-amd64-i386-xl-xsm                                       pass    
 test-amd64-amd64-qemuu-nested-amd                            fail    
 test-amd64-amd64-xl-pvh-amd                                  fail    
 test-amd64-i386-qemut-rhel6hvm-amd                           pass    
 test-amd64-i386-qemuu-rhel6hvm-amd                           pass    
 test-amd64-amd64-xl-qemut-debianhvm-amd64                    pass    
 test-amd64-i386-xl-qemut-debianhvm-amd64                     pass    
 test-amd64-amd64-xl-qemuu-debianhvm-amd64                    pass    
 test-amd64-i386-xl-qemuu-debianhvm-amd64                     pass    
 test-amd64-i386-freebsd10-amd64                              pass    
 test-amd64-amd64-xl-qemuu-ovmf-amd64                         pass    
 test-amd64-i386-xl-qemuu-ovmf-amd64                          pass    
 test-amd64-amd64-rumpuserxen-amd64                           blocked 
 test-amd64-amd64-xl-qemut-win7-amd64                         pass    
 test-amd64-i386-xl-qemut-win7-amd64                          fail    
 test-amd64-amd64-xl-qemuu-win7-amd64                         fail    
 test-amd64-i386-xl-qemuu-win7-amd64                          fail    
 test-amd64-amd64-xl-credit2                                  pass    
 test-amd64-i386-freebsd10-i386                               pass    
 test-amd64-i386-rumpuserxen-i386                             blocked 
 test-amd64-amd64-qemuu-nested-intel                          pass    
 test-amd64-amd64-xl-pvh-intel                                fail    
 test-amd64-i386-qemut-rhel6hvm-intel                         pass    
 test-amd64-i386-qemuu-rhel6hvm-intel                         pass    
 test-amd64-amd64-libvirt                                     pass    
 test-amd64-i386-libvirt                                      pass    
 test-amd64-amd64-xl-multivcpu                                pass    
 test-amd64-amd64-pair                                        pass    
 test-amd64-i386-pair                                         pass    
 test-amd64-amd64-libvirt-pair                                pass    
 test-amd64-i386-libvirt-pair                                 pass    
 test-amd64-amd64-amd64-pvgrub                                pass    
 test-amd64-amd64-i386-pvgrub                                 pass    
 test-amd64-amd64-pygrub                                      pass    
 test-amd64-amd64-xl-qcow2                                    pass    
 test-amd64-i386-xl-raw                                       pass    
 test-amd64-amd64-xl-rtds                                     pass    
 test-amd64-i386-xl-qemut-winxpsp3-vcpus1                     pass    
 test-amd64-i386-xl-qemuu-winxpsp3-vcpus1                     pass    
 test-amd64-amd64-libvirt-vhd                                 pass    
 test-amd64-amd64-xl-qemut-winxpsp3                           pass    
 test-amd64-i386-xl-qemut-winxpsp3                            pass    
 test-amd64-amd64-xl-qemuu-winxpsp3                           pass    
 test-amd64-i386-xl-qemuu-winxpsp3                            pass    


------------------------------------------------------------
sg-report-flight on osstest.test-lab.xenproject.org
logs: /home/logs/logs
images: /home/logs/images

Logs, config files, etc. are available at
    http://logs.test-lab.xenproject.org/osstest/logs

Explanation of these reports, and of osstest in general, is at
    http://xenbits.xen.org/gitweb/?p=osstest.git;a=blob;f=README.email;hb=master
    http://xenbits.xen.org/gitweb/?p=osstest.git;a=blob;f=README;hb=master

Test harness code can be found at
    http://xenbits.xen.org/gitweb?p=osstest.git;a=summary


Pushing revision :

+ branch=linux-3.14
+ revision=e419281295bfb1e51133b702c0d5166268e62e89
+ . ./cri-lock-repos
++ . ./cri-common
+++ . ./cri-getconfig
+++ umask 002
+++ getrepos
++++ getconfig Repos
++++ perl -e '
                use Osstest;
                readglobalconfig();
                print $c{"Repos"} or die $!;
        '
+++ local repos=/home/osstest/repos
+++ '[' -z /home/osstest/repos ']'
+++ '[' '!' -d /home/osstest/repos ']'
+++ echo /home/osstest/repos
++ repos=/home/osstest/repos
++ repos_lock=/home/osstest/repos/lock
++ '[' x '!=' x/home/osstest/repos/lock ']'
++ OSSTEST_REPOS_LOCK_LOCKED=/home/osstest/repos/lock
++ exec with-lock-ex -w /home/osstest/repos/lock ./ap-push linux-3.14 
e419281295bfb1e51133b702c0d5166268e62e89
+ branch=linux-3.14
+ revision=e419281295bfb1e51133b702c0d5166268e62e89
+ . ./cri-lock-repos
++ . ./cri-common
+++ . ./cri-getconfig
+++ umask 002
+++ getrepos
++++ getconfig Repos
++++ perl -e '
                use Osstest;
                readglobalconfig();
                print $c{"Repos"} or die $!;
        '
+++ local repos=/home/osstest/repos
+++ '[' -z /home/osstest/repos ']'
+++ '[' '!' -d /home/osstest/repos ']'
+++ echo /home/osstest/repos
++ repos=/home/osstest/repos
++ repos_lock=/home/osstest/repos/lock
++ '[' x/home/osstest/repos/lock '!=' x/home/osstest/repos/lock ']'
+ . ./cri-common
++ . ./cri-getconfig
++ umask 002
+ select_xenbranch
+ case "$branch" in
+ tree=linux
+ xenbranch=xen-unstable
+ '[' xlinux = xlinux ']'
+ linuxbranch=linux-3.14
+ '[' x = x ']'
+ qemuubranch=qemu-upstream-unstable
+ select_prevxenbranch
++ ./cri-getprevxenbranch xen-unstable
+ prevxenbranch=xen-4.6-testing
+ '[' xe419281295bfb1e51133b702c0d5166268e62e89 = x ']'
+ : tested/2.6.39.x
+ . ./ap-common
++ : osst...@xenbits.xen.org
+++ getconfig OsstestUpstream
+++ perl -e '
                use Osstest;
                readglobalconfig();
                print $c{"OsstestUpstream"} or die $!;
        '
++ :
++ : git://xenbits.xen.org/xen.git
++ : osst...@xenbits.xen.org:/home/xen/git/xen.git
++ : git://xenbits.xen.org/qemu-xen-traditional.git
++ : git://git.kernel.org
++ : git://git.kernel.org/pub/scm/linux/kernel/git
++ : git
++ : git://xenbits.xen.org/libvirt.git
++ : osst...@xenbits.xen.org:/home/xen/git/libvirt.git
++ : git://xenbits.xen.org/libvirt.git
++ : git://xenbits.xen.org/rumpuser-xen.git
++ : git
++ : git://xenbits.xen.org/rumpuser-xen.git
++ : osst...@xenbits.xen.org:/home/xen/git/rumpuser-xen.git
+++ besteffort_repo https://github.com/rumpkernel/rumpkernel-netbsd-src
+++ local repo=https://github.com/rumpkernel/rumpkernel-netbsd-src
+++ cached_repo https://github.com/rumpkernel/rumpkernel-netbsd-src 
'[fetch=try]'
+++ local repo=https://github.com/rumpkernel/rumpkernel-netbsd-src
+++ local 'options=[fetch=try]'
++++ getconfig GitCacheProxy
++++ perl -e '
                use Osstest;
                readglobalconfig();
                print $c{"GitCacheProxy"} or die $!;
        '
+++ local cache=git://cache:9419/
+++ '[' xgit://cache:9419/ '!=' x ']'
+++ echo 
'git://cache:9419/https://github.com/rumpkernel/rumpkernel-netbsd-src%20[fetch=try]'
++ : 
'git://cache:9419/https://github.com/rumpkernel/rumpkernel-netbsd-src%20[fetch=try]'
++ : git
++ : git://git.seabios.org/seabios.git
++ : osst...@xenbits.xen.org:/home/xen/git/osstest/seabios.git
++ : git://xenbits.xen.org/osstest/seabios.git
++ : https://github.com/tianocore/edk2.git
++ : osst...@xenbits.xen.org:/home/xen/git/osstest/ovmf.git
++ : git://xenbits.xen.org/osstest/ovmf.git
++ : git://xenbits.xen.org/osstest/linux-firmware.git
++ : osst...@xenbits.xen.org:/home/osstest/ext/linux-firmware.git
++ : git://git.kernel.org/pub/scm/linux/kernel/git/firmware/linux-firmware.git
++ : osst...@xenbits.xen.org:/home/xen/git/linux-pvops.git
++ : git://xenbits.xen.org/linux-pvops.git
++ : tested/linux-3.14
++ : tested/linux-arm-xen
++ '[' xgit://git.kernel.org/pub/scm/linux/kernel/git/stable/linux-stable.git = 
x ']'
++ '[' xgit://git.kernel.org/pub/scm/linux/kernel/git/stable/linux-stable.git = 
x ']'
++ : git://git.kernel.org/pub/scm/linux/kernel/git/konrad/xen.git
++ : tested/2.6.39.x
++ : daily-cron.linux-3.14
++ : daily-cron.linux-3.14
++ : daily-cron.linux-3.14
++ : daily-cron.linux-3.14
++ : daily-cron.linux-3.14
++ : daily-cron.linux-3.14
++ : http://hg.uk.xensource.com/carbon/trunk/linux-2.6.27
++ : git://xenbits.xen.org/qemu-xen.git
++ : osst...@xenbits.xen.org:/home/xen/git/qemu-xen.git
++ : daily-cron.linux-3.14
++ : git://xenbits.xen.org/qemu-xen.git
++ : git://git.qemu.org/qemu.git
+ TREE_LINUX=osst...@xenbits.xen.org:/home/xen/git/linux-pvops.git
+ TREE_QEMU_UPSTREAM=osst...@xenbits.xen.org:/home/xen/git/qemu-xen.git
+ TREE_XEN=osst...@xenbits.xen.org:/home/xen/git/xen.git
+ TREE_LIBVIRT=osst...@xenbits.xen.org:/home/xen/git/libvirt.git
+ TREE_RUMPUSERXEN=osst...@xenbits.xen.org:/home/xen/git/rumpuser-xen.git
+ TREE_SEABIOS=osst...@xenbits.xen.org:/home/xen/git/osstest/seabios.git
+ TREE_OVMF=osst...@xenbits.xen.org:/home/xen/git/osstest/ovmf.git
+ info_linux_tree linux-3.14
+ case $1 in
+ : git://git.kernel.org/pub/scm/linux/kernel/git/stable/linux-stable.git
+ : linux-3.14.y
+ : linux-3.14.y
+ : git
+ : git
+ : git://xenbits.xen.org/linux-pvops.git
+ : osst...@xenbits.xen.org:/home/xen/git/linux-pvops.git
+ : tested/linux-3.14
+ : refs/heads/tested/linux-3.14
+ return 0
+ cd /home/osstest/repos/linux
+ git push osst...@xenbits.xen.org:/home/xen/git/linux-pvops.git 
e419281295bfb1e51133b702c0d5166268e62e89:refs/heads/tested/linux-3.14
To osst...@xenbits.xen.org:/home/xen/git/linux-pvops.git
   0b2737d..e419281  e419281295bfb1e51133b702c0d5166268e62e89 -> 
tested/linux-3.14
+ exit 0

_______________________________________________
Xen-devel mailing list
Xen-devel@lists.xen.org
http://lists.xen.org/xen-devel

Reply via email to