flight 82793 linux-3.18 real [real] http://logs.test-lab.xenproject.org/osstest/logs/82793/
Regressions :-( Tests which did not succeed and are blocking, including tests which could not be run: build-amd64-rumpuserxen 6 xen-build fail REGR. vs. 79037 build-i386-rumpuserxen 6 xen-build fail REGR. vs. 79037 Regressions which are regarded as allowable (not blocking): test-amd64-amd64-xl-qemuu-win7-amd64 16 guest-stop fail like 79037 test-amd64-amd64-xl-qemut-win7-amd64 16 guest-stop fail like 79037 test-armhf-armhf-xl-rtds 15 guest-start/debian.repeat fail like 79037 test-amd64-i386-xl-qemuu-win7-amd64 16 guest-stop fail like 79037 test-amd64-i386-xl-qemut-win7-amd64 16 guest-stop fail like 79037 Tests which did not succeed, but are not blocking: test-amd64-i386-rumpuserxen-i386 1 build-check(1) blocked n/a test-amd64-amd64-rumpuserxen-amd64 1 build-check(1) blocked n/a test-amd64-amd64-xl-pvh-intel 14 guest-saverestore fail never pass test-amd64-amd64-xl-pvh-amd 11 guest-start fail never pass test-armhf-armhf-libvirt 14 guest-saverestore fail never pass test-armhf-armhf-libvirt 12 migrate-support-check fail never pass test-amd64-i386-libvirt-xsm 12 migrate-support-check fail never pass test-armhf-armhf-xl-xsm 13 saverestore-support-check fail never pass test-armhf-armhf-xl-xsm 12 migrate-support-check fail never pass test-armhf-armhf-xl-arndale 12 migrate-support-check fail never pass test-armhf-armhf-xl-arndale 13 saverestore-support-check fail never pass test-amd64-amd64-libvirt-xsm 12 migrate-support-check fail never pass test-amd64-amd64-libvirt 12 migrate-support-check fail never pass test-amd64-amd64-qemuu-nested-amd 16 debian-hvm-install/l1/l2 fail never pass test-armhf-armhf-libvirt-raw 13 guest-saverestore fail never pass test-armhf-armhf-libvirt-raw 11 migrate-support-check fail never pass test-armhf-armhf-libvirt-xsm 12 migrate-support-check fail never pass test-armhf-armhf-libvirt-xsm 14 guest-saverestore fail never pass test-armhf-armhf-libvirt-qcow2 11 migrate-support-check fail never pass test-armhf-armhf-libvirt-qcow2 13 guest-saverestore fail never pass test-amd64-amd64-libvirt-qemuu-debianhvm-amd64-xsm 10 migrate-support-check fail never pass test-armhf-armhf-xl-credit2 13 saverestore-support-check fail never pass test-armhf-armhf-xl-credit2 12 migrate-support-check fail never pass test-amd64-i386-libvirt 12 migrate-support-check fail never pass test-armhf-armhf-xl-rtds 13 saverestore-support-check fail never pass test-armhf-armhf-xl-rtds 12 migrate-support-check fail never pass test-armhf-armhf-xl-multivcpu 13 saverestore-support-check fail never pass test-armhf-armhf-xl-multivcpu 12 migrate-support-check fail never pass test-armhf-armhf-xl-cubietruck 12 migrate-support-check fail never pass test-armhf-armhf-xl-cubietruck 13 saverestore-support-check fail never pass test-amd64-i386-libvirt-qemuu-debianhvm-amd64-xsm 10 migrate-support-check fail never pass test-armhf-armhf-xl 12 migrate-support-check fail never pass test-armhf-armhf-xl 13 saverestore-support-check fail never pass test-amd64-amd64-libvirt-vhd 11 migrate-support-check fail never pass test-armhf-armhf-xl-vhd 11 migrate-support-check fail never pass test-armhf-armhf-xl-vhd 12 saverestore-support-check fail never pass version targeted for testing: linux 2c07053b8e1e0c22bb54dfbdf8e86a70f8bf00fc baseline version: linux 707e840c5e24bb2df1ea4e753964275e257ec816 Last test of basis 79037 2016-01-25 18:28:55 Z 22 days Testing same since 82793 2016-02-16 05:49:14 Z 0 days 1 attempts ------------------------------------------------------------ People who touched revisions under test: "J. Bruce Fields" <bfie...@fieldses.org> <dinyar.rabady+s...@gmail.com> Adrian Hunter <adrian.hun...@intel.com> Al Viro <v...@zeniv.linux.org.uk> Alan Stern <st...@rowland.harvard.edu> Alex Deucher <alexander.deuc...@amd.com> Alexander Aring <alex.ar...@gmail.com> Alexandru Cornea <alexandru.cor...@intel.com> Alexei Starovoitov <a...@kernel.org> amish <ammdispose-a...@yahoo.com> Andrew Elble <awe...@rit.edu> Andrew Gabbasov <andrew_gabba...@mentor.com> Andrew Morton <a...@linux-foundation.org> Andrey Ryabinin <aryabi...@virtuozzo.com> Andy Gospodarek <go...@cumulusnetworks.com> Andy Shevchenko <andriy.shevche...@linux.intel.com> Antonio Ospite <a...@ao2.it> Ard Biesheuvel <ard.biesheu...@linaro.org> Arnaldo Carvalho de Melo <a...@redhat.com> Aurélien Francillon <aurel...@francillon.net> Barry Song <baohua.s...@csr.com> Ben Hutchings <b...@decadent.org.uk> Ben Skeggs <bske...@redhat.com> Benjamin Tissoires <benjamin.tissoi...@redhat.com> Bjorn Helgaas <bhelg...@google.com> Boris Brezillon <boris.brezil...@free-electrons.com> Borislav Petkov <b...@alien8.de> Borislav Petkov <b...@suse.de> Carlo Caione <ca...@endlessm.com> Catalin Marinas <catalin.mari...@arm.com> Chen Yu <yu.c.c...@intel.com> Christian König <christian.koe...@amd.com> Christoph Biedl <linux-kernel.b...@manchmal.in-ulm.de> Cong Wang <cw...@twopensource.com> Dan Streetman <dan.street...@canonical.com> Dan Streetman <ddstr...@ieee.org> Daniel Borkmann <dan...@iogearbox.net> Daniel Vetter <daniel.vet...@ffwll.ch> Daniele Palmas <dnl...@gmail.com> Darren Hart <dvh...@linux.intel.com> Dave Airlie <airl...@gmail.com> Dave Airlie <airl...@redhat.com> Dave Chinner <da...@fromorbit.com> Dave Chinner <dchin...@redhat.com> David Gibson <da...@gibson.dropbear.id.au> David Howells <dhowe...@redhat.com> David Rientjes <rient...@google.com> David S. Miller <da...@davemloft.net> David Vrabel <david.vra...@citrix.com> Dmitry Torokhov <dmitry.torok...@gmail.com> Dmitry Tunin <hanipouspi...@gmail.com> Dmitry V. Levin <l...@altlinux.org> Dmitry Vyukov <dvyu...@google.com> Doug Ledford <dledf...@redhat.com> Du, Changbin <changbin...@intel.com> Emmanuel Grumbach <emmanuel.grumb...@intel.com> Eric Dumazet <eduma...@google.com> Eric W. Biederman <ebied...@xmission.com> Eric Wheeler <bca...@linux.ewheeler.net> Erich Schubert <er...@debian.org> Evan Jones <e...@evanjones.ca> Felix Kuehling <felix.kuehl...@amd.com> Felix.Kuehling <felix.kuehl...@amd.com> Florian Westphal <f...@strlen.de> Francesco Ruggeri <frugg...@arista.com> Francesco Ruggeri <frugg...@aristanetworks.com> Gabriel de Perthuis <g2p.c...@gmail.com> Gavin Shan <gws...@linux.vnet.ibm.com> Greg Kroah-Hartman <gre...@linuxfoundation.org> Greg Kurz <gk...@linux.vnet.ibm.com> Grygorii Strashko <grygorii.stras...@ti.com> Guillaume Fougnies <guilla...@eulerian.com> Hannes Frederic Sowa <han...@stressinduktion.org> Hans de Goede <hdego...@redhat.com> Hans Verkuil <hans.verk...@cisco.com> Harry Wentland <harry.wentl...@amd.com> Heiko Carstens <heiko.carst...@de.ibm.com> Helge Deller <del...@gmx.de> Herbert Xu <herb...@gondor.apana.org.au> Huacai Chen <che...@lemote.com> Ian Campbell <ian.campb...@citrix.com> Ido Schimmel <ido...@mellanox.com> Igor Grinberg <grinb...@compulab.co.il> Insu Yun <wuni...@gmail.com> Ivaylo Dimitrov <ivo.g.dimitrov...@gmail.com> James Bottomley <james.bottom...@hansenpartnership.com> Jamie Bainbridge <jamie.bainbri...@gmail.com> Jan Kara <j...@suse.com> Jan Kara <j...@suse.cz> Jani Nikula <jani.nik...@intel.com> Jann Horn <j...@thejh.net> Jarkko Nikula <jarkko.nik...@linux.intel.com> Jay Vosburgh <jay.vosbu...@canonical.com> Jean Delvare <jdelv...@suse.de> Jeff Layton <jeff.lay...@primarydata.com> Jeff Layton <jlay...@primarydata.com> Jens Axboe <ax...@fb.com> Jingoo Han <jg1....@samsung.com> Jiri Pirko <j...@mellanox.com> Jiufei Xue <xuejiu...@huawei.com> Joe Jin <joe....@oracle.com> Joe Lawrence <joe.lawre...@stratus.com> Johan Hovold <jo...@kernel.org> Johannes Berg <johannes.b...@intel.com> John Ernberg <john.ernb...@actia.se> John Fastabend <john.fastab...@gmail.com> John Fastabend <john.r.fastab...@intel.com> John Stultz <john.stu...@linaro.org> Josh Boyer <jwbo...@fedoraproject.org> Joshua Schmid <jsch...@suse.com> Jurgen Kramer <gtmkra...@xs4all.nl> Kalle Valo <kv...@codeaurora.org> Karl Heiss <khe...@gmail.com> Kees Cook <keesc...@chromium.org> Kent Overstreet <kent.overstr...@gmail.com> Kent Overstreet <k...@daterainc.com> Kirill A. Shutemov <kirill.shute...@linux.intel.com> Konrad Leszczynski <konrad.leszczyn...@intel.com> Konstantin Khlebnikov <khlebni...@yandex-team.ru> Konstantin Khlebnikov <koc...@gmail.com> Kyeongdon Kim <kyeongdon....@lge.com> Larry Finger <larry.fin...@lwfinger.net> Laura Abbott <labb...@fedoraproject.org> Laurent Pinchart <laurent.pinch...@ideasonboard.com> Laurent Vivier <lviv...@redhat.com> Leif Liddy <leif.li...@gmail.com> Lev Lybin <lev.ly...@gmail.com> Linus Torvalds <torva...@linux-foundation.org> Linus Walleij <linus.wall...@linaro.org> Lu Baolu <baolu...@linux.intel.com> Lucas Stach <l.st...@pengutronix.de> (for imx6) Lucas Tanure <tan...@linux.com> Malcolm Priestley <tvbox...@gmail.com> Mans Rullgard <m...@mansr.com> Manuel Krause <manuelkra...@netscape.net> Marcel Holtmann <mar...@holtmann.org> Marcelo Ricardo Leitner <marcelo.leit...@gmail.com> Martijn Coenen <m...@google.com> Martin Schwidefsky <schwidef...@de.ibm.com> Mathias Nyman <mathias.ny...@linux.intel.com> Matt Fleming <m...@codeblueprint.co.uk> Matthew Wilcox <wi...@linux.intel.com> Matthias <morpheusxyz...@yahoo.de> Mauro Carvalho Chehab <mche...@osg.samsung.com> Michael Ellerman <m...@ellerman.id.au> Michael S. Tsirkin <m...@redhat.com> Michal Hocko <mho...@suse.com> Michel Dänzer <michel.daen...@amd.com> Mika Penttilä <mika.pentt...@nextfour.com> Mika Westerberg <mika.westerb...@linux.intel.com> Mike Marciniszyn <mike.marcinis...@intel.com> Mike Snitzer <snit...@redhat.com> Miklos Szeredi <mik...@szeredi.hu> Mikulas Patocka <mpato...@redhat.com> Milo Kim <milo....@ti.com> Minchan Kim <minc...@kernel.org> Mohamed Jamsheeth Hajanajubudeen <mohamedjamsheeth.hajanajubud...@atmel.com> Mykola Lysenko <mykola.lyse...@amd.com> Namhyung Kim <namhy...@kernel.org> Naoya Horiguchi <n-horigu...@ah.jp.nec.com> Neal Cardwell <ncardw...@google.com> Nicholas Bellinger <n...@linux-iscsi.org> Nicolas Dichtel <nicolas.dich...@6wind.com> Nicolas Ferre <nicolas.fe...@atmel.com> Nikolay Borisov <ker...@kyup.com> Oded Gabbay <oded.gab...@gmail.com> Oliver Neukum <oneu...@suse.com> Oren Givon <oren.gi...@intel.com> Paul Mackerras <pau...@samba.org> Paul Menzel <paul.men...@giantmonkey.de> Peter Dedecker <peter.dedec...@hotmail.com> Peter Hurley <pe...@hurleysoftware.com> Peter Wu <pe...@lekensteyn.nl> prash <prash.n....@gmail.com> Rabin Vincent <rabin.vinc...@axis.com> Rabin Vincent <ra...@rab.in> Rafael Aquini <aqu...@redhat.com> Rafael J. Wysocki <rafael.j.wyso...@intel.com> Rajmohan Mani <rajmohan.m...@intel.com> Ralf Baechle <r...@linux-mips.org> Richard Cochran <richardcoch...@gmail.com> Richard Weinberger <rich...@nod.at> Rickard Strandqvist <rickard_strandqv...@spectrumdigital.se> Rob Clark <robdcl...@gmail.com> Rui Wang <rui.y.w...@intel.com> Russell Currey <rus...@russell.cc> Sachin Kulkarni <sachin.kulka...@imgtec.com> Samuel Thibault <samuel.thiba...@ens-lyon.org> Sasha Levin <sasha.le...@oracle.com> Sergey Senozhatsky <sergey.senozhatsky.w...@gmail.com> Sergey Senozhatsky <sergey.senozhat...@gmail.com> Shirish Pargaonkar <shirishpargaon...@gmail.com> Stefan Bader <stefan.ba...@canonical.com> Steffen Klassert <steffen.klass...@secunet.com> Stephan Mueller <smuel...@chronox.de> Steve French <sfrench@localhost.localdomain> Steve French <smfre...@gmail.com> Steve French <steve.fre...@primarydata.com> Steven Rostedt <rost...@goodmis.org> Sudip Mukherjee <su...@vectorindia.org> Sudip Mukherjee <sudipm.mukher...@gmail.com> szegad <szega...@poczta.onet.pl> Takashi Iwai <ti...@suse.de> Takashi Sakamoto <o-taka...@sakamocchi.jp> Tang Jian Qiang <jianqiang.t...@intel.com> Tariq Saeed <tariq.x.sa...@oracle.com> Tejun Heo <t...@kernel.org> Thomas Gleixner <t...@linutronix.de> Thomas Huth <th...@redhat.com> Tomer Barletz <barl...@gmail.com> Trond Myklebust <trond.mykleb...@primarydata.com> Ulf Hansson <ulf.hans...@linaro.org> Uri Mashiach <uri.mashi...@compulab.co.il> Vasily Averin <v...@virtuozzo.com> Vegard Nossum <vegard.nos...@oracle.com> Vijay Pandurangan <vij...@vijayp.ca> Vinit Agnihotri <vinit.abhay.agniho...@intel.com> Vinod Koul <vinod.k...@intel.com> Viresh Kumar <viresh.ku...@linaro.org> Vitaly Kuznetsov <vkuzn...@redhat.com> Vito Caputo <vito.cap...@coreos.com> Vladis Dronov <vdro...@redhat.com> Vlastimil Babka <vba...@suse.cz> Wang, Rui Y <rui.y.w...@intel.com> Wei Liu <wei.l...@citrix.com> Weijun Yang <york.y...@csr.com> Will Deacon <will.dea...@arm.com> Willy Tarreau <w...@1wt.eu> Xin Long <lucien....@gmail.com> xuejiufei <xuejiu...@huawei.com> Yang Shi <yang....@linaro.org> YOSHIFUJI Hideaki <yoshf...@linux-ipv6.org> Yuchung Cheng <ych...@google.com> Zhang Rui <rui.zh...@intel.com> Zheng Liu <gnehzuil....@gmail.com> Zheng Liu <wenqing...@taobao.com> Zhuang Jin Can <jin.can.zhu...@intel.com> jobs: build-amd64-xsm pass build-armhf-xsm pass build-i386-xsm pass build-amd64 pass build-armhf pass build-i386 pass build-amd64-libvirt pass build-armhf-libvirt pass build-i386-libvirt pass build-amd64-pvops pass build-armhf-pvops pass build-i386-pvops pass build-amd64-rumpuserxen fail build-i386-rumpuserxen fail test-amd64-amd64-xl pass test-armhf-armhf-xl pass test-amd64-i386-xl pass test-amd64-amd64-xl-qemut-debianhvm-amd64-xsm pass test-amd64-i386-xl-qemut-debianhvm-amd64-xsm pass test-amd64-amd64-libvirt-qemuu-debianhvm-amd64-xsm pass test-amd64-i386-libvirt-qemuu-debianhvm-amd64-xsm pass test-amd64-amd64-xl-qemuu-debianhvm-amd64-xsm pass test-amd64-i386-xl-qemuu-debianhvm-amd64-xsm pass test-amd64-amd64-xl-qemut-stubdom-debianhvm-amd64-xsm pass test-amd64-i386-xl-qemut-stubdom-debianhvm-amd64-xsm pass test-amd64-amd64-libvirt-xsm pass test-armhf-armhf-libvirt-xsm fail test-amd64-i386-libvirt-xsm pass test-amd64-amd64-xl-xsm pass test-armhf-armhf-xl-xsm pass test-amd64-i386-xl-xsm pass test-amd64-amd64-qemuu-nested-amd fail test-amd64-amd64-xl-pvh-amd fail test-amd64-i386-qemut-rhel6hvm-amd pass test-amd64-i386-qemuu-rhel6hvm-amd pass test-amd64-amd64-xl-qemut-debianhvm-amd64 pass test-amd64-i386-xl-qemut-debianhvm-amd64 pass test-amd64-amd64-xl-qemuu-debianhvm-amd64 pass test-amd64-i386-xl-qemuu-debianhvm-amd64 pass test-amd64-i386-freebsd10-amd64 pass test-amd64-amd64-xl-qemuu-ovmf-amd64 pass test-amd64-i386-xl-qemuu-ovmf-amd64 pass test-amd64-amd64-rumpuserxen-amd64 blocked test-amd64-amd64-xl-qemut-win7-amd64 fail test-amd64-i386-xl-qemut-win7-amd64 fail test-amd64-amd64-xl-qemuu-win7-amd64 fail test-amd64-i386-xl-qemuu-win7-amd64 fail test-armhf-armhf-xl-arndale pass test-amd64-amd64-xl-credit2 pass test-armhf-armhf-xl-credit2 pass test-armhf-armhf-xl-cubietruck pass test-amd64-i386-freebsd10-i386 pass test-amd64-i386-rumpuserxen-i386 blocked test-amd64-amd64-qemuu-nested-intel pass test-amd64-amd64-xl-pvh-intel fail test-amd64-i386-qemut-rhel6hvm-intel pass test-amd64-i386-qemuu-rhel6hvm-intel pass test-amd64-amd64-libvirt pass test-armhf-armhf-libvirt fail test-amd64-i386-libvirt pass test-amd64-amd64-xl-multivcpu pass test-armhf-armhf-xl-multivcpu pass test-amd64-amd64-pair pass test-amd64-i386-pair pass test-amd64-amd64-libvirt-pair pass test-amd64-i386-libvirt-pair pass test-amd64-amd64-amd64-pvgrub pass test-amd64-amd64-i386-pvgrub pass test-amd64-amd64-pygrub pass test-armhf-armhf-libvirt-qcow2 fail test-amd64-amd64-xl-qcow2 pass test-armhf-armhf-libvirt-raw fail test-amd64-i386-xl-raw pass test-amd64-amd64-xl-rtds pass test-armhf-armhf-xl-rtds fail test-amd64-i386-xl-qemut-winxpsp3-vcpus1 pass test-amd64-i386-xl-qemuu-winxpsp3-vcpus1 pass test-amd64-amd64-libvirt-vhd pass test-armhf-armhf-xl-vhd pass test-amd64-amd64-xl-qemut-winxpsp3 pass test-amd64-i386-xl-qemut-winxpsp3 pass test-amd64-amd64-xl-qemuu-winxpsp3 pass test-amd64-i386-xl-qemuu-winxpsp3 pass ------------------------------------------------------------ sg-report-flight on osstest.test-lab.xenproject.org logs: /home/logs/logs images: /home/logs/images Logs, config files, etc. are available at http://logs.test-lab.xenproject.org/osstest/logs Explanation of these reports, and of osstest in general, is at http://xenbits.xen.org/gitweb/?p=osstest.git;a=blob;f=README.email;hb=master http://xenbits.xen.org/gitweb/?p=osstest.git;a=blob;f=README;hb=master Test harness code can be found at http://xenbits.xen.org/gitweb?p=osstest.git;a=summary Not pushing. (No revision log; it would be 5790 lines long.)
_______________________________________________ Xen-devel mailing list Xen-devel@lists.xen.org http://lists.xen.org/xen-devel