flight 81996 xen-unstable-smoke real [real]
http://logs.test-lab.xenproject.org/osstest/logs/81996/

Regressions :-(

Tests which did not succeed and are blocking,
including tests which could not be run:
 build-armhf                   4 host-build-prep           fail REGR. vs. 81826

Tests which did not succeed, but are not blocking:
 test-armhf-armhf-xl           1 build-check(1)               blocked  n/a
 test-amd64-amd64-libvirt     12 migrate-support-check        fail   never pass

version targeted for testing:
 xen                  2052a51f9749b79973cba54bd4306cad7726e763
baseline version:
 xen                  c26b88bf644011396b4e4f6f15901a66b87d8c19

Last test of basis    81826  2016-02-10 17:24:44 Z    1 days
Testing same since    81996  2016-02-11 16:03:06 Z    0 days    1 attempts

------------------------------------------------------------
People who touched revisions under test:
  Andrew Cooper <andrew.coop...@citrix.com>
  Doug Goldstein <car...@cardoe.com>
  George Dunlap <george.dun...@citrix.com>
  Harmandeep Kaur <write.harmand...@gmail.com>
  Ian Campbell <ian.campb...@citrix.com>
  Ian Jackson <ian.jack...@eu.citrix.com>
  Jan Beulich <jbeul...@suse.com>
  Kevin Tian <kevin.t...@intel.com>
  Paul Durrant <paul.durr...@citrix.com>
  Wei Liu <wei.l...@citrix.com>

jobs:
 build-amd64                                                  pass    
 build-armhf                                                  broken  
 build-amd64-libvirt                                          pass    
 test-armhf-armhf-xl                                          blocked 
 test-amd64-amd64-xl-qemuu-debianhvm-i386                     pass    
 test-amd64-amd64-libvirt                                     pass    


------------------------------------------------------------
sg-report-flight on osstest.test-lab.xenproject.org
logs: /home/logs/logs
images: /home/logs/images

Logs, config files, etc. are available at
    http://logs.test-lab.xenproject.org/osstest/logs

Explanation of these reports, and of osstest in general, is at
    http://xenbits.xen.org/gitweb/?p=osstest.git;a=blob;f=README.email;hb=master
    http://xenbits.xen.org/gitweb/?p=osstest.git;a=blob;f=README;hb=master

Test harness code can be found at
    http://xenbits.xen.org/gitweb?p=osstest.git;a=summary


Not pushing.

(No revision log; it would be 326 lines long.)

_______________________________________________
Xen-devel mailing list
Xen-devel@lists.xen.org
http://lists.xen.org/xen-devel

Reply via email to