This run is configured for baseline tests only.

flight 38735 linux-3.16 real [real]
http://osstest.xs.citrite.net/~osstest/testlogs/logs/38735/

Regressions :-(

Tests which did not succeed and are blocking,
including tests which could not be run:
 test-armhf-armhf-xl-midway   15 guest-start/debian.repeat fail REGR. vs. 38714
 test-amd64-amd64-qemuu-nested-intel 13 xen-boot/l1        fail REGR. vs. 38714

Regressions which are regarded as allowable (not blocking):
 build-i386-rumpuserxen        6 xen-build                    fail   like 38714
 build-amd64-rumpuserxen       6 xen-build                    fail   like 38714
 test-amd64-amd64-xl-xsm      19 guest-start/debian.repeat    fail   like 38714
 test-amd64-amd64-xl-credit2  17 guest-localmigrate/x10       fail   like 38714
 test-amd64-amd64-xl          19 guest-start/debian.repeat    fail   like 38714

Tests which did not succeed, but are not blocking:
 test-amd64-amd64-rumpuserxen-amd64  1 build-check(1)               blocked n/a
 test-amd64-i386-rumpuserxen-i386  1 build-check(1)               blocked  n/a
 test-amd64-amd64-xl-pvh-intel 11 guest-start                  fail  never pass
 test-armhf-armhf-libvirt     14 guest-saverestore            fail   never pass
 test-armhf-armhf-libvirt     12 migrate-support-check        fail   never pass
 test-armhf-armhf-libvirt-xsm 12 migrate-support-check        fail   never pass
 test-armhf-armhf-libvirt-xsm 14 guest-saverestore            fail   never pass
 test-armhf-armhf-libvirt-qcow2 11 migrate-support-check        fail never pass
 test-armhf-armhf-libvirt-qcow2 13 guest-saverestore            fail never pass
 test-armhf-armhf-xl-midway   13 saverestore-support-check    fail   never pass
 test-armhf-armhf-xl-midway   12 migrate-support-check        fail   never pass
 test-armhf-armhf-xl-credit2  13 saverestore-support-check    fail   never pass
 test-armhf-armhf-xl-credit2  12 migrate-support-check        fail   never pass
 test-amd64-amd64-xl-pvh-amd  11 guest-start                  fail   never pass
 test-armhf-armhf-libvirt-raw 13 guest-saverestore            fail   never pass
 test-armhf-armhf-libvirt-raw 11 migrate-support-check        fail   never pass
 test-armhf-armhf-xl          12 migrate-support-check        fail   never pass
 test-armhf-armhf-xl          13 saverestore-support-check    fail   never pass
 test-armhf-armhf-xl-multivcpu 13 saverestore-support-check    fail  never pass
 test-armhf-armhf-xl-multivcpu 12 migrate-support-check        fail  never pass
 test-armhf-armhf-xl-xsm      13 saverestore-support-check    fail   never pass
 test-armhf-armhf-xl-xsm      12 migrate-support-check        fail   never pass
 test-amd64-amd64-xl-multivcpu 17 guest-localmigrate/x10       fail  never pass
 test-armhf-armhf-xl-rtds     13 saverestore-support-check    fail   never pass
 test-armhf-armhf-xl-rtds     12 migrate-support-check        fail   never pass
 test-amd64-amd64-libvirt-xsm 12 migrate-support-check        fail   never pass
 test-amd64-amd64-libvirt     12 migrate-support-check        fail   never pass
 test-amd64-i386-libvirt-xsm  12 migrate-support-check        fail   never pass
 test-armhf-armhf-xl-vhd      11 migrate-support-check        fail   never pass
 test-armhf-armhf-xl-vhd      12 saverestore-support-check    fail   never pass
 test-amd64-amd64-xl-rtds     17 guest-localmigrate/x10       fail   never pass
 test-amd64-i386-libvirt      12 migrate-support-check        fail   never pass
 test-amd64-i386-xl-qemuu-win7-amd64 16 guest-stop              fail never pass
 test-amd64-i386-libvirt-qemuu-debianhvm-amd64-xsm 10 migrate-support-check 
fail never pass
 test-amd64-amd64-xl-qemuu-win7-amd64 16 guest-stop             fail never pass
 test-amd64-amd64-qemuu-nested-amd 16 debian-hvm-install/l1/l2  fail never pass
 test-amd64-amd64-libvirt-vhd 11 migrate-support-check        fail   never pass
 test-amd64-amd64-libvirt-qemuu-debianhvm-amd64-xsm 10 migrate-support-check 
fail never pass
 test-amd64-i386-xl-qemut-win7-amd64 16 guest-stop              fail never pass
 test-amd64-amd64-xl-qemut-win7-amd64 16 guest-stop             fail never pass

version targeted for testing:
 linux                752289d006578baafcbf6dc5b2a0b0fc38c8b1c7
baseline version:
 linux                3c702e47ca83e03824e5dc0358438d3805161102

Last test of basis    38714  2016-01-29 11:27:17 Z   12 days
Testing same since    38735  2016-02-10 21:21:20 Z    0 days    1 attempts

------------------------------------------------------------
People who touched revisions under test:
  "J. Bruce Fields" <bfie...@fieldses.org>
  <dinyar.rabady+s...@gmail.com>
  Aaron Conole <acon...@redhat.com>
  Acked-by: David Howells <dhowe...@redhat.com>
  Adrian Hunter <adrian.hun...@intel.com>
  Al Viro <v...@zeniv.linux.org.uk>
  Alex Deucher <alexander.deuc...@amd.com>
  Alexei Starovoitov <a...@kernel.org>
  Alexey Charkov <alch...@gmail.com>
  Alexey Khoroshilov <khoroshi...@ispras.ru>
  Andrew Elble <awe...@rit.edu>
  Andrew Gabbasov <andrew_gabba...@mentor.com>
  Andrew Morton <a...@linux-foundation.org>
  Andy Gospodarek <go...@cumulusnetworks.com>
  Andy Lutomirski <l...@kernel.org>
  Andy Shevchenko <andriy.shevche...@linux.intel.com>
  Ani Sinha <a...@arista.com>
  Anna Schumaker <anna.schuma...@netapp.com>
  Antonio Ospite <a...@ao2.it>
  Antonio Quartulli <a...@unstable.cc>
  Antonio Quartulli <anto...@meshcoding.com>
  Ard Biesheuvel <ard.biesheu...@linaro.org>
  Arnaldo Carvalho de Melo <a...@redhat.com>
  Arnd Bergmann <a...@arndb.de>
  Ashish Panwar <ashish.pan...@intel.com>
  Aurélien Francillon <aurel...@francillon.net>
  Bart Van Assche <bart.vanass...@sandisk.com>
  Ben Skeggs <bske...@redhat.com>
  Benjamin Tissoires <benjamin.tissoi...@redhat.com>
  Bjorn Helgaas <bhelg...@google.com>
  Boqun Feng <boqun.f...@gmail.com>
  Boris Brezillon <boris.brezil...@free-electrons.com>
  Borislav Petkov <b...@suse.de>
  Brian Norris <computersforpe...@gmail.com>
  Bruno Bierbaumer <br...@bierbaumer.net>
  Catalin Marinas <catalin.mari...@arm.com>
  Charles Ouyang <ouyangzhao...@huawei.com>
  Christoph Biedl <linux-kernel.b...@manchmal.in-ulm.de>
  Chuanxiao Dong <chuanxiao.d...@intel.com>
  Cong Wang <cw...@twopensource.com>
  D. Jeff Dionne <j...@uclinux.org>
  Dan Carpenter <dan.carpen...@oracle.com>
  Dan Streetman <dan.street...@canonical.com>
  Dan Streetman <ddstr...@ieee.org>
  Daniel Borkmann <dan...@iogearbox.net>
  Daniel Lezcano <daniel.lezc...@linaro.org>
  Daniel Vetter <daniel.vet...@ffwll.ch>
  Darren Hart <dvh...@linux.intel.com>
  Darrick J. Wong <darrick.w...@oracle.com>
  Dave Chinner <da...@fromorbit.com>
  Dave Chinner <dchin...@redhat.com>
  David Gibson <da...@gibson.dropbear.id.au>
  David S. Miller <da...@davemloft.net>
  David Sterba <dste...@suse.com>
  David Vrabel <david.vra...@citrix.com>
  Dinh Nguyen <dingu...@opensource.altera.com>
  Dmitry Torokhov <dmitry.torok...@gmail.com>
  Dmitry Tunin <hanipouspi...@gmail.com>
  Dmitry V. Levin <l...@altlinux.org>
  Dmitry Vyukov <dvyu...@google.com>
  Doug Ledford <dledf...@redhat.com>
  Emmanuel Grumbach <emmanuel.grumb...@intel.com>
  Eric Dumazet <eduma...@google.com>
  Eric W. Biederman <ebied...@xmission.com>
  Eric Wheeler <bca...@linux.ewheeler.net>
  Evan Jones <e...@evanjones.ca>
  Florian Westphal <f...@strlen.de>
  Gabriel de Perthuis <g2p.c...@gmail.com>
  Gabriel Fernandez <gabriel.fernan...@linaro.org>
  Geert Uytterhoeven <geert+rene...@glider.be>
  Greg Kroah-Hartman <gre...@linuxfoundation.org>
  Grygorii Strashko <grygorii.stras...@ti.com>
  Guenter Roeck <li...@roeck-us.net>
  H. Peter Anvin <h...@zytor.com>
  H.J. Lu <hjl.to...@gmail.com>
  Hannes Frederic Sowa <han...@stressinduktion.org>
  Hans de Goede <hdego...@redhat.com>
  Hans Verkuil <hans.verk...@cisco.com>
  Heiko Carstens <heiko.carst...@de.ibm.com>
  Helge Deller <del...@gmx.de>
  Herbert Xu <herb...@gondor.apana.org.au>
  Ian Campbell <ian.campb...@citrix.com>
  Ido Schimmel <ido...@mellanox.com>
  Igor Grinberg <grinb...@compulab.co.il>
  Ingo Molnar <mi...@kernel.org>
  Ioan-Adrian Ratiu <a...@adirat.com>
  Ivaylo Dimitrov <ivo.g.dimitrov...@gmail.com>
  Jamie Bainbridge <jamie.bainbri...@gmail.com>
  Jan Beulich <jbeul...@suse.com>
  Jan Kara <j...@suse.com>
  Jan Kara <j...@suse.cz>
  Jani Nikula <jani.nik...@intel.com>
  Jay Vosburgh <jay.vosbu...@canonical.com>
  Jean Delvare <jdelv...@suse.de>
  Jeff Layton <jeff.lay...@primarydata.com>
  Jens Axboe <ax...@fb.com>
  Jiri Kosina <jkos...@suse.cz>
  Jiri Pirko <j...@mellanox.com>
  Jiufei Xue <xuejiu...@huawei.com>
  Joe Jin <joe....@oracle.com>
  Johan Hovold <jo...@kernel.org>
  John Blackwood <john.blackw...@ccur.com>
  John Stultz <john.stu...@linaro.org>
  Josh Boyer <jwbo...@fedoraproject.org>
  Joshua Schmid <jsch...@suse.com>
  Junjie Mao <junjie....@hotmail.com>
  Kalle Valo <kv...@codeaurora.org>
  Kamal Mostafa <ka...@canonical.com>
  Karl Heiss <khe...@gmail.com>
  Kees Cook <keesc...@chromium.org>
  Kent Overstreet <kent.overstr...@gmail.com>
  Kent Overstreet <k...@daterainc.com>
  Kyeongdon Kim <kyeongdon....@lge.com>
  Larry Finger <larry.fin...@lwfinger.net>
  Laura Abbott <labb...@fedoraproject.org>
  Laurent Vivier <lviv...@redhat.com>
  Linus Lüssing <linus.luess...@c0d3.blue>
  Linus Torvalds <torva...@linux-foundation.org>
  Linus Walleij <linus.wall...@linaro.org>
  Loc Ho <l...@apm.com>
  Lorenzo Pieralisi <lorenzo.pieral...@arm.com>
  Lucas Stach <l.st...@pengutronix.de> (for imx6)
  lucien <lucien....@gmail.com>
  Luis Henriques <luis.henriq...@canonical.com>
  Lukas Wunner <lu...@wunner.de>
  Malcolm Priestley <tvbox...@gmail.com>
  Mans Rullgard <m...@mansr.com>
  Marcel Holtmann <mar...@holtmann.org>
  Marcelo Ricardo Leitner <marcelo.leit...@gmail.com>
  Marek Lindner <mareklind...@neomailbox.ch>
  Mario Kleiner <mario.kleiner...@gmail.com>
  Mark Brown <broo...@kernel.org>
  Martijn Coenen <m...@google.com>
  Martin K. Petersen <martin.peter...@oracle.com>
  Martin Schwidefsky <schwidef...@de.ibm.com>
  Matan Barak <mat...@mellanox.com>
  Mauro Carvalho Chehab <mche...@osg.samsung.com>
  Michael Ellerman <m...@ellerman.id.au>
  Michael S. Tsirkin <m...@redhat.com>
  Michal Hocko <mho...@suse.com>
  Michal Marek <mma...@suse.com>
  Mickaël Salaün <m...@digikod.net>
  Mike Marciniszyn <mike.marcinis...@intel.com>
  Mike Snitzer <snit...@redhat.com>
  Mikulas Patocka <mpato...@redhat.com>
  Minchan Kim <minc...@kernel.org>
  Ming Lei <ming....@canonical.com>
  Moni Shoua <mo...@mellanox.com>
  Namhyung Kim <namhy...@kernel.org>
  Naoya Horiguchi <n-horigu...@ah.jp.nec.com>
  Neal Cardwell <ncardw...@google.com>
  Nicholas Bellinger <n...@linux-iscsi.org>
  Nicolas Boichat <drink...@chromium.org>
  Nicolas Dichtel <nicolas.dich...@6wind.com>
  Nikolay Aleksandrov <niko...@cumulusnetworks.com>
  Nikolay Borisov <ker...@kyup.com>
  Oliver Freyermuth <o.freyerm...@googlemail.com>
  Oliver Neukum <oneu...@suse.com>
  Oren Givon <oren.gi...@intel.com>
  Ouyang Zhaowei (Charles) <ouyangzhao...@huawei.com>
  Paolo Bonzini <pbonz...@redhat.com>
  Paul E. McKenney <paul...@linux.vnet.ibm.com>
  Paul Hordiienko <pvt.g...@gmail.com>
  Pawel Wodkowski <pawelx.wodkow...@intel.com>
  Peter Wu <pe...@lekensteyn.nl>
  Peter Zijlstra (Intel) <pet...@infradead.org>
  Pierre Moreau <pierre.mor...@free.fr>
  Rabin Vincent <rabin.vinc...@axis.com>
  Rabin Vincent <ra...@rab.in>
  Rafael Aquini <aqu...@redhat.com>
  Rich Felker <dal...@libc.org>
  Richard Cochran <richardcoch...@gmail.com>
  Richard Weinberger <rich...@nod.at>
  Rob Landley <r...@landley.net>
  Roman Volkov <rvol...@v1ros.org>
  Russell King <rmk+ker...@arm.linux.org.uk>
  Santosh Shilimkar <santosh.shilim...@oracle.com>
  Sasha Levin <sasha.le...@oracle.com>
  Sebastian Reichel <s...@kernel.org>
  Sergey Senozhatsky <sergey.senozhatsky.w...@gmail.com>
  Sergey Senozhatsky <sergey.senozhat...@gmail.com>
  Shirish Pargaonkar <shirishpargaon...@gmail.com>
  Shuah Khan <shua...@osg.samsung.com>
  Simon Horman <horms+rene...@verge.net.au>
  Simon Wunderlich <s...@simonwunderlich.de>
  Stefan Bader <stefan.ba...@canonical.com>
  Stefan Wahren <stefan.wah...@i2se.com>
  Steffen Klassert <steffen.klass...@secunet.com>
  Stephane Eranian <eran...@google.com>
  Stephen Boyd <sb...@codeaurora.org>
  Steve French <sfrench@localhost.localdomain>
  Steve French <smfre...@gmail.com>
  Steven Rostedt <rost...@goodmis.org>
  Sudip Mukherjee <su...@vectorindia.org>
  Sudip Mukherjee <sudipm.mukher...@gmail.com>
  Sven Eckelmann <s...@narfation.org>
  Takashi Iwai <ti...@suse.de>
  Tariq Saeed <tariq.x.sa...@oracle.com>
  Tejun Heo <t...@kernel.org>
  Thomas Gleixner <t...@linutronix.de>
  Trond Myklebust <trond.mykleb...@primarydata.com>
  Ulf Hansson <ulf.hans...@linaro.org>
  Ulrich Weigand <ulrich.weig...@de.ibm.com>
  Uri Mashiach <uri.mashi...@compulab.co.il>
  Vasily Averin <v...@virtuozzo.com>
  Vegard Nossum <vegard.nos...@oracle.com>
  Vijay Pandurangan <vij...@vijayp.ca>
  Vinit Agnihotri <vinit.abhay.agniho...@intel.com>
  Vinod Koul <vinod.k...@intel.com>
  Vitaly Kuznetsov <vkuzn...@redhat.com>
  Vlad Yasevich <vyasev...@gmail.com>
  Wei Liu <wei.l...@citrix.com>
  Will Deacon <will.dea...@arm.com>
  William Brown <will...@blackhats.net.au>
  Willy Tarreau <w...@1wt.eu>
  Xin Long <lucien....@gmail.com>
  xuejiufei <xuejiu...@huawei.com>
  Yoshinori Sato <ys...@users.sourceforge.jp>
  Yuchung Cheng <ych...@google.com>
  Zheng Liu <gnehzuil....@gmail.com>
  Zheng Liu <wenqing...@taobao.com>

jobs:
 build-amd64-xsm                                              pass
 build-armhf-xsm                                              pass
 build-i386-xsm                                               pass
 build-amd64                                                  pass
 build-armhf                                                  pass
 build-i386                                                   pass
 build-amd64-libvirt                                          pass
 build-armhf-libvirt                                          pass
 build-i386-libvirt                                           pass
 build-amd64-pvops                                            pass
 build-armhf-pvops                                            pass
 build-i386-pvops                                             pass
 build-amd64-rumpuserxen                                      fail
 build-i386-rumpuserxen                                       fail
 test-amd64-amd64-xl                                          fail
 test-armhf-armhf-xl                                          pass
 test-amd64-i386-xl                                           pass
 test-amd64-amd64-xl-qemut-debianhvm-amd64-xsm                pass
 test-amd64-i386-xl-qemut-debianhvm-amd64-xsm                 pass
 test-amd64-amd64-libvirt-qemuu-debianhvm-amd64-xsm           pass
 test-amd64-i386-libvirt-qemuu-debianhvm-amd64-xsm            pass
 test-amd64-amd64-xl-qemuu-debianhvm-amd64-xsm                pass
 test-amd64-i386-xl-qemuu-debianhvm-amd64-xsm                 pass
 test-amd64-amd64-xl-qemut-stubdom-debianhvm-amd64-xsm        pass
 test-amd64-i386-xl-qemut-stubdom-debianhvm-amd64-xsm         pass
 test-amd64-amd64-libvirt-xsm                                 pass
 test-armhf-armhf-libvirt-xsm                                 fail
 test-amd64-i386-libvirt-xsm                                  pass
 test-amd64-amd64-xl-xsm                                      fail
 test-armhf-armhf-xl-xsm                                      pass
 test-amd64-i386-xl-xsm                                       pass
 test-amd64-amd64-qemuu-nested-amd                            fail
 test-amd64-amd64-xl-pvh-amd                                  fail
 test-amd64-i386-qemut-rhel6hvm-amd                           pass
 test-amd64-i386-qemuu-rhel6hvm-amd                           pass
 test-amd64-amd64-xl-qemut-debianhvm-amd64                    pass
 test-amd64-i386-xl-qemut-debianhvm-amd64                     pass
 test-amd64-amd64-xl-qemuu-debianhvm-amd64                    pass
 test-amd64-i386-xl-qemuu-debianhvm-amd64                     pass
 test-amd64-i386-freebsd10-amd64                              pass
 test-amd64-amd64-xl-qemuu-ovmf-amd64                         pass
 test-amd64-i386-xl-qemuu-ovmf-amd64                          pass
 test-amd64-amd64-rumpuserxen-amd64                           blocked
 test-amd64-amd64-xl-qemut-win7-amd64                         fail
 test-amd64-i386-xl-qemut-win7-amd64                          fail
 test-amd64-amd64-xl-qemuu-win7-amd64                         fail
 test-amd64-i386-xl-qemuu-win7-amd64                          fail
 test-amd64-amd64-xl-credit2                                  fail
 test-armhf-armhf-xl-credit2                                  pass
 test-amd64-i386-freebsd10-i386                               pass
 test-amd64-i386-rumpuserxen-i386                             blocked
 test-amd64-amd64-qemuu-nested-intel                          fail
 test-amd64-amd64-xl-pvh-intel                                fail
 test-amd64-i386-qemut-rhel6hvm-intel                         pass
 test-amd64-i386-qemuu-rhel6hvm-intel                         pass
 test-amd64-amd64-libvirt                                     pass
 test-armhf-armhf-libvirt                                     fail
 test-amd64-i386-libvirt                                      pass
 test-armhf-armhf-xl-midway                                   fail
 test-amd64-amd64-xl-multivcpu                                fail
 test-armhf-armhf-xl-multivcpu                                pass
 test-amd64-amd64-pair                                        pass
 test-amd64-i386-pair                                         pass
 test-amd64-amd64-libvirt-pair                                pass
 test-amd64-i386-libvirt-pair                                 pass
 test-amd64-amd64-amd64-pvgrub                                pass
 test-amd64-amd64-i386-pvgrub                                 pass
 test-amd64-amd64-pygrub                                      pass
 test-armhf-armhf-libvirt-qcow2                               fail
 test-amd64-amd64-xl-qcow2                                    pass
 test-armhf-armhf-libvirt-raw                                 fail
 test-amd64-i386-xl-raw                                       pass
 test-amd64-amd64-xl-rtds                                     fail
 test-armhf-armhf-xl-rtds                                     pass
 test-amd64-i386-xl-qemut-winxpsp3-vcpus1                     pass
 test-amd64-i386-xl-qemuu-winxpsp3-vcpus1                     pass
 test-amd64-amd64-libvirt-vhd                                 pass
 test-armhf-armhf-xl-vhd                                      pass
 test-amd64-amd64-xl-qemut-winxpsp3                           pass
 test-amd64-i386-xl-qemut-winxpsp3                            pass
 test-amd64-amd64-xl-qemuu-winxpsp3                           pass
 test-amd64-i386-xl-qemuu-winxpsp3                            pass


------------------------------------------------------------
sg-report-flight on osstest.xs.citrite.net
logs: /home/osstest/logs
images: /home/osstest/images

Logs, config files, etc. are available at
    http://osstest.xs.citrite.net/~osstest/testlogs/logs

Test harness code can be found at
    http://xenbits.xensource.com/gitweb?p=osstest.git;a=summary


Push not applicable.

(No revision log; it would be 5374 lines long.)

_______________________________________________
Xen-devel mailing list
Xen-devel@lists.xen.org
http://lists.xen.org/xen-devel

Reply via email to