flight 80172 linux-4.1 real [real] http://logs.test-lab.xenproject.org/osstest/logs/80172/
Regressions :-( Tests which did not succeed and are blocking, including tests which could not be run: build-amd64-rumpuserxen 6 xen-build fail REGR. vs. 66399 build-i386-rumpuserxen 6 xen-build fail REGR. vs. 66399 test-armhf-armhf-xl-cubietruck 15 guest-start/debian.repeat fail REGR. vs. 66399 test-armhf-armhf-xl-credit2 15 guest-start/debian.repeat fail REGR. vs. 66399 test-armhf-armhf-xl-xsm 16 guest-start.2 fail REGR. vs. 66399 test-armhf-armhf-xl 15 guest-start/debian.repeat fail in 79950 REGR. vs. 66399 Tests which are failing intermittently (not blocking): test-armhf-armhf-xl-cubietruck 11 guest-start fail in 79950 pass in 80172 test-armhf-armhf-xl-credit2 11 guest-start fail in 79950 pass in 80172 test-armhf-armhf-xl-xsm 15 guest-start/debian.repeat fail in 79950 pass in 80172 test-armhf-armhf-xl-multivcpu 11 guest-start fail in 79950 pass in 80172 test-armhf-armhf-xl-rtds 11 guest-start fail in 79950 pass in 80172 test-armhf-armhf-xl 11 guest-start fail pass in 79950 Regressions which are regarded as allowable (not blocking): test-amd64-amd64-xl-qemuu-win7-amd64 16 guest-stop fail like 66399 test-amd64-i386-xl-qemuu-win7-amd64 16 guest-stop fail like 66399 test-armhf-armhf-xl-rtds 15 guest-start/debian.repeat fail like 66399 test-armhf-armhf-xl-vhd 9 debian-di-install fail like 66399 Tests which did not succeed, but are not blocking: test-amd64-i386-rumpuserxen-i386 1 build-check(1) blocked n/a test-amd64-amd64-rumpuserxen-amd64 1 build-check(1) blocked n/a test-armhf-armhf-xl 12 migrate-support-check fail in 79950 never pass test-armhf-armhf-xl 13 saverestore-support-check fail in 79950 never pass test-amd64-amd64-xl-pvh-amd 11 guest-start fail never pass test-amd64-amd64-xl-pvh-intel 14 guest-saverestore fail never pass test-armhf-armhf-libvirt-xsm 12 migrate-support-check fail never pass test-armhf-armhf-libvirt-xsm 14 guest-saverestore fail never pass test-amd64-amd64-libvirt-xsm 12 migrate-support-check fail never pass test-armhf-armhf-libvirt-qcow2 11 migrate-support-check fail never pass test-armhf-armhf-libvirt-qcow2 13 guest-saverestore fail never pass test-amd64-i386-libvirt-xsm 12 migrate-support-check fail never pass test-amd64-amd64-qemuu-nested-amd 16 debian-hvm-install/l1/l2 fail never pass test-armhf-armhf-xl-arndale 12 migrate-support-check fail never pass test-armhf-armhf-xl-arndale 13 saverestore-support-check fail never pass test-amd64-amd64-libvirt-qemuu-debianhvm-amd64-xsm 10 migrate-support-check fail never pass test-amd64-i386-libvirt 12 migrate-support-check fail never pass test-amd64-amd64-libvirt 12 migrate-support-check fail never pass test-armhf-armhf-xl-cubietruck 12 migrate-support-check fail never pass test-armhf-armhf-xl-cubietruck 13 saverestore-support-check fail never pass test-armhf-armhf-xl-credit2 13 saverestore-support-check fail never pass test-armhf-armhf-xl-credit2 12 migrate-support-check fail never pass test-armhf-armhf-xl-xsm 13 saverestore-support-check fail never pass test-armhf-armhf-xl-xsm 12 migrate-support-check fail never pass test-amd64-i386-libvirt-qemuu-debianhvm-amd64-xsm 10 migrate-support-check fail never pass test-armhf-armhf-xl-multivcpu 13 saverestore-support-check fail never pass test-armhf-armhf-xl-multivcpu 12 migrate-support-check fail never pass test-amd64-amd64-libvirt-vhd 11 migrate-support-check fail never pass test-armhf-armhf-libvirt 14 guest-saverestore fail never pass test-armhf-armhf-libvirt 12 migrate-support-check fail never pass test-armhf-armhf-xl-rtds 13 saverestore-support-check fail never pass test-armhf-armhf-xl-rtds 12 migrate-support-check fail never pass test-armhf-armhf-libvirt-raw 9 debian-di-install fail never pass version targeted for testing: linux 2d5f6b0413359df065fd02d695c08bbc7d998bbd baseline version: linux 07cc49f66973f49a391c91bf4b158fa0f2562ca8 Last test of basis 66399 2015-12-15 18:20:39 Z 50 days Failing since 78925 2016-01-24 13:50:39 Z 10 days 13 attempts Testing same since 79642 2016-01-31 21:28:16 Z 3 days 4 attempts ------------------------------------------------------------ People who touched revisions under test: Acked-by: David Howells <dhowe...@redhat.com> Al Viro <v...@zeniv.linux.org.uk> Alan Stern <st...@rowland.harvard.edu> Alexandra Yates <alexandra.ya...@linux.intel.com> Alexandru Cornea <alexandru.cor...@intel.com> Alexei Starovoitov <a...@kernel.org> Alexey Khoroshilov <khoroshi...@ispras.ru> Andrey Ryabinin <aryabi...@virtuozzo.com> Andy Gospodarek <go...@cumulusnetworks.com> Andy Lutomirski <l...@kernel.org> Anssi Hannula <anssi.hann...@iki.fi> Antonio Quartulli <a...@unstable.cc> Antti Palosaari <cr...@iki.fi> Ard Biesheuvel <ard.biesheu...@linaro.org> Arnd Bergmann <a...@arndb.de> Ashish Panwar <ashish.pan...@intel.com> Azael Avalos <coproscef...@gmail.com> Ben Hutchings <b...@decadent.org.uk> Bjørn Mork <bj...@mork.no> Boqun Feng <boqun.f...@gmail.com> Boris Ostrovsky <boris.ostrov...@oracle.com> Catalin Marinas <catalin.mari...@arm.com> Charles Keepax <ckee...@opensource.wolfsonmicro.com> Charles Ouyang <ouyangzhao...@huawei.com> Christoffer Dall <christoffer.d...@linaro.org> Chunfeng Yun <chunfeng....@mediatek.com> Cong Wang <cw...@twopensource.com> Cong Wang <xiyou.wangc...@gmail.com> Corey Minyard <cminy...@mvista.com> Dan Carpenter <dan.carpen...@oracle.com> Dan Streetman <dan.street...@canonical.com> Dan Streetman <ddstr...@ieee.org> Daniel Borkmann <dan...@iogearbox.net> Daniele Palmas <dnl...@gmail.com> Darren Hart <dvh...@linux.intel.com> Dave Hansen <dave.han...@linux.intel.com> David Henningsson <david.hennings...@canonical.com> David Howells <dhowe...@redhat.com> David J. Wilder <dwil...@us.ibm.com> David S. Miller <da...@davemloft.net> David Vrabel <david.vra...@citrix.com> David Woodhouse <david.woodho...@intel.com> Dmitry Katsubo <dmitry.kats...@gmail.com> Dmitry V. Levin <l...@altlinux.org> Dmitry Vyukov <dvyu...@google.com> Don Zickus <dzic...@redhat.com> Eric Dumazet <eduma...@google.com> Eric W. Biederman <ebied...@xmission.com> Evan Jones <e...@evanjones.ca> Felipe Balbi <ba...@ti.com> Florian Westphal <f...@strlen.de> Francesco Ruggeri <frugg...@arista.com> Francesco Ruggeri <frugg...@aristanetworks.com> Gouji, Masayuki <gouji.masay...@jp.fujitsu.com> Greg Kroah-Hartman <gre...@linuxfoundation.org> Guenter Roeck <li...@roeck-us.net> Guillaume Nault <g.na...@alphalink.fr> H. Peter Anvin <h...@zytor.com> H.J. Lu <hjl.to...@gmail.com> Hannes Frederic Sowa <han...@stressinduktion.org> Hans Verkuil <hans.verk...@cisco.com> Hans Yang <ha...@nvidia.com> Hayes Wang <hayesw...@realtek.com> Helge Deller <del...@gmx.de> Herbert Xu <herb...@gondor.apana.org.au> Hui Wang <hui.w...@canonical.com> Ian Campbell <ian.campb...@citrix.com> Ido Schimmel <ido...@mellanox.com> Ingo Molnar <mi...@kernel.org> Ivaylo Dimitrov <ivo.g.dimitrov...@gmail.com> James Morris <james.l.mor...@oracle.com> Jan Kara <j...@suse.cz> Jan Stancek <jstan...@redhat.com> Jarkko Sakkinen <jarkko.sakki...@linux.intel.com> Jarod Wilson <ja...@redhat.com> Jay Vosburgh <jay.vosbu...@canonical.com> Jens Axboe <ax...@fb.com> Jiri Benc <jb...@redhat.com> Jiri Kosina <jkos...@suse.cz> Jiri Pirko <j...@mellanox.com> Joe Jin <joe....@oracle.com> Johan Hovold <jo...@kernel.org> John Blackwood <john.blackw...@ccur.com> John Fastabend <john.fastab...@gmail.com> John Fastabend <john.r.fastab...@intel.com> John Keeping <j...@metanate.com> Jonas Jonsson <jo...@ludd.ltu.se> Jurgen Kramer <gtmkra...@xs4all.nl> Karl Heiss <khe...@gmail.com> Konstantin Khlebnikov <koc...@gmail.com> Konstantin Shkolnyy <konstantin.shkol...@gmail.com> Kuninori Morimoto <kuninori.morimoto...@renesas.com> Li Bin <huawei.li...@huawei.com> libin <huawei.li...@huawei.com> Lorenzo Pieralisi <lorenzo.pieral...@arm.com> Mans Rullgard <m...@mansr.com> Marc Zyngier <marc.zyng...@arm.com> Marcelo Ricardo Leitner <marcelo.leit...@gmail.com> Marek Lindner <mareklind...@neomailbox.ch> Mario Kleiner <mario.kleiner...@gmail.com> Mark Brown <broo...@kernel.org> Mathias Nyman <mathias.ny...@linux.intel.com> Mauro Carvalho Chehab <mche...@osg.samsung.com> Michael Ellerman <m...@ellerman.id.au> Michael Marley <mich...@michaelmarley.com> Michael Neuling <mi...@neuling.org> Michal Hocko <mho...@suse.com> Michal Kubecek <mkube...@suse.cz> Michal KubeÄek <mkube...@suse.cz> Mikulas Patocka <mpato...@redhat.com> Mimi Zohar <zo...@linux.vnet.ibm.com> (on TPM 1.2) Neal Cardwell <ncardw...@google.com> Nicolas Boichat <drink...@chromium.org> Nicolas Dichtel <nicolas.dich...@6wind.com> Nikesh Oswal <nikesh.os...@cirrus.com> Nikolay Aleksandrov <niko...@cumulusnetworks.com> Oliver Freyermuth <o.freyerm...@googlemail.com> Oliver Neukum <oneu...@suse.com> Ouyang Zhaowei (Charles) <ouyangzhao...@huawei.com> Paolo Bonzini <pbonz...@redhat.com> Paul Mackerras <pau...@ozlabs.org> Paul Mackerras <pau...@samba.org> Pavel Fedin <p.fe...@samsung.com> Pavel Machek <pa...@ucw.cz> Peter Huewe <peterhu...@gmx.de> Peter Ujfalusi <peter.ujfal...@ti.com> Peter Wu <pe...@lekensteyn.nl> Peter Zijlstra (Intel) <pet...@infradead.org> Prarit Bhargava <pra...@redhat.com> Raanan Avargil <raanan.avar...@intel.com> Rabin Vincent <ra...@rab.in> Radim KrÄmáŠ<rkrc...@redhat.com> Rainer Weikusat <rweiku...@mobileactivedefense.com> Richard Purdie <richard.pur...@linuxfoundation.org> Robert Jarzmik <robert.jarz...@free.fr> Sachin Pandhare <sachinpandh...@gmail.com> Salva Peiró <speir...@gmail.com> Sasha Levin <sasha.le...@oracle.com> Sergei Shtylyov <sergei.shtyl...@cogentembedded.com> Shannon Nelson <shannon.nel...@intel.com> Simon Wunderlich <s...@simonwunderlich.de> Stas Nichiporovich <stas...@gmail.com> Stefan Wahren <stefan.wah...@i2se.com> Steffen Klassert <steffen.klass...@secunet.com> Steven Rostedt <rost...@goodmis.org> Stewart Smith <stew...@linux.vnet.ibm.com> Sven Eckelmann <s...@narfation.org> Tadeusz Struk <tadeusz.st...@intel.com> tadeusz.st...@intel.com <tadeusz.st...@intel.com> Takashi Iwai <ti...@suse.de> Takashi Sakamoto <o-taka...@sakamocchi.jp> Thomas Gleixner <t...@linutronix.de> Tom Herbert <t...@herbertland.com> Tony Camuso <tcam...@redhat.com> Ulrich Weigand <ulrich.weig...@de.ibm.com> Vijay Pandurangan <vij...@vijayp.ca> Vinod Koul <vinod.k...@intel.com> Vlad Yasevich <vyasev...@gmail.com> Vladislav Yasevich <vyase...@redhat.com> Vladislav Yasevich <vyasev...@gmail.com> WANG Cong <xiyou.wangc...@gmail.com> Wei Liu <wei.l...@citrix.com> Will Deacon <will.dea...@arm.com> Willem de Bruijn <will...@google.com> Willy Tarreau <w...@1wt.eu> Xin Long <lucien....@gmail.com> Xiong Zhang <xiong.y.zh...@intel.com> Yang Shi <yang....@linaro.org> Yevgeny Pats <yevg...@perception-point.io> YOSHIFUJI Hideaki <yoshf...@linux-ipv6.org> Yuchung Cheng <ych...@google.com> Zi Shen Lim <zlim....@gmail.com> jobs: build-amd64-xsm pass build-armhf-xsm pass build-i386-xsm pass build-amd64 pass build-armhf pass build-i386 pass build-amd64-libvirt pass build-armhf-libvirt pass build-i386-libvirt pass build-amd64-pvops pass build-armhf-pvops pass build-i386-pvops pass build-amd64-rumpuserxen fail build-i386-rumpuserxen fail test-amd64-amd64-xl pass test-armhf-armhf-xl fail test-amd64-i386-xl pass test-amd64-amd64-xl-qemut-debianhvm-amd64-xsm pass test-amd64-i386-xl-qemut-debianhvm-amd64-xsm pass test-amd64-amd64-libvirt-qemuu-debianhvm-amd64-xsm pass test-amd64-i386-libvirt-qemuu-debianhvm-amd64-xsm pass test-amd64-amd64-xl-qemuu-debianhvm-amd64-xsm pass test-amd64-i386-xl-qemuu-debianhvm-amd64-xsm pass test-amd64-amd64-xl-qemut-stubdom-debianhvm-amd64-xsm pass test-amd64-i386-xl-qemut-stubdom-debianhvm-amd64-xsm pass test-amd64-amd64-libvirt-xsm pass test-armhf-armhf-libvirt-xsm fail test-amd64-i386-libvirt-xsm pass test-amd64-amd64-xl-xsm pass test-armhf-armhf-xl-xsm fail test-amd64-i386-xl-xsm pass test-amd64-amd64-qemuu-nested-amd fail test-amd64-amd64-xl-pvh-amd fail test-amd64-i386-qemut-rhel6hvm-amd pass test-amd64-i386-qemuu-rhel6hvm-amd pass test-amd64-amd64-xl-qemut-debianhvm-amd64 pass test-amd64-i386-xl-qemut-debianhvm-amd64 pass test-amd64-amd64-xl-qemuu-debianhvm-amd64 pass test-amd64-i386-xl-qemuu-debianhvm-amd64 pass test-amd64-i386-freebsd10-amd64 pass test-amd64-amd64-xl-qemuu-ovmf-amd64 pass test-amd64-i386-xl-qemuu-ovmf-amd64 pass test-amd64-amd64-rumpuserxen-amd64 blocked test-amd64-amd64-xl-qemut-win7-amd64 pass test-amd64-i386-xl-qemut-win7-amd64 pass test-amd64-amd64-xl-qemuu-win7-amd64 fail test-amd64-i386-xl-qemuu-win7-amd64 fail test-armhf-armhf-xl-arndale pass test-amd64-amd64-xl-credit2 pass test-armhf-armhf-xl-credit2 fail test-armhf-armhf-xl-cubietruck fail test-amd64-i386-freebsd10-i386 pass test-amd64-i386-rumpuserxen-i386 blocked test-amd64-amd64-qemuu-nested-intel pass test-amd64-amd64-xl-pvh-intel fail test-amd64-i386-qemut-rhel6hvm-intel pass test-amd64-i386-qemuu-rhel6hvm-intel pass test-amd64-amd64-libvirt pass test-armhf-armhf-libvirt fail test-amd64-i386-libvirt pass test-amd64-amd64-xl-multivcpu pass test-armhf-armhf-xl-multivcpu pass test-amd64-amd64-pair pass test-amd64-i386-pair pass test-amd64-amd64-libvirt-pair pass test-amd64-i386-libvirt-pair pass test-amd64-amd64-amd64-pvgrub pass test-amd64-amd64-i386-pvgrub pass test-amd64-amd64-pygrub pass test-armhf-armhf-libvirt-qcow2 fail test-amd64-amd64-xl-qcow2 pass test-armhf-armhf-libvirt-raw fail test-amd64-i386-xl-raw pass test-amd64-amd64-xl-rtds pass test-armhf-armhf-xl-rtds fail test-amd64-i386-xl-qemut-winxpsp3-vcpus1 pass test-amd64-i386-xl-qemuu-winxpsp3-vcpus1 pass test-amd64-amd64-libvirt-vhd pass test-armhf-armhf-xl-vhd fail test-amd64-amd64-xl-qemut-winxpsp3 pass test-amd64-i386-xl-qemut-winxpsp3 pass test-amd64-amd64-xl-qemuu-winxpsp3 pass test-amd64-i386-xl-qemuu-winxpsp3 pass ------------------------------------------------------------ sg-report-flight on osstest.test-lab.xenproject.org logs: /home/logs/logs images: /home/logs/images Logs, config files, etc. are available at http://logs.test-lab.xenproject.org/osstest/logs Explanation of these reports, and of osstest in general, is at http://xenbits.xen.org/gitweb/?p=osstest.git;a=blob;f=README.email;hb=master http://xenbits.xen.org/gitweb/?p=osstest.git;a=blob;f=README;hb=master Test harness code can be found at http://xenbits.xen.org/gitweb?p=osstest.git;a=summary Not pushing. (No revision log; it would be 4494 lines long.)
_______________________________________________ Xen-devel mailing list Xen-devel@lists.xen.org http://lists.xen.org/xen-devel