flight 79367 linux-3.16 real [real] http://logs.test-lab.xenproject.org/osstest/logs/79367/
Regressions :-( Tests which did not succeed and are blocking, including tests which could not be run: build-i386-rumpuserxen 6 xen-build fail REGR. vs. 77819 build-amd64-rumpuserxen 6 xen-build fail REGR. vs. 77819 Regressions which are regarded as allowable (not blocking): test-armhf-armhf-xl-rtds 15 guest-start/debian.repeat fail blocked in 77819 test-amd64-amd64-xl-credit2 17 guest-localmigrate/x10 fail like 77819 Tests which did not succeed, but are not blocking: test-amd64-amd64-rumpuserxen-amd64 1 build-check(1) blocked n/a test-amd64-i386-rumpuserxen-i386 1 build-check(1) blocked n/a test-amd64-amd64-xl-pvh-intel 11 guest-start fail never pass test-amd64-amd64-xl-pvh-amd 11 guest-start fail never pass test-amd64-amd64-xl-multivcpu 17 guest-localmigrate/x10 fail never pass test-armhf-armhf-libvirt-xsm 12 migrate-support-check fail never pass test-armhf-armhf-libvirt-xsm 14 guest-saverestore fail never pass test-amd64-amd64-xl-rtds 17 guest-localmigrate/x10 fail never pass test-armhf-armhf-libvirt 14 guest-saverestore fail never pass test-armhf-armhf-libvirt 12 migrate-support-check fail never pass test-amd64-amd64-libvirt-xsm 12 migrate-support-check fail never pass test-amd64-amd64-libvirt 12 migrate-support-check fail never pass test-armhf-armhf-libvirt-qcow2 11 migrate-support-check fail never pass test-armhf-armhf-libvirt-qcow2 13 guest-saverestore fail never pass test-amd64-amd64-qemuu-nested-amd 16 debian-hvm-install/l1/l2 fail never pass test-armhf-armhf-libvirt-raw 13 guest-saverestore fail never pass test-armhf-armhf-libvirt-raw 11 migrate-support-check fail never pass test-amd64-i386-libvirt 12 migrate-support-check fail never pass test-armhf-armhf-xl-xsm 13 saverestore-support-check fail never pass test-armhf-armhf-xl-xsm 12 migrate-support-check fail never pass test-armhf-armhf-xl-arndale 12 migrate-support-check fail never pass test-armhf-armhf-xl-arndale 13 saverestore-support-check fail never pass test-amd64-i386-libvirt-xsm 12 migrate-support-check fail never pass test-amd64-amd64-libvirt-qemuu-debianhvm-amd64-xsm 10 migrate-support-check fail never pass test-amd64-i386-libvirt-qemuu-debianhvm-amd64-xsm 10 migrate-support-check fail never pass test-amd64-i386-xl-qemuu-win7-amd64 16 guest-stop fail never pass test-amd64-amd64-libvirt-vhd 11 migrate-support-check fail never pass test-armhf-armhf-xl 12 migrate-support-check fail never pass test-armhf-armhf-xl 13 saverestore-support-check fail never pass test-armhf-armhf-xl-credit2 13 saverestore-support-check fail never pass test-armhf-armhf-xl-credit2 12 migrate-support-check fail never pass test-armhf-armhf-xl-cubietruck 12 migrate-support-check fail never pass test-armhf-armhf-xl-cubietruck 13 saverestore-support-check fail never pass test-armhf-armhf-xl-multivcpu 13 saverestore-support-check fail never pass test-armhf-armhf-xl-multivcpu 12 migrate-support-check fail never pass test-armhf-armhf-xl-vhd 11 migrate-support-check fail never pass test-armhf-armhf-xl-vhd 12 saverestore-support-check fail never pass test-armhf-armhf-xl-rtds 13 saverestore-support-check fail never pass test-armhf-armhf-xl-rtds 12 migrate-support-check fail never pass version targeted for testing: linux 3c702e47ca83e03824e5dc0358438d3805161102 baseline version: linux c5305f04d7b78f16586a5fbce2690c57a855f5cf Last test of basis 77819 2016-01-11 11:14:24 Z 17 days Testing same since 79322 2016-01-28 11:54:23 Z 0 days 2 attempts ------------------------------------------------------------ People who touched revisions under test: "Suzuki K. Poulose" <suzuki.poul...@arm.com> Al Viro <v...@zeniv.linux.org.uk> Alan Stern <st...@rowland.harvard.edu> Alex Deucher <alexander.deuc...@amd.com> Alex Thorlton <athorl...@sgi.com> Alexandru Cornea <alexandru.cor...@intel.com> Alexei Starovoitov <a...@kernel.org> Alexey Khoroshilov <khoroshi...@ispras.ru> Andrea Arcangeli <aarca...@redhat.com> Andrew Banman <aban...@sgi.com> Andrew Morton <a...@linux-foundation.org> Andrey Ryabinin <aryabi...@virtuozzo.com> Anson Huang <anson.hu...@freescale.com> Anssi Hannula <anssi.hann...@iki.fi> Arnaldo Carvalho de Melo <a...@redhat.com> Arnd Bergmann <a...@arndb.de> Ashok Raj <ashok....@intel.com> Ben Hutchings <b...@decadent.org.uk> Benjamin Coddington <bcodd...@redhat.com> Benjamin Herrenschmidt <b...@kernel.crashing.org> Borislav Petkov <b...@suse.de> Charles Keepax <ckee...@opensource.wolfsonmicro.com> Chris Wilson <ch...@chris-wilson.co.uk> Chunfeng Yun <chunfeng....@mediatek.com> Colin Ian King <colin.k...@canonical.com> Corey Minyard <cminy...@mvista.com> Dan Carpenter <dan.carpen...@oracle.com> Dan Williams <dan.j.willi...@intel.com> Daniel Borkmann <dan...@iogearbox.net> Daniel J Blueman <dan...@quora.org> Daniel Mentz <danielme...@google.com> Daniel Vetter <dan...@ffwll.ch> Daniele Palmas <dnl...@gmail.com> Dave Airlie <airl...@redhat.com> David Henningsson <david.hennings...@canonical.com> David Howells <dhowe...@redhat.com> David Rientjes <rient...@google.com> David S. Miller <da...@davemloft.net> David Turner <nova...@novalis.org> David Vrabel <david.vra...@citrix.com> Dmitry Katsubo <dmitry.kats...@gmail.com> Dmitry V. Levin <l...@altlinux.org> Don Zickus <dzic...@redhat.com> Doug Ledford <dledf...@redhat.com> Eran Ben Elisha <era...@mellanox.com> Eric Anholt <e...@anholt.net> Eric Dumazet <eduma...@google.com> Eugenia Emantayev <euge...@mellanox.com> Felipe Balbi <ba...@ti.com> Francesco Ruggeri <frugg...@arista.com> Francesco Ruggeri <frugg...@aristanetworks.com> Geert Uytterhoeven <geert+rene...@glider.be> Greg Kroah-Hartman <gre...@linuxfoundation.org> Guillaume Delbergue <guillaume.delber...@greensocs.com> Hannes Frederic Sowa <han...@stressinduktion.org> Hans de Goede <hdego...@redhat.com> Hans Yang <ha...@nvidia.com> Helge Deller <del...@gmx.de> Herbert Xu <herb...@gondor.apana.org.au> Hillf Danton <hillf...@alibaba-inc.com> Hui Wang <hui.w...@canonical.com> Ingo Molnar <mi...@kernel.org> Jacob Pan <jacob.jun....@linux.intel.com> James Bottomley <james.bottom...@hansenpartnership.com> James Hogan <james.ho...@imgtec.com> James Morris <james.l.mor...@oracle.com> James Morse <james.mo...@arm.com> Jan Beulich <jbeul...@suse.com> Jan Kara <j...@suse.cz> Jan Stancek <jstan...@redhat.com> Jani Nikula <jani.nik...@intel.com> Jarod Wilson <ja...@redhat.com> Jason A. Donenfeld <ja...@zx2c4.com> Jean Delvare <jdelv...@suse.de> Jens Axboe <ax...@fb.com> Joe Thornber <e...@redhat.com> Johan Hovold <jo...@kernel.org> Johannes Berg <johannes.b...@intel.com> Jonas Jonsson <jo...@ludd.ltu.se> Jonathan Cameron <ji...@kernel.org> Joseph Qi <joseph...@huawei.com> Junxiao Bi <junxiao...@oracle.com> Kamal Mostafa <ka...@canonical.com> Ken Xue <ken....@amd.com> Kirill A. Shutemov <kir...@shutemov.name> Konrad Rzeszutek Wilk <konrad.w...@oracle.com> Konstantin Shkolnyy <konstantin.shkol...@gmail.com> Krzysztof HaÅasa <khal...@piap.pl> Linus Torvalds <torva...@linux-foundation.org> Linus Walleij <linus.wall...@linaro.org> Luis Henriques <luis.henriq...@canonical.com> Mans Rullgard <m...@mansr.com> Marina Varshaver <mari...@mellanox.com> Mario Kleiner <mario.kleiner...@gmail.com> Mark Brown <broo...@kernel.org> Martin K. Petersen <martin.peter...@oracle.com> Martin Schwidefsky <schwidef...@de.ibm.com> Mathias Nyman <mathias.ny...@linux.intel.com> Matt Fleming <matt.flem...@intel.com> Maxime Ripard <maxime.rip...@free-electrons.com> Michael Ellerman <m...@ellerman.id.au> Michael Holzheu <holz...@linux.vnet.ibm.com> Michael S. Tsirkin <m...@redhat.com> Michal Hocko <mho...@suse.com> Mike Snitzer <snit...@redhat.com> Miklos Szeredi <mik...@szeredi.hu> Mikulas Patocka <mpato...@redhat.com> Naoya Horiguchi <n-horigu...@ah.jp.nec.com> Neelesh Gupta <neele...@linux.vnet.ibm.com> NeilBrown <ne...@suse.com> Nikesh Oswal <nikesh.os...@cirrus.com> Oded Gabbay <oded.gab...@gmail.com> Olliver Schinagl <oli...@schinagl.nl> Or Gerlitz <ogerl...@mellanox.com> Paolo Bonzini <pbonz...@redhat.com> Paul Bolle <pebo...@tiscali.nl> Paul Mackerras <pau...@ozlabs.org> Paul Mackerras <pau...@samba.org> Pavel Machek <pa...@ucw.cz> Pavel Tikhomirov <ptikhomi...@virtuozzo.com> Peter Hurley <pe...@hurleysoftware.com> Peter Zijlstra (Intel) <pet...@infradead.org> Peter Zijlstra <pet...@infradead.org> Prarit Bhargava <pra...@redhat.com> Qiu Peiyang <peiyangx....@intel.com> Rabin Vincent <ra...@rab.in> Rafael J. Wysocki <rafael.j.wyso...@intel.com> Ralf Baechle <r...@linux-mips.org> Robert Jarzmik <robert.jarz...@free.fr> Roger Pau Monné <roger....@citrix.com> Roman Gushchin <kl...@yandex-team.ru> Roman Volkov <rvol...@v1ros.org> Ross Lagerwall <ross.lagerw...@citrix.com> Russell King <rmk+ker...@arm.linux.org.uk> Rusty Russell <ru...@rustcorp.com.au> Sagi Grimberg <sa...@mellanox.com> Sergei Shtylyov <sergei.shtyl...@cogentembedded.com> Seth Jennings <sjenni...@variantweb.net> Shawn Guo <shawn...@kernel.org> Srinivas Eeda <srinivas.e...@oracle.com> Stefan Wahren <stefan.wah...@i2se.com> Stephen Warren <swar...@wwwdotorg.org> Steven Rostedt (Red Hat) <rost...@goodmis.org> Steven Rostedt <rost...@goodmis.org> Stewart Smith <stew...@linux.vnet.ibm.com> Suman Anna <s-a...@ti.com> Takashi Iwai <ti...@suse.de> Tejun Heo <t...@kernel.org> Tetsuo Handa <penguin-ker...@i-love.sakura.ne.jp> Theodore Ts'o <ty...@mit.edu> Thomas Gleixner <t...@linutronix.de> Thomas Hellstrom <thellst...@vmware.com> Thomas Richter <t...@math.tu-berlin.de> Tilman Schmidt <til...@imap.cc> Tim Harvey <thar...@gateworks.com> Timur Tabi <ti...@tabi.org> Tobias Klauser <tklau...@distanz.ch> Tomi Valkeinen <tomi.valkei...@ti.com> Tony Camuso <tcam...@redhat.com> Trond Myklebust <trond.mykleb...@primarydata.com> Vineet Gupta <vgu...@synopsys.com> Vinod Koul <vinod.k...@intel.com> Wang Dongsheng <dongsheng.w...@freescale.com> Wolfram Sang <w...@the-dreams.de> Xiangliang Yu <xiangliang...@amd.com> Xiong Zhang <xiong.y.zh...@intel.com> Yevgeny Pats <yevg...@perception-point.io> YOSHIFUJI Hideaki <yoshf...@linux-ipv6.org> jobs: build-amd64-xsm pass build-armhf-xsm pass build-i386-xsm pass build-amd64 pass build-armhf pass build-i386 pass build-amd64-libvirt pass build-armhf-libvirt pass build-i386-libvirt pass build-amd64-pvops pass build-armhf-pvops pass build-i386-pvops pass build-amd64-rumpuserxen fail build-i386-rumpuserxen fail test-amd64-amd64-xl pass test-armhf-armhf-xl pass test-amd64-i386-xl pass test-amd64-amd64-xl-qemut-debianhvm-amd64-xsm pass test-amd64-i386-xl-qemut-debianhvm-amd64-xsm pass test-amd64-amd64-libvirt-qemuu-debianhvm-amd64-xsm pass test-amd64-i386-libvirt-qemuu-debianhvm-amd64-xsm pass test-amd64-amd64-xl-qemuu-debianhvm-amd64-xsm pass test-amd64-i386-xl-qemuu-debianhvm-amd64-xsm pass test-amd64-amd64-xl-qemut-stubdom-debianhvm-amd64-xsm pass test-amd64-i386-xl-qemut-stubdom-debianhvm-amd64-xsm pass test-amd64-amd64-libvirt-xsm pass test-armhf-armhf-libvirt-xsm fail test-amd64-i386-libvirt-xsm pass test-amd64-amd64-xl-xsm pass test-armhf-armhf-xl-xsm pass test-amd64-i386-xl-xsm pass test-amd64-amd64-qemuu-nested-amd fail test-amd64-amd64-xl-pvh-amd fail test-amd64-i386-qemut-rhel6hvm-amd pass test-amd64-i386-qemuu-rhel6hvm-amd pass test-amd64-amd64-xl-qemut-debianhvm-amd64 pass test-amd64-i386-xl-qemut-debianhvm-amd64 pass test-amd64-amd64-xl-qemuu-debianhvm-amd64 pass test-amd64-i386-xl-qemuu-debianhvm-amd64 pass test-amd64-i386-freebsd10-amd64 pass test-amd64-amd64-xl-qemuu-ovmf-amd64 pass test-amd64-i386-xl-qemuu-ovmf-amd64 pass test-amd64-amd64-rumpuserxen-amd64 blocked test-amd64-amd64-xl-qemut-win7-amd64 pass test-amd64-i386-xl-qemut-win7-amd64 pass test-amd64-amd64-xl-qemuu-win7-amd64 pass test-amd64-i386-xl-qemuu-win7-amd64 fail test-armhf-armhf-xl-arndale pass test-amd64-amd64-xl-credit2 fail test-armhf-armhf-xl-credit2 pass test-armhf-armhf-xl-cubietruck pass test-amd64-i386-freebsd10-i386 pass test-amd64-i386-rumpuserxen-i386 blocked test-amd64-amd64-qemuu-nested-intel pass test-amd64-amd64-xl-pvh-intel fail test-amd64-i386-qemut-rhel6hvm-intel pass test-amd64-i386-qemuu-rhel6hvm-intel pass test-amd64-amd64-libvirt pass test-armhf-armhf-libvirt fail test-amd64-i386-libvirt pass test-amd64-amd64-xl-multivcpu fail test-armhf-armhf-xl-multivcpu pass test-amd64-amd64-pair pass test-amd64-i386-pair pass test-amd64-amd64-libvirt-pair pass test-amd64-i386-libvirt-pair pass test-amd64-amd64-amd64-pvgrub pass test-amd64-amd64-i386-pvgrub pass test-amd64-amd64-pygrub pass test-armhf-armhf-libvirt-qcow2 fail test-amd64-amd64-xl-qcow2 pass test-armhf-armhf-libvirt-raw fail test-amd64-i386-xl-raw pass test-amd64-amd64-xl-rtds fail test-armhf-armhf-xl-rtds fail test-amd64-i386-xl-qemut-winxpsp3-vcpus1 pass test-amd64-i386-xl-qemuu-winxpsp3-vcpus1 pass test-amd64-amd64-libvirt-vhd pass test-armhf-armhf-xl-vhd pass test-amd64-amd64-xl-qemut-winxpsp3 pass test-amd64-i386-xl-qemut-winxpsp3 pass test-amd64-amd64-xl-qemuu-winxpsp3 pass test-amd64-i386-xl-qemuu-winxpsp3 pass ------------------------------------------------------------ sg-report-flight on osstest.test-lab.xenproject.org logs: /home/logs/logs images: /home/logs/images Logs, config files, etc. are available at http://logs.test-lab.xenproject.org/osstest/logs Explanation of these reports, and of osstest in general, is at http://xenbits.xen.org/gitweb/?p=osstest.git;a=blob;f=README.email;hb=master http://xenbits.xen.org/gitweb/?p=osstest.git;a=blob;f=README;hb=master Test harness code can be found at http://xenbits.xen.org/gitweb?p=osstest.git;a=summary Not pushing. (No revision log; it would be 3570 lines long.)
_______________________________________________ Xen-devel mailing list Xen-devel@lists.xen.org http://lists.xen.org/xen-devel