flight 66574 linux-3.18 real [real] http://logs.test-lab.xenproject.org/osstest/logs/66574/
Regressions :-( Tests which did not succeed and are blocking, including tests which could not be run: test-amd64-i386-rumpuserxen-i386 10 guest-start fail REGR. vs. 63732 Regressions which are regarded as allowable (not blocking): test-amd64-amd64-libvirt-vhd 9 debian-di-install fail REGR. vs. 63732 test-amd64-i386-xl-qemut-stubdom-debianhvm-amd64-xsm 9 debian-hvm-install fail like 63676 test-amd64-amd64-xl-qemuu-win7-amd64 16 guest-stop fail like 63732 test-amd64-i386-xl-qemuu-win7-amd64 16 guest-stop fail like 63732 test-amd64-amd64-xl-qemut-win7-amd64 16 guest-stop fail like 63732 Tests which did not succeed, but are not blocking: test-amd64-amd64-xl-pvh-intel 14 guest-saverestore fail never pass test-amd64-amd64-xl-pvh-amd 11 guest-start fail never pass test-armhf-armhf-libvirt-raw 9 debian-di-install fail never pass test-armhf-armhf-libvirt-qcow2 9 debian-di-install fail never pass test-amd64-amd64-libvirt 12 migrate-support-check fail never pass test-amd64-amd64-libvirt-xsm 12 migrate-support-check fail never pass test-amd64-i386-libvirt 12 migrate-support-check fail never pass test-amd64-i386-libvirt-xsm 12 migrate-support-check fail never pass test-amd64-amd64-qemuu-nested-amd 16 debian-hvm-install/l1/l2 fail never pass test-armhf-armhf-xl-credit2 13 saverestore-support-check fail never pass test-armhf-armhf-xl-credit2 12 migrate-support-check fail never pass test-armhf-armhf-xl-multivcpu 13 saverestore-support-check fail never pass test-armhf-armhf-xl-multivcpu 12 migrate-support-check fail never pass test-amd64-i386-xl-qemut-win7-amd64 16 guest-stop fail never pass test-armhf-armhf-xl-arndale 12 migrate-support-check fail never pass test-armhf-armhf-xl-arndale 13 saverestore-support-check fail never pass test-armhf-armhf-libvirt 14 guest-saverestore fail never pass test-armhf-armhf-libvirt 12 migrate-support-check fail never pass test-armhf-armhf-libvirt-xsm 12 migrate-support-check fail never pass test-armhf-armhf-libvirt-xsm 14 guest-saverestore fail never pass test-armhf-armhf-xl 12 migrate-support-check fail never pass test-armhf-armhf-xl 13 saverestore-support-check fail never pass test-armhf-armhf-xl-xsm 13 saverestore-support-check fail never pass test-armhf-armhf-xl-xsm 12 migrate-support-check fail never pass test-amd64-amd64-libvirt-qemuu-debianhvm-amd64-xsm 10 migrate-support-check fail never pass test-amd64-i386-libvirt-qemuu-debianhvm-amd64-xsm 10 migrate-support-check fail never pass test-armhf-armhf-xl-rtds 13 saverestore-support-check fail never pass test-armhf-armhf-xl-rtds 12 migrate-support-check fail never pass test-armhf-armhf-xl-cubietruck 12 migrate-support-check fail never pass test-armhf-armhf-xl-cubietruck 13 saverestore-support-check fail never pass test-armhf-armhf-xl-vhd 9 debian-di-install fail never pass version targeted for testing: linux 60917545df1ffc7f918550512dc4a14758f74784 baseline version: linux b12403044336e7d567f309eb443aa9acf76380af Last test of basis 63732 2015-11-06 18:01:35 Z 43 days Testing same since 66410 2015-12-16 01:55:28 Z 4 days 4 attempts ------------------------------------------------------------ People who touched revisions under test: Aaro Koskinen <aaro.koski...@iki.fi> Aaron Conole <acon...@bytheb.org> Alex Deucher <alexander.deuc...@amd.com> Alex Williamson <alex.william...@redhat.com> Alexander Couzens <lyn...@fe80.eu> Alexander Drozdov <al.droz...@gmail.com> Alexander Duyck <alexander.h.du...@redhat.com> Alexandre Belloni <alexandre.bell...@free-electrons.com> Andrew Morton <a...@linux-foundation.org> Andrey Vagin <ava...@openvz.org> Ani Sinha <a...@arista.com> Ben Hutchings <b...@decadent.org.uk> Ben Skeggs <bske...@redhat.com> Benjamin Tissoires <benjamin.tissoi...@redhat.com> Bin Liu <b-...@ti.com> Bjorn Helgaas <bhelg...@google.com> Bjørn Mork <bj...@mork.no> Carol L Soto <cls...@linux.vnet.ibm.com> Cathy Avery <cathy.av...@oracle.com> Charles Keepax <ckee...@opensource.wolfsonmicro.com> Chris Mason <c...@fb.com> Cong Wang <xiyou.wangc...@gmail.com> Dan Carpenter <dan.carpen...@oracle.com> Daniel Borkmann <dan...@iogearbox.net> Dann Frazier <dann.fraz...@canonical.com> Dave Kleikamp <dave.kleik...@oracle.com> David Howells <dhowe...@redhat.com> David S. Miller <da...@davemloft.net> Dmitry Torokhov <dmitry.torok...@gmail.com> Dmitry Vyukov <dvyu...@google.com> Doron Tsur <dor...@mellanox.com> Doug Ledford <dledf...@redhat.com> DÄvis MosÄns <davis...@gmail.com> Emmanuel Grumbach <emmanuel.grumb...@intel.com> Eric Dumazet <eduma...@google.com> Eric Northup <digitale...@google.com> Eric Whitney <enwli...@gmail.com> Eryu Guan <guane...@gmail.com> Felipe Balbi <ba...@ti.com> Felix Fietkau <n...@openwrt.org> Florian Fainelli <f.faine...@gmail.com> Francesco Ruggeri <frugg...@arista.com> Francesco Ruggeri <frugg...@aristanetworks.com> G. Richard Bellamy <rbell...@pteradigm.com> George Hilios <ghil...@gmail.com> Greg Kroah-Hartman <gre...@linuxfoundation.org> Gregory CLEMENT <gregory.clem...@free-electrons.com> Guillaume Nault <g.na...@alphalink.fr> Hannes Frederic Sowa <han...@stressinduktion.org> Hans de Goede <hdego...@redhat.com> Hans Verkuil <hans.verk...@cisco.com> Henrik Rydberg <rydb...@bitmath.org> Herbert Xu <herb...@gondor.apana.org.au> Ilia Mirkin <imir...@alum.mit.edu> Ilya Dryomov <idryo...@gmail.com> Ingo Molnar <mi...@kernel.org> Jack Morgenstein <ja...@dev.mellanox.co.il> James Bottomley <jbottom...@odin.com> James Chapman <jchap...@katalix.com> Jan H. Schönherr <jscho...@amazon.de> Jan Kara <j...@suse.com> Janez Urevc <ja...@janezurevc.name> Jani Nikula <jani.nik...@intel.com> Jason A. Donenfeld <ja...@zx2c4.com> Jason Wang <jasow...@redhat.com> Jes Sorensen <jes.soren...@redhat.com> Jiri Kosina <jkos...@suse.com> Jiri Kosina <jkos...@suse.cz> Jochen Radmacher <jradmac...@gmx.de> Joe Perches <j...@perches.com> Joe Thornber <e...@redhat.com> Joe Thornber <thorn...@redhat.com> Joerg Roedel <jroe...@suse.de> Johan Hovold <jo...@kernel.org> Johannes Berg <johannes.b...@intel.com> John Horan <knas...@gmail.com> Jonathan Cameron <ji...@kernel.org> Kalle Valo <kv...@codeaurora.org> Kamal Mostafa <ka...@canonical.com> Konrad Rzeszutek Wilk <konrad.w...@oracle.com> Konstantin Khlebnikov <koc...@gmail.com> Krzysztof Kozlowski <k.kozlow...@samsung.com> Kukjin Kim <kg...@kernel.org> Lad, Prabhakar <prabhakar.cse...@gmail.com> Laura Abbott <labb...@fedoraproject.org> Laurent Pinchart <laurent.pinchart+rene...@ideasonboard.com> Lee Jones <lee.jo...@linaro.org> Li Jun <jun...@freescale.com> Linus Torvalds <torva...@linux-foundation.org> Luca Coelho <luciano.coe...@intel.com> lucien <lucien....@gmail.com> Lukas Czerner <lczer...@redhat.com> Marcelo Leitner <mleit...@redhat.com> Marcelo Ricardo Leitner <marcelo.leit...@gmail.com> Marcelo Ricardo Leitner <mleit...@redhat.com> Marek Vasut <ma...@denx.de> Mark Brown <broo...@kernel.org> Mark Rustad <mark.d.rus...@intel.com> Martin Habets <mhab...@solarflare.com> Martin Hauke <mar...@gmx.de> Martin Schwidefsky <schwidef...@de.ibm.com> Matan Barak <mat...@mellanox.com> Mathias Nyman <mathias.ny...@linux.intel.com> Mauro Carvalho Chehab <mche...@osg.samsung.com> Michael Ellerman <m...@ellerman.id.au> Michael S. Tsirkin <m...@redhat.com> Michal Kubecek <mkube...@suse.cz> Michal KubeÄek <mkube...@suse.cz> Mika Westerberg <mika.westerb...@linux.intel.com> Mike Snitzer <snit...@redhat.com> Nadav Amit <na...@cs.technion.ac.il> Neil Horman <nhor...@tuxdriver.com> NeilBrown <ne...@suse.com> Nicholas Bellinger <n...@linux-iscsi.org> Nicholas Mc Guire <hof...@osadl.org> Nikolay Aleksandrov <niko...@cumulusnetworks.com> Nobuhiro Iwamatsu <nobuhiro.iwamatsu...@renesas.com> Noel Power <noel.po...@suse.com> Oleksii Berezhniak <c...@irc.lg.ua> Or Gerlitz <ogerl...@mellanox.com> Paolo Bonzini <pbonz...@redhat.com> Paul Moore <pmo...@redhat.com> Pavel Emelyanov <xe...@parallels.com> Pavel Roskin <plros...@gmail.com> Peter Zijlstra (Intel) <pet...@infradead.org> Peter Zijlstra <a.p.zijls...@chello.nl> Peter Zijlstra <pet...@infradead.org> Phil Reid <pr...@electromag.com.au> Philipp Hachtmann <hac...@hachti.de> Pravin B Shelar <pshe...@nicira.com> Rasmus Villemoes <li...@rasmusvillemoes.dk> Richard Cochran <richardcoch...@gmail.com> Richard Guy Briggs <r...@redhat.com> Roman Gushchin <kl...@yandex-team.ru> Ronny Hegewald <ronny.hegew...@online.de> Russell King <rmk+ker...@arm.linux.org.uk> Rusty Russell <ru...@rustcorp.com.au> Sabrina Dubroca <s...@queasysnail.net> Santosh Shilimkar <santosh.shilim...@oracle.com> Sasha Levin <sasha.le...@oracle.com> Sebastian Reichel <s...@kernel.org> Shaohua Li <s...@fb.com> Soeren Grunewald <soeren.grunew...@desy.de> Sowmini Varadhan <sowmini.varad...@oracle.com> Stefan Assmann <sassm...@kpanic.de> Stefan Wahren <stefan.wah...@i2se.com> Steve French <smfre...@gmail.com> Sudip Mukherjee <su...@vectorindia.org> Sudip Mukherjee <sudipm.mukher...@gmail.com> Tejun Heo <t...@kernel.org> Teunis van Beelen <teu...@gmail.com> Theodore Ts'o <ty...@mit.edu> Tom Herbert <t...@herbertland.com> Vasant Hegde <hegdevas...@linux.vnet.ibm.com> Ville Syrjälä <ville.syrj...@linux.intel.com> Vlad Yasevich <vyasev...@gmail.com> WANG Cong <xiyou.wangc...@gmail.com> Will Deacon <will.dea...@arm.com> Willem de Bruijn <will...@google.com> Wolfram Sang <wsa+rene...@sang-engineering.com> Wolfram Sang <w...@the-dreams.de> Xin Long <lucien....@gmail.com> Yang Hongyang <bur...@gmail.com> Yen-Chin, Lee <coldnew...@gmail.com> jobs: build-amd64-xsm pass build-armhf-xsm pass build-i386-xsm pass build-amd64 pass build-armhf pass build-i386 pass build-amd64-libvirt pass build-armhf-libvirt pass build-i386-libvirt pass build-amd64-pvops pass build-armhf-pvops pass build-i386-pvops pass build-amd64-rumpuserxen pass build-i386-rumpuserxen pass test-amd64-amd64-xl pass test-armhf-armhf-xl pass test-amd64-i386-xl pass test-amd64-amd64-xl-qemut-debianhvm-amd64-xsm pass test-amd64-i386-xl-qemut-debianhvm-amd64-xsm pass test-amd64-amd64-libvirt-qemuu-debianhvm-amd64-xsm pass test-amd64-i386-libvirt-qemuu-debianhvm-amd64-xsm pass test-amd64-amd64-xl-qemuu-debianhvm-amd64-xsm pass test-amd64-i386-xl-qemuu-debianhvm-amd64-xsm pass test-amd64-amd64-xl-qemut-stubdom-debianhvm-amd64-xsm pass test-amd64-i386-xl-qemut-stubdom-debianhvm-amd64-xsm fail test-amd64-amd64-libvirt-xsm pass test-armhf-armhf-libvirt-xsm fail test-amd64-i386-libvirt-xsm pass test-amd64-amd64-xl-xsm pass test-armhf-armhf-xl-xsm pass test-amd64-i386-xl-xsm pass test-amd64-amd64-qemuu-nested-amd fail test-amd64-amd64-xl-pvh-amd fail test-amd64-i386-qemut-rhel6hvm-amd pass test-amd64-i386-qemuu-rhel6hvm-amd pass test-amd64-amd64-xl-qemut-debianhvm-amd64 pass test-amd64-i386-xl-qemut-debianhvm-amd64 pass test-amd64-amd64-xl-qemuu-debianhvm-amd64 pass test-amd64-i386-xl-qemuu-debianhvm-amd64 pass test-amd64-i386-freebsd10-amd64 pass test-amd64-amd64-xl-qemuu-ovmf-amd64 pass test-amd64-i386-xl-qemuu-ovmf-amd64 pass test-amd64-amd64-rumpuserxen-amd64 pass test-amd64-amd64-xl-qemut-win7-amd64 fail test-amd64-i386-xl-qemut-win7-amd64 fail test-amd64-amd64-xl-qemuu-win7-amd64 fail test-amd64-i386-xl-qemuu-win7-amd64 fail test-armhf-armhf-xl-arndale pass test-amd64-amd64-xl-credit2 pass test-armhf-armhf-xl-credit2 pass test-armhf-armhf-xl-cubietruck pass test-amd64-i386-freebsd10-i386 pass test-amd64-i386-rumpuserxen-i386 fail test-amd64-amd64-qemuu-nested-intel pass test-amd64-amd64-xl-pvh-intel fail test-amd64-i386-qemut-rhel6hvm-intel pass test-amd64-i386-qemuu-rhel6hvm-intel pass test-amd64-amd64-libvirt pass test-armhf-armhf-libvirt fail test-amd64-i386-libvirt pass test-amd64-amd64-xl-multivcpu pass test-armhf-armhf-xl-multivcpu pass test-amd64-amd64-pair pass test-amd64-i386-pair pass test-amd64-amd64-libvirt-pair pass test-amd64-i386-libvirt-pair pass test-amd64-amd64-amd64-pvgrub pass test-amd64-amd64-i386-pvgrub pass test-amd64-amd64-pygrub pass test-armhf-armhf-libvirt-qcow2 fail test-amd64-amd64-xl-qcow2 pass test-armhf-armhf-libvirt-raw fail test-amd64-i386-xl-raw pass test-amd64-amd64-xl-rtds pass test-armhf-armhf-xl-rtds pass test-amd64-i386-xl-qemut-winxpsp3-vcpus1 pass test-amd64-i386-xl-qemuu-winxpsp3-vcpus1 pass test-amd64-amd64-libvirt-vhd fail test-armhf-armhf-xl-vhd fail test-amd64-amd64-xl-qemut-winxpsp3 pass test-amd64-i386-xl-qemut-winxpsp3 pass test-amd64-amd64-xl-qemuu-winxpsp3 pass test-amd64-i386-xl-qemuu-winxpsp3 pass ------------------------------------------------------------ sg-report-flight on osstest.test-lab.xenproject.org logs: /home/logs/logs images: /home/logs/images Logs, config files, etc. are available at http://logs.test-lab.xenproject.org/osstest/logs Explanation of these reports, and of osstest in general, is at http://xenbits.xen.org/gitweb/?p=osstest.git;a=blob;f=README.email;hb=master http://xenbits.xen.org/gitweb/?p=osstest.git;a=blob;f=README;hb=master Test harness code can be found at http://xenbits.xen.org/gitweb?p=osstest.git;a=summary Not pushing. (No revision log; it would be 3620 lines long.)
_______________________________________________ Xen-devel mailing list Xen-devel@lists.xen.org http://lists.xen.org/xen-devel