flight 66479 linux-3.16 real [real] http://logs.test-lab.xenproject.org/osstest/logs/66479/
Regressions :-( Tests which did not succeed and are blocking, including tests which could not be run: test-amd64-i386-rumpuserxen-i386 10 guest-start fail REGR. vs. 64969 Tests which are failing intermittently (not blocking): test-armhf-armhf-xl-arndale 5 xen-install fail in 66437 pass in 66479 test-armhf-armhf-xl-multivcpu 11 guest-start fail in 66437 pass in 66479 test-amd64-i386-xl-qemut-stubdom-debianhvm-amd64-xsm 15 guest-localmigrate/x10 fail in 66437 pass in 66479 test-armhf-armhf-xl-vhd 5 xen-install fail pass in 66437 Regressions which are regarded as allowable (not blocking): test-amd64-amd64-libvirt-vhd 9 debian-di-install fail REGR. vs. 64969 test-amd64-amd64-xl-qemut-stubdom-debianhvm-amd64-xsm 13 guest-localmigrate fail in 66437 like 64969 test-amd64-amd64-xl-credit2 17 guest-localmigrate/x10 fail like 64969 test-amd64-amd64-xl-qemut-win7-amd64 16 guest-stop fail like 64969 Tests which did not succeed, but are not blocking: test-armhf-armhf-xl-vhd 9 debian-di-install fail in 66437 never pass test-amd64-amd64-xl-pvh-amd 11 guest-start fail never pass test-amd64-amd64-xl-pvh-intel 11 guest-start fail never pass test-armhf-armhf-libvirt-qcow2 9 debian-di-install fail never pass test-armhf-armhf-libvirt-raw 9 debian-di-install fail never pass test-amd64-amd64-xl-multivcpu 17 guest-localmigrate/x10 fail never pass test-armhf-armhf-libvirt-xsm 12 migrate-support-check fail never pass test-armhf-armhf-libvirt-xsm 14 guest-saverestore fail never pass test-armhf-armhf-libvirt 14 guest-saverestore fail never pass test-armhf-armhf-libvirt 12 migrate-support-check fail never pass test-amd64-amd64-xl-rtds 17 guest-localmigrate/x10 fail never pass test-amd64-amd64-libvirt-xsm 12 migrate-support-check fail never pass test-amd64-i386-libvirt-xsm 12 migrate-support-check fail never pass test-amd64-amd64-libvirt 12 migrate-support-check fail never pass test-amd64-amd64-qemuu-nested-amd 16 debian-hvm-install/l1/l2 fail never pass test-armhf-armhf-xl-xsm 13 saverestore-support-check fail never pass test-armhf-armhf-xl-xsm 12 migrate-support-check fail never pass test-armhf-armhf-xl-credit2 13 saverestore-support-check fail never pass test-armhf-armhf-xl-credit2 12 migrate-support-check fail never pass test-armhf-armhf-xl 12 migrate-support-check fail never pass test-armhf-armhf-xl 13 saverestore-support-check fail never pass test-armhf-armhf-xl-arndale 12 migrate-support-check fail never pass test-armhf-armhf-xl-arndale 13 saverestore-support-check fail never pass test-amd64-i386-libvirt 12 migrate-support-check fail never pass test-armhf-armhf-xl-rtds 13 saverestore-support-check fail never pass test-armhf-armhf-xl-rtds 12 migrate-support-check fail never pass test-armhf-armhf-xl-rtds 15 guest-start/debian.repeat fail never pass test-amd64-i386-libvirt-qemuu-debianhvm-amd64-xsm 10 migrate-support-check fail never pass test-armhf-armhf-xl-cubietruck 12 migrate-support-check fail never pass test-armhf-armhf-xl-cubietruck 13 saverestore-support-check fail never pass test-amd64-amd64-libvirt-qemuu-debianhvm-amd64-xsm 10 migrate-support-check fail never pass test-armhf-armhf-xl-multivcpu 13 saverestore-support-check fail never pass test-armhf-armhf-xl-multivcpu 12 migrate-support-check fail never pass test-amd64-amd64-xl-qemuu-win7-amd64 16 guest-stop fail never pass test-amd64-i386-xl-qemut-win7-amd64 16 guest-stop fail never pass test-amd64-i386-xl-qemuu-win7-amd64 16 guest-stop fail never pass version targeted for testing: linux 70a95b3e395fa9f5a5cf531c56ae7e5b6ed37e32 baseline version: linux a11efd7b42bf716f528b4f163cd86ba1e499354a Last test of basis 64969 2015-11-20 22:00:18 Z 28 days Testing same since 66400 2015-12-15 18:22:25 Z 3 days 3 attempts ------------------------------------------------------------ People who touched revisions under test: "Eric W. Biederman" <ebied...@xmission.com> Al Viro <v...@zeniv.linux.org.uk> Alan Stern <st...@rowland.harvard.edu> Alex Deucher <alexander.deuc...@amd.com> Alexandra Yates <alexandra.ya...@linux.intel.com> Alexandre Belloni <alexandre.bell...@free-electrons.com> Amitkumar Karwar <akar...@marvell.com> Andrew Morton <a...@linux-foundation.org> Andrey Ryabinin <aryabi...@virtuozzo.com> Andrzej Hajda <a.ha...@samsung.com> Andy Leiserson <a...@leiserson.org> Andy Shevchenko <andriy.shevche...@linux.intel.com> Ani Sinha <a...@arista.com> Anna Schumaker <anna.schuma...@netapp.com> Arik Nemtsov <a...@wizery.com> Arik Nemtsov <arikx.nemt...@intel.com> Arnaldo Carvalho de Melo <a...@kernel.org> Arnaldo Carvalho de Melo <a...@redhat.com> Arnd Bergmann <a...@arndb.de> Bjørn Mork <bj...@mork.no> Boris Brezillon <boris.brezil...@free-electrons.com> Borislav Petkov <b...@suse.de> Brian Norris <computersforpe...@gmail.com> Catalin Marinas <catalin.mari...@arm.com> Chen Yu <yu.c.c...@intel.com> Christian Borntraeger <borntrae...@de.ibm.com> Christoph Hellwig <h...@lst.de> Christoph Lameter <c...@linux.com> Christophe JAILLET <christophe.jail...@wanadoo.fr> Christophe Leroy <christophe.le...@c-s.fr> Chuck Lever <chuck.le...@oracle.com> Daeho Jeong <daeho.je...@samsung.com> Dan Carpenter <dan.carpen...@oracle.com> Daniel Vetter <daniel.vet...@ffwll.ch> Darren Hart <dvh...@linux.intel.com> Dave Airlie <airl...@redhat.com> David Herrmann <dh.herrm...@gmail.com> David Hildenbrand <d...@linux.vnet.ibm.com> David Howells <dhowe...@redhat.com> David Mosberger <dav...@egauge.net> David Mosberger-Tang <dav...@egauge.net> David S. Miller <da...@davemloft.net> David Vrabel <david.vra...@citrix.com> David Ward <david.w...@ll.mit.edu> David Woodhouse <david.woodho...@intel.com> Devesh Sharma <devesh.sha...@avagotech.com> Dmitry Torokhov <dmitry.torok...@gmail.com> Dmitry Tunin <hanipouspi...@gmail.com> Eduardo Valentin <edubez...@gmail.com> Egbert Eich <e...@suse.de> Emmanuel Grumbach <emmanuel.grumb...@intel.com> Eric Biggers <ebigge...@gmail.com> Eric Dumazet <eduma...@google.com> Eric Northup <digitale...@google.com> Eric W. Biederman <ebied...@xmission.com> Felipe Balbi <ba...@ti.com> Filipe Manana <fdman...@suse.com> Flavio Leitner <f...@sysclose.org> Florian Westphal <f...@strlen.de> Francesco Ruggeri <frugg...@arista.com> Francesco Ruggeri <frugg...@aristanetworks.com> Geliang Tang <geliangt...@163.com> Greg Kroah-Hartman <gre...@linuxfoundation.org> Gregory CLEMENT <gregory.clem...@free-electrons.com> Hans de Goede <hdego...@redhat.com> Hans Verkuil <hans.verk...@cisco.com> Herbert Xu <herb...@gondor.apana.org.au> Hobin Woo <hobin....@samsung.com> Hon Ching \\(Vicky\\) Lo <hon...@linux.vnet.ibm.com> Hon Ching(Vicky) Lo <hon...@linux.vnet.ibm.com> Ingo Molnar <mi...@kernel.org> J. Bruce Fields <bfie...@redhat.com> James Bottomley <jbottom...@odin.com> Jani Nikula <jani.nik...@intel.com> Janusz Dziedzic <janusz.dzied...@tieto.com> janusz.dzied...@tieto.com <janusz.dzied...@tieto.com> Jarkko Sakkinen <jarkko.sakki...@linux.intel.com> Jason Liu <r64...@freescale.com> Jason Wang <jasow...@redhat.com> Jay Vosburgh <jay.vosbu...@canonical.com> Jens Axboe <ax...@fb.com> Jiri Kosina <jkos...@suse.cz> Johan Hovold <jo...@kernel.org> Johannes Berg <johannes.b...@intel.com> Johannes Thumshirn <jthumsh...@suse.de> Jonas Gorski <j...@openwrt.org> K. Y. Srinivasan <k...@microsoft.com> Kailang Yang <kail...@realtek.com> Kalle Valo <kv...@codeaurora.org> Kamal Mostafa <ka...@canonical.com> Kashyap Desai <kashyap.de...@avagotech.com> Kees Cook <keesc...@chromium.org> Kinglong Mee <kinglong...@gmail.com> Kosuke Tatsukawa <ta...@ab.jp.nec.com> Krzysztof Kozlowski <k.kozlow...@samsung.com> Krzysztof Mazur <krzys...@podlesie.net> Larry Finger <larry.fin...@lwfinger.net> Lee Jones <lee.jo...@linaro.org> Li Bin <huawei.li...@huawei.com> libin <huawei.li...@huawei.com> Linus Torvalds <torva...@linux-foundation.org> Linus Walleij <linus.wall...@linaro.org> Luis Henriques <luis.henriq...@canonical.com> Lukas Czerner <lczer...@redhat.com> Lukas Wunner <lu...@wunner.de> Lukasz Majewski <l.majew...@samsung.com> Lv Zheng <lv.zh...@intel.com> Maciej W. Rozycki <ma...@imgtec.com> Malcolm Crossley <malcolm.cross...@citrix.com> Marc Kleine-Budde <m...@pengutronix.de> Marcel Holtmann <mar...@holtmann.org> Marek Szyprowski <m.szyprow...@samsung.com> Marek Vasut <ma...@denx.de> Mark Brown <broo...@kernel.org> Martin Hauke <mar...@gmx.de> Martin K. Petersen <martin.peter...@oracle.com> Masahiro Yamada <yamada.masah...@socionext.com> Mathias Krause <mini...@googlemail.com> Matt Fleming <matt.flem...@intel.com> Mauricio Faria de Oliveira <mauri...@linux.vnet.ibm.com> Mauro Carvalho Chehab <mche...@osg.samsung.com> Max Filippov <jcmvb...@gmail.com> Maxim Sheviakov <mrader3...@yandex.ru> Maxime Ripard <maxime.rip...@free-electrons.com> Michal Kubecek <mkube...@suse.cz> Michal KubeÄek <mkube...@suse.cz> Mike Snitzer <snit...@redhat.com> Nadav Amit <na...@cs.technion.ac.il> Neal Cardwell <ncardw...@google.com> NeilBrown <ne...@suse.com> Nicolas Ferre <nicolas.fe...@atmel.com> Nikolay Aleksandrov <niko...@cumulusnetworks.com> Nishanth Menon <n...@ti.com> Oleg Nesterov <o...@redhat.com> Olga Kornievskaia <a...@umich.edu> Pablo Neira Ayuso <pa...@netfilter.org> Paolo Bonzini <pbonz...@redhat.com> Peter Feiner <pfei...@google.com> Peter Huewe <peterhu...@gmx.de> Peter Oberparleiter <ober...@linux.vnet.ibm.com> Peter Ujfalusi <peter.ujfal...@ti.com> Peter Zijlstra (Intel) <pet...@infradead.org> Peter Zijlstra <pet...@infradead.org> Phil Reid <pr...@electromag.com.au> Radim KrÄmáŠ<rkrc...@redhat.com> Rafael J. Wysocki <rafael.j.wyso...@intel.com> Ralf Baechle <r...@linux-mips.org> Richard Cochran <richardcoch...@gmail.com> Richard Purdie <richard.pur...@linuxfoundation.org> Rob Herring <r...@kernel.org> Robert Jarzmik <robert.jarz...@free.fr> Robin Murphy <robin.mur...@arm.com> Roger Quadros <rog...@ti.com> Russell King <rmk+ker...@arm.linux.org.uk> Sakari Ailus <sakari.ai...@linux.intel.com> Santosh Shilimkar <santosh.shilim...@oracle.com> Sebastian Reichel <s...@kernel.org> Sowmini Varadhan <sowmini.varad...@oracle.com> Stefan Richter <stef...@s5r6.in-berlin.de> Stephan Mueller <smuel...@chronox.de> Stephen Boyd <sb...@codeaurora.org> Steven Rostedt <rost...@goodmis.org> Sumit Saxena <sumit.sax...@avagotech.com> sumit.sax...@avagotech.com <sumit.sax...@avagotech.com> Takashi Iwai <ti...@suse.de> Takashi Sakamoto <o-taka...@sakamocchi.jp> Tejun Heo <t...@kernel.org> Tero Kristo <t-kri...@ti.com> Theodore Ts'o <ty...@mit.edu> Thomas Gleixner <t...@linutronix.de> Tiffany Lin <tiffany....@mediatek.com> Tony Lindgren <t...@atomide.com> Trond Myklebust <trond.mykleb...@primarydata.com> Valentin Rothberg <valentinrothb...@gmail.com> Vignesh R <vigne...@ti.com> Vineet Gupta <vgu...@synopsys.com> Vinod Koul <vinod.k...@intel.com> Will Deacon <will.dea...@arm.com> Yan, Zheng <z...@redhat.com> Yuchung Cheng <ych...@google.com> jobs: build-amd64-xsm pass build-armhf-xsm pass build-i386-xsm pass build-amd64 pass build-armhf pass build-i386 pass build-amd64-libvirt pass build-armhf-libvirt pass build-i386-libvirt pass build-amd64-pvops pass build-armhf-pvops pass build-i386-pvops pass build-amd64-rumpuserxen pass build-i386-rumpuserxen pass test-amd64-amd64-xl pass test-armhf-armhf-xl pass test-amd64-i386-xl pass test-amd64-amd64-xl-qemut-debianhvm-amd64-xsm pass test-amd64-i386-xl-qemut-debianhvm-amd64-xsm pass test-amd64-amd64-libvirt-qemuu-debianhvm-amd64-xsm pass test-amd64-i386-libvirt-qemuu-debianhvm-amd64-xsm pass test-amd64-amd64-xl-qemuu-debianhvm-amd64-xsm pass test-amd64-i386-xl-qemuu-debianhvm-amd64-xsm pass test-amd64-amd64-xl-qemut-stubdom-debianhvm-amd64-xsm pass test-amd64-i386-xl-qemut-stubdom-debianhvm-amd64-xsm pass test-amd64-amd64-libvirt-xsm pass test-armhf-armhf-libvirt-xsm fail test-amd64-i386-libvirt-xsm pass test-amd64-amd64-xl-xsm pass test-armhf-armhf-xl-xsm pass test-amd64-i386-xl-xsm pass test-amd64-amd64-qemuu-nested-amd fail test-amd64-amd64-xl-pvh-amd fail test-amd64-i386-qemut-rhel6hvm-amd pass test-amd64-i386-qemuu-rhel6hvm-amd pass test-amd64-amd64-xl-qemut-debianhvm-amd64 pass test-amd64-i386-xl-qemut-debianhvm-amd64 pass test-amd64-amd64-xl-qemuu-debianhvm-amd64 pass test-amd64-i386-xl-qemuu-debianhvm-amd64 pass test-amd64-i386-freebsd10-amd64 pass test-amd64-amd64-xl-qemuu-ovmf-amd64 pass test-amd64-i386-xl-qemuu-ovmf-amd64 pass test-amd64-amd64-rumpuserxen-amd64 pass test-amd64-amd64-xl-qemut-win7-amd64 fail test-amd64-i386-xl-qemut-win7-amd64 fail test-amd64-amd64-xl-qemuu-win7-amd64 fail test-amd64-i386-xl-qemuu-win7-amd64 fail test-armhf-armhf-xl-arndale pass test-amd64-amd64-xl-credit2 fail test-armhf-armhf-xl-credit2 pass test-armhf-armhf-xl-cubietruck pass test-amd64-i386-freebsd10-i386 pass test-amd64-i386-rumpuserxen-i386 fail test-amd64-amd64-qemuu-nested-intel pass test-amd64-amd64-xl-pvh-intel fail test-amd64-i386-qemut-rhel6hvm-intel pass test-amd64-i386-qemuu-rhel6hvm-intel pass test-amd64-amd64-libvirt pass test-armhf-armhf-libvirt fail test-amd64-i386-libvirt pass test-amd64-amd64-xl-multivcpu fail test-armhf-armhf-xl-multivcpu pass test-amd64-amd64-pair pass test-amd64-i386-pair pass test-amd64-amd64-libvirt-pair pass test-amd64-i386-libvirt-pair pass test-amd64-amd64-amd64-pvgrub pass test-amd64-amd64-i386-pvgrub pass test-amd64-amd64-pygrub pass test-armhf-armhf-libvirt-qcow2 fail test-amd64-amd64-xl-qcow2 pass test-armhf-armhf-libvirt-raw fail test-amd64-i386-xl-raw pass test-amd64-amd64-xl-rtds fail test-armhf-armhf-xl-rtds fail test-amd64-i386-xl-qemut-winxpsp3-vcpus1 pass test-amd64-i386-xl-qemuu-winxpsp3-vcpus1 pass test-amd64-amd64-libvirt-vhd fail test-armhf-armhf-xl-vhd fail test-amd64-amd64-xl-qemut-winxpsp3 pass test-amd64-i386-xl-qemut-winxpsp3 pass test-amd64-amd64-xl-qemuu-winxpsp3 pass test-amd64-i386-xl-qemuu-winxpsp3 pass ------------------------------------------------------------ sg-report-flight on osstest.test-lab.xenproject.org logs: /home/logs/logs images: /home/logs/images Logs, config files, etc. are available at http://logs.test-lab.xenproject.org/osstest/logs Explanation of these reports, and of osstest in general, is at http://xenbits.xen.org/gitweb/?p=osstest.git;a=blob;f=README.email;hb=master http://xenbits.xen.org/gitweb/?p=osstest.git;a=blob;f=README;hb=master Test harness code can be found at http://xenbits.xen.org/gitweb?p=osstest.git;a=summary Not pushing. (No revision log; it would be 4110 lines long.)
_______________________________________________ Xen-devel mailing list Xen-devel@lists.xen.org http://lists.xen.org/xen-devel