flight 65633 linux-3.14 real [real]
http://logs.test-lab.xenproject.org/osstest/logs/65633/

Regressions :-(

Tests which did not succeed and are blocking,
including tests which could not be run:
 test-amd64-i386-rumpuserxen-i386 10 guest-start           fail REGR. vs. 64562

Regressions which are regarded as allowable (not blocking):
 test-amd64-amd64-libvirt-vhd  9 debian-di-install         fail REGR. vs. 64562
 test-amd64-amd64-xl-qemut-stubdom-debianhvm-amd64-xsm 13 guest-localmigrate 
fail like 64562
 test-amd64-amd64-xl-qemuu-win7-amd64 16 guest-stop             fail like 64562
 test-amd64-amd64-xl-qemut-win7-amd64 16 guest-stop             fail like 64562
 test-amd64-i386-xl-qemut-win7-amd64 16 guest-stop              fail like 64562

Tests which did not succeed, but are not blocking:
 test-amd64-amd64-xl-pvh-amd  11 guest-start                  fail   never pass
 test-amd64-i386-xl-qemut-stubdom-debianhvm-amd64-xsm 9 debian-hvm-install fail 
never pass
 test-amd64-amd64-xl-pvh-intel 11 guest-start                  fail  never pass
 test-amd64-i386-libvirt      12 migrate-support-check        fail   never pass
 test-amd64-amd64-qemuu-nested-intel 16 debian-hvm-install/l1/l2 fail never pass
 test-amd64-amd64-libvirt     12 migrate-support-check        fail   never pass
 test-amd64-i386-libvirt-qemuu-debianhvm-amd64-xsm 10 migrate-support-check 
fail never pass
 test-amd64-amd64-libvirt-xsm 12 migrate-support-check        fail   never pass
 test-amd64-i386-libvirt-xsm  12 migrate-support-check        fail   never pass
 test-amd64-amd64-libvirt-qemuu-debianhvm-amd64-xsm 10 migrate-support-check 
fail never pass
 test-amd64-amd64-qemuu-nested-amd 16 debian-hvm-install/l1/l2  fail never pass
 test-amd64-i386-xl-qemuu-win7-amd64 16 guest-stop              fail never pass

version targeted for testing:
 linux                5d7b0fcc26d66db767a477574effc764022c19ac
baseline version:
 linux                769b79eb206ad5b0249a08665fefb913c3d1998e

Last test of basis    64562  2015-11-17 09:53:45 Z   23 days
Testing same since    65633  2015-12-09 19:33:10 Z    1 days    1 attempts

------------------------------------------------------------
People who touched revisions under test:
  Aleksander Morgado <aleksan...@aleksander.es>
  Amitkumar Karwar <akar...@marvell.com>
  Andrew Cooper <andrew.coop...@citrix.com>
  Ani Sinha <a...@arista.com>
  Bjørn Mork <bj...@mork.no>
  Borislav Petkov <b...@suse.de>
  Carol L Soto <cls...@linux.vnet.ibm.com>
  Catalin Marinas <catalin.mari...@arm.com>
  Clemens Ladisch <clem...@ladisch.de>
  Dan Carpenter <dan.carpen...@oracle.com>
  David Herrmann <dh.herrm...@gmail.com>
  David S. Miller <da...@davemloft.net>
  David Woodhouse <david.woodho...@intel.com>
  David Woodhouse <dw...@infradead.org>
  Dmitry Tunin <hanipouspi...@gmail.com>
  Eric Dumazet <eduma...@google.com>
  Felipe Balbi <ba...@ti.com>
  Florian Fainelli <f.faine...@gmail.com>
  Francesco Ruggeri <frugg...@arista.com>
  Francesco Ruggeri <frugg...@aristanetworks.com>
  Greg Kroah-Hartman <gre...@linuxfoundation.org>
  Gregory CLEMENT <gregory.clem...@free-electrons.com>
  Guillaume Nault <g.na...@alphalink.fr>
  Jack Morgenstein <ja...@dev.mellanox.co.il>
  Jason Wang <jasow...@redhat.com>
  Jiri Slaby <jsl...@suse.cz>
  Johan Hovold <jo...@kernel.org>
  Johannes Berg <johannes.b...@intel.com>
  Kalle Valo <kv...@codeaurora.org>
  Krzysztof Mazur <krzys...@podlesie.net>
  Larry Finger <larry.fin...@lwfinger.net>
  Marc Kleine-Budde <m...@pengutronix.de>
  Marcel Holtmann <mar...@holtmann.org>
  Marek Szyprowski <m.szyprow...@samsung.com>
  Matt Fleming <matt.flem...@intel.com>
  Maxime Ripard <maxime.rip...@free-electrons.com>
  Michael S. Tsirkin <m...@redhat.com>
  Mirza Krak <mirza.k...@hostmobility.com>
  Or Gerlitz <ogerl...@mellanox.com>
  Paolo Bonzini <pbonz...@redhat.com>
  Pete Zaitcev <zait...@yahoo.com>
  Peter Ujfalusi <peter.ujfal...@ti.com>
  Phil Reid <pr...@electromag.com.au>
  Richard Cochran <richardcoch...@gmail.com>
  Robin Murphy <robin.mur...@arm.com>
  Russell King <rmk+ker...@arm.linux.org.uk>
  Rusty Russell <ru...@rustcorp.com.au>
  Santosh Shilimkar <santosh.shilim...@oracle.com>
  Sasha Levin <sasha.le...@oracle.com>
  Sowmini Varadhan <sowmini.varad...@oracle.com>
  Takashi Iwai <ti...@suse.de>
  Thomas Gleixner <t...@linutronix.de>
  Uwe Kleine-König <u.kleine-koe...@pengutronix.de>
  Vinod Koul <vinod.k...@intel.com>
  Will Deacon <will.dea...@arm.com>

jobs:
 build-amd64-xsm                                              pass
 build-i386-xsm                                               pass
 build-amd64                                                  pass
 build-i386                                                   pass
 build-amd64-libvirt                                          pass
 build-i386-libvirt                                           pass
 build-amd64-pvops                                            pass
 build-i386-pvops                                             pass
 build-amd64-rumpuserxen                                      pass
 build-i386-rumpuserxen                                       pass
 test-amd64-amd64-xl                                          pass
 test-amd64-i386-xl                                           pass
 test-amd64-amd64-xl-qemut-debianhvm-amd64-xsm                pass
 test-amd64-i386-xl-qemut-debianhvm-amd64-xsm                 pass
 test-amd64-amd64-libvirt-qemuu-debianhvm-amd64-xsm           pass
 test-amd64-i386-libvirt-qemuu-debianhvm-amd64-xsm            pass
 test-amd64-amd64-xl-qemuu-debianhvm-amd64-xsm                pass
 test-amd64-i386-xl-qemuu-debianhvm-amd64-xsm                 pass
 test-amd64-amd64-xl-qemut-stubdom-debianhvm-amd64-xsm        fail
 test-amd64-i386-xl-qemut-stubdom-debianhvm-amd64-xsm         fail
 test-amd64-amd64-libvirt-xsm                                 pass
 test-amd64-i386-libvirt-xsm                                  pass
 test-amd64-amd64-xl-xsm                                      pass
 test-amd64-i386-xl-xsm                                       pass
 test-amd64-amd64-qemuu-nested-amd                            fail
 test-amd64-amd64-xl-pvh-amd                                  fail
 test-amd64-i386-qemut-rhel6hvm-amd                           pass
 test-amd64-i386-qemuu-rhel6hvm-amd                           pass
 test-amd64-amd64-xl-qemut-debianhvm-amd64                    pass
 test-amd64-i386-xl-qemut-debianhvm-amd64                     pass
 test-amd64-amd64-xl-qemuu-debianhvm-amd64                    pass
 test-amd64-i386-xl-qemuu-debianhvm-amd64                     pass
 test-amd64-i386-freebsd10-amd64                              pass
 test-amd64-amd64-xl-qemuu-ovmf-amd64                         pass
 test-amd64-i386-xl-qemuu-ovmf-amd64                          pass
 test-amd64-amd64-rumpuserxen-amd64                           pass
 test-amd64-amd64-xl-qemut-win7-amd64                         fail
 test-amd64-i386-xl-qemut-win7-amd64                          fail
 test-amd64-amd64-xl-qemuu-win7-amd64                         fail
 test-amd64-i386-xl-qemuu-win7-amd64                          fail
 test-amd64-amd64-xl-credit2                                  pass
 test-amd64-i386-freebsd10-i386                               pass
 test-amd64-i386-rumpuserxen-i386                             fail
 test-amd64-amd64-qemuu-nested-intel                          fail
 test-amd64-amd64-xl-pvh-intel                                fail
 test-amd64-i386-qemut-rhel6hvm-intel                         pass
 test-amd64-i386-qemuu-rhel6hvm-intel                         pass
 test-amd64-amd64-libvirt                                     pass
 test-amd64-i386-libvirt                                      pass
 test-amd64-amd64-xl-multivcpu                                pass
 test-amd64-amd64-pair                                        pass
 test-amd64-i386-pair                                         pass
 test-amd64-amd64-libvirt-pair                                pass
 test-amd64-i386-libvirt-pair                                 pass
 test-amd64-amd64-amd64-pvgrub                                pass
 test-amd64-amd64-i386-pvgrub                                 pass
 test-amd64-amd64-pygrub                                      pass
 test-amd64-amd64-xl-qcow2                                    pass
 test-amd64-i386-xl-raw                                       pass
 test-amd64-amd64-xl-rtds                                     pass
 test-amd64-i386-xl-qemut-winxpsp3-vcpus1                     pass
 test-amd64-i386-xl-qemuu-winxpsp3-vcpus1                     pass
 test-amd64-amd64-libvirt-vhd                                 fail
 test-amd64-amd64-xl-qemut-winxpsp3                           pass
 test-amd64-i386-xl-qemut-winxpsp3                            pass
 test-amd64-amd64-xl-qemuu-winxpsp3                           pass
 test-amd64-i386-xl-qemuu-winxpsp3                            pass


------------------------------------------------------------
sg-report-flight on osstest.test-lab.xenproject.org
logs: /home/logs/logs
images: /home/logs/images

Logs, config files, etc. are available at
    http://logs.test-lab.xenproject.org/osstest/logs

Explanation of these reports, and of osstest in general, is at
    http://xenbits.xen.org/gitweb/?p=osstest.git;a=blob;f=README.email;hb=master
    http://xenbits.xen.org/gitweb/?p=osstest.git;a=blob;f=README;hb=master

Test harness code can be found at
    http://xenbits.xen.org/gitweb?p=osstest.git;a=summary


Not pushing.

(No revision log; it would be 1105 lines long.)

_______________________________________________
Xen-devel mailing list
Xen-devel@lists.xen.org
http://lists.xen.org/xen-devel

Reply via email to