This run is configured for baseline tests only. flight 38265 linux-4.1 real [real] http://osstest.xs.citrite.net/~osstest/testlogs/logs/38265/
Failures and problems with tests :-( Tests which did not succeed and are blocking, including tests which could not be run: build-i386 3 host-install(3) broken REGR. vs. 38220 Regressions which are regarded as allowable (not blocking): test-amd64-amd64-rumpuserxen-amd64 13 rumpuserxen-demo-xenstorels/xenstorels fail REGR. vs. 38220 test-amd64-amd64-xl-qemuu-debianhvm-amd64-xsm 13 guest-localmigrate fail REGR. vs. 38220 test-amd64-amd64-xl-xsm 21 guest-start/debian.repeat fail like 38220 Tests which did not succeed, but are not blocking: build-i386-rumpuserxen 1 build-check(1) blocked n/a build-i386-libvirt 1 build-check(1) blocked n/a test-amd64-i386-xl 1 build-check(1) blocked n/a test-amd64-i386-libvirt-xsm 1 build-check(1) blocked n/a test-amd64-i386-rumpuserxen-i386 1 build-check(1) blocked n/a test-amd64-i386-libvirt-pair 1 build-check(1) blocked n/a test-amd64-i386-xl-qemut-debianhvm-amd64 1 build-check(1) blocked n/a test-amd64-i386-libvirt-qemuu-debianhvm-amd64-xsm 1 build-check(1) blocked n/a test-amd64-i386-qemut-rhel6hvm-amd 1 build-check(1) blocked n/a test-amd64-i386-xl-qemuu-ovmf-amd64 1 build-check(1) blocked n/a test-amd64-i386-xl-raw 1 build-check(1) blocked n/a test-amd64-i386-qemuu-rhel6hvm-amd 1 build-check(1) blocked n/a test-amd64-i386-qemuu-rhel6hvm-intel 1 build-check(1) blocked n/a test-amd64-i386-pair 1 build-check(1) blocked n/a test-amd64-i386-qemut-rhel6hvm-intel 1 build-check(1) blocked n/a test-amd64-i386-freebsd10-i386 1 build-check(1) blocked n/a test-amd64-i386-xl-qemuu-win7-amd64 1 build-check(1) blocked n/a test-amd64-i386-libvirt 1 build-check(1) blocked n/a test-amd64-i386-xl-qemuu-debianhvm-amd64 1 build-check(1) blocked n/a test-amd64-i386-freebsd10-amd64 1 build-check(1) blocked n/a test-amd64-i386-xl-qemut-win7-amd64 1 build-check(1) blocked n/a test-amd64-i386-xl-qemuu-winxpsp3 1 build-check(1) blocked n/a test-amd64-i386-xl-qemuu-winxpsp3-vcpus1 1 build-check(1) blocked n/a test-amd64-i386-xl-qemut-winxpsp3-vcpus1 1 build-check(1) blocked n/a test-amd64-i386-xl-qemut-winxpsp3 1 build-check(1) blocked n/a test-armhf-armhf-xl-vhd 9 debian-di-install fail never pass test-armhf-armhf-libvirt-qcow2 9 debian-di-install fail never pass test-armhf-armhf-libvirt-raw 9 debian-di-install fail never pass test-armhf-armhf-libvirt-xsm 12 migrate-support-check fail never pass test-armhf-armhf-libvirt-xsm 14 guest-saverestore fail never pass test-armhf-armhf-libvirt 14 guest-saverestore fail never pass test-armhf-armhf-libvirt 12 migrate-support-check fail never pass test-amd64-amd64-xl-pvh-amd 11 guest-start fail never pass test-armhf-armhf-xl-multivcpu 13 saverestore-support-check fail never pass test-armhf-armhf-xl-multivcpu 12 migrate-support-check fail never pass test-amd64-amd64-xl-pvh-intel 14 guest-saverestore fail never pass test-armhf-armhf-xl-credit2 13 saverestore-support-check fail never pass test-armhf-armhf-xl-credit2 12 migrate-support-check fail never pass test-armhf-armhf-xl-xsm 13 saverestore-support-check fail never pass test-armhf-armhf-xl-xsm 12 migrate-support-check fail never pass test-armhf-armhf-xl-midway 13 saverestore-support-check fail never pass test-armhf-armhf-xl-midway 12 migrate-support-check fail never pass test-armhf-armhf-xl-rtds 13 saverestore-support-check fail never pass test-armhf-armhf-xl-rtds 12 migrate-support-check fail never pass test-armhf-armhf-xl 12 migrate-support-check fail never pass test-armhf-armhf-xl 13 saverestore-support-check fail never pass test-amd64-amd64-libvirt-xsm 12 migrate-support-check fail never pass test-amd64-amd64-libvirt 12 migrate-support-check fail never pass test-amd64-amd64-libvirt-qemuu-debianhvm-amd64-xsm 10 migrate-support-check fail never pass test-amd64-amd64-libvirt-vhd 11 migrate-support-check fail never pass test-amd64-amd64-xl-qemut-win7-amd64 17 guest-stop fail never pass test-amd64-amd64-xl-qemuu-win7-amd64 17 guest-stop fail never pass version targeted for testing: linux 1f2ce4a2e7aea3a2123b17aff62a80553df31e21 baseline version: linux 10f9e3bce7f3ab7ab4d09a9b78c7208c9a1455f7 Last test of basis 38220 2015-10-29 06:52:27 Z 12 days Testing same since 38265 2015-11-10 22:51:32 Z 0 days 1 attempts ------------------------------------------------------------ People who touched revisions under test: Adam J. Richter <adam_richter2...@yahoo.com> Adam Richter <adamricht...@gmail.com> Akinobu Mita <akinobu.m...@gmail.com> Alex Deucher <alexander.deuc...@amd.com> Alexandre Belloni <alexandre.bell...@free-electrons.com> Alim Akhtar <alim.akh...@samsung.com> Andrei Otcheretianski <andrei.otcheretian...@intel.com> Andrew Morton <a...@linux-foundation.org> Andy Shevchenko <andriy.shevche...@linux.intel.com> Antoine Tenart <antoine.ten...@free-electrons.com> Antti Palosaari <cr...@iki.fi> Ard Biesheuvel <ard.biesheu...@linaro.org> Arik Nemtsov <a...@wizery.com> Arik Nemtsov <arikx.nemt...@intel.com> Aristeu Rozanski <a...@redhat.com> Arnd Bergmann <a...@arndb.de> Avraham Stern <avraham.st...@intel.com> Ben Skeggs <bske...@redhat.com> Bjorn Helgaas <bhelg...@google.com> Bjørn Mork <bj...@mork.no> Borislav Petkov <b...@suse.de> Brian Austin <brian.aus...@cirrus.com> Catalin Marinas <catalin.mari...@arm.com> Cathy Avery <cathy.av...@oracle.com> Charles Keepax <ckee...@opensource.wolfsonmicro.com> Chris Mason <c...@fb.com> Chris Wilson <ch...@chris-wilson.co.uk> Christian Engelmayer <cenge...@gmx.at> Christian Zander <christ...@nervanasys.com> Christoffer Dall <christoffer.d...@linaro.org> Dan Carpenter <dan.carpen...@oracle.com> Daniel Vetter <daniel.vet...@ffwll.ch> Daniel Vetter <dan...@ffwll.ch> Dave Airlie <airl...@redhat.com> David Henningsson <david.hennings...@canonical.com> David Howells <dhowe...@redhat.com> David Woodhouse <david.woodho...@intel.com> Dmitry Torokhov <dmitry.torok...@gmail.com> Dong Aisheng <aisheng.d...@freescale.com> Doron Tsur <dor...@mellanox.com> Doug Ledford <dledf...@redhat.com> DÄvis MosÄns <davis...@gmail.com> Fabio Estevam <fabio.este...@freescale.com> Felix Fietkau <n...@openwrt.org> Florian Fainelli <f.faine...@gmail.com> Florian Westphal <f...@strlen.de> Frederic Danis <frederic.da...@linux.intel.com> G. Richard Bellamy <rbell...@pteradigm.com> Greg Kroah-Hartman <gre...@linuxfoundation.org> Gregory CLEMENT <gregory.clem...@free-electrons.com> H. Nikolaus Schaller <h...@goldelico.com> Hans de Goede <hdego...@redhat.com> Herbert Xu <herb...@gondor.apana.org.au> Hezi Shahmoon <h...@marvell.com> Iain Paton <ipat...@gmail.com> Ilia Mirkin <imir...@alum.mit.edu> Ilya Dryomov <idryo...@gmail.com> Ingo Molnar <mi...@kernel.org> James Bottomley <jbottom...@odin.com> James Morse <james.mo...@arm.com> Jan Kara <j...@suse.com> Jani Nikula <jani.nik...@intel.com> Jay Cornwall <j...@jcornwall.me> Jens Axboe <ax...@fb.com> Jes Sorensen <jes.soren...@redhat.com> Joe Thornber <e...@redhat.com> Joe Thornber <thorn...@redhat.com> Joerg Roedel <jroe...@suse.de> Johan Hovold <jo...@kernel.org> Johannes Berg <johannes.b...@intel.com> Jonathan Cameron <ji...@kernel.org> Kalle Valo <kv...@codeaurora.org> Keith Busch <keith.bu...@intel.com> Kirill A. Shutemov <kirill.shute...@linux.intel.com> Konrad Rzeszutek Wilk <konrad.w...@oracle.com> Konstantin Khlebnikov <khlebni...@yandex-team.ru> Kristen Carlson Accardi <kris...@linux.intel.com> Kukjin Kim <kg...@kernel.org> KÅvágó, Zoltán <dirty.ice...@gmail.com> Larry Finger <larry.fin...@lwfinger.net> Laura Abbott <labb...@fedoraproject.org> Lee Jones <lee.jo...@linaro.org> Linus Torvalds <torva...@linux-foundation.org> Linus Walleij <linus.wall...@linaro.org> Lorenzo Pieralisi <lorenzo.pieral...@arm.com> Luca Coelho <luciano.coe...@intel.com> Lucas Stach <d...@lynxeye.de> Marc Zyngier <marc.zyng...@arm.com> Marcin Wojtas <m...@semihalf.com> Marek Vasut <ma...@denx.de> Mark Brown <broo...@kernel.org> Matan Barak <mat...@mellanox.com> Mathias Nyman <mathias.ny...@linux.intel.com> Matt Fleming <matt.flem...@intel.com> Mauro Carvalho Chehab <mche...@osg.samsung.com> Maxime Ripard <maxime.rip...@free-electrons.com> Michael Ellerman <m...@ellerman.id.au> Mika Westerberg <mika.westerb...@linux.intel.com> Mike Snitzer <snit...@redhat.com> Miklos Szeredi <mik...@szeredi.hu> Minchan Kim <minc...@kernel.org> Nathan Lynch <nathan_ly...@mentor.com> NeilBrown <ne...@suse.com> Nishanth Menon <n...@ti.com> Pali Rohár <pali.ro...@gmail.com> Peter Zijlstra (Intel) <pet...@infradead.org> Peter Zijlstra <pet...@infradead.org> Rafael J. Wysocki <rafael.j.wyso...@intel.com> Roman Gushchin <kl...@yandex-team.ru> Ronny Hegewald <ronny.hegew...@online.de> Russell King <rmk+ker...@arm.linux.org.uk> Rusty Russell <ru...@rustcorp.com.au> Sasha Levin <sasha.le...@oracle.com> Seth Jennings <sjenn...@redhat.com> Shawn Guo <shawn...@kernel.org> Soeren Grunewald <soeren.grunew...@desy.de> Srinivas Pandruvada <srinivas.pandruv...@linux.intel.com> Stefan Wahren <stefan.wah...@i2se.com> Sudeep Holla <sudeep.ho...@arm.com> Takashi Iwai <ti...@suse.de> Thomas Gleixner <t...@linutronix.de> Thomas Hellstrom <thellst...@vmware.com> Thomas Petazzoni <thomas.petazz...@free-electrons.com> Timo Sigurdsson <public_tim...@silentcreek.de> Tomi Valkeinen <tomi.valkei...@ti.com> Tony Lindgren <t...@atomide.com> Tony Luck <tony.l...@intel.com> Ulf Hansson <ulf.hans...@linaro.org> Vasant Hegde <hegdevas...@linux.vnet.ibm.com> Ville Syrjälä <ville.syrj...@linux.intel.com> Vlastimil Babka <vba...@suse.cz> Will Deacon <will.dea...@arm.com> Wolfram Sang <w...@the-dreams.de> jobs: build-amd64-xsm pass build-armhf-xsm pass build-i386-xsm pass build-amd64 pass build-armhf pass build-i386 broken build-amd64-libvirt pass build-armhf-libvirt pass build-i386-libvirt blocked build-amd64-pvops pass build-armhf-pvops pass build-i386-pvops pass build-amd64-rumpuserxen pass build-i386-rumpuserxen blocked test-amd64-amd64-xl pass test-armhf-armhf-xl pass test-amd64-i386-xl blocked test-amd64-amd64-xl-qemut-debianhvm-amd64-xsm pass test-amd64-i386-xl-qemut-debianhvm-amd64-xsm pass test-amd64-amd64-libvirt-qemuu-debianhvm-amd64-xsm pass test-amd64-i386-libvirt-qemuu-debianhvm-amd64-xsm blocked test-amd64-amd64-xl-qemuu-debianhvm-amd64-xsm fail test-amd64-i386-xl-qemuu-debianhvm-amd64-xsm pass test-amd64-amd64-xl-qemut-stubdom-debianhvm-amd64-xsm pass test-amd64-i386-xl-qemut-stubdom-debianhvm-amd64-xsm pass test-amd64-amd64-libvirt-xsm pass test-armhf-armhf-libvirt-xsm fail test-amd64-i386-libvirt-xsm blocked test-amd64-amd64-xl-xsm fail test-armhf-armhf-xl-xsm pass test-amd64-i386-xl-xsm pass test-amd64-amd64-xl-pvh-amd fail test-amd64-i386-qemut-rhel6hvm-amd blocked test-amd64-i386-qemuu-rhel6hvm-amd blocked test-amd64-amd64-xl-qemut-debianhvm-amd64 pass test-amd64-i386-xl-qemut-debianhvm-amd64 blocked test-amd64-amd64-xl-qemuu-debianhvm-amd64 pass test-amd64-i386-xl-qemuu-debianhvm-amd64 blocked test-amd64-i386-freebsd10-amd64 blocked test-amd64-amd64-xl-qemuu-ovmf-amd64 pass test-amd64-i386-xl-qemuu-ovmf-amd64 blocked test-amd64-amd64-rumpuserxen-amd64 fail test-amd64-amd64-xl-qemut-win7-amd64 fail test-amd64-i386-xl-qemut-win7-amd64 blocked test-amd64-amd64-xl-qemuu-win7-amd64 fail test-amd64-i386-xl-qemuu-win7-amd64 blocked test-amd64-amd64-xl-credit2 pass test-armhf-armhf-xl-credit2 pass test-amd64-i386-freebsd10-i386 blocked test-amd64-i386-rumpuserxen-i386 blocked test-amd64-amd64-xl-pvh-intel fail test-amd64-i386-qemut-rhel6hvm-intel blocked test-amd64-i386-qemuu-rhel6hvm-intel blocked test-amd64-amd64-libvirt pass test-armhf-armhf-libvirt fail test-amd64-i386-libvirt blocked test-armhf-armhf-xl-midway pass test-amd64-amd64-xl-multivcpu pass test-armhf-armhf-xl-multivcpu pass test-amd64-amd64-pair pass test-amd64-i386-pair blocked test-amd64-amd64-libvirt-pair pass test-amd64-i386-libvirt-pair blocked test-amd64-amd64-amd64-pvgrub pass test-amd64-amd64-i386-pvgrub pass test-amd64-amd64-pygrub pass test-armhf-armhf-libvirt-qcow2 fail test-amd64-amd64-xl-qcow2 pass test-armhf-armhf-libvirt-raw fail test-amd64-i386-xl-raw blocked test-amd64-amd64-xl-rtds pass test-armhf-armhf-xl-rtds pass test-amd64-i386-xl-qemut-winxpsp3-vcpus1 blocked test-amd64-i386-xl-qemuu-winxpsp3-vcpus1 blocked test-amd64-amd64-libvirt-vhd pass test-armhf-armhf-xl-vhd fail test-amd64-amd64-xl-qemut-winxpsp3 pass test-amd64-i386-xl-qemut-winxpsp3 blocked test-amd64-amd64-xl-qemuu-winxpsp3 pass test-amd64-i386-xl-qemuu-winxpsp3 blocked ------------------------------------------------------------ sg-report-flight on osstest.xs.citrite.net logs: /home/osstest/logs images: /home/osstest/images Logs, config files, etc. are available at http://osstest.xs.citrite.net/~osstest/testlogs/logs Test harness code can be found at http://xenbits.xensource.com/gitweb?p=osstest.git;a=summary broken-step build-i386 host-install(3) Push not applicable. (No revision log; it would be 2096 lines long.)
_______________________________________________ Xen-devel mailing list Xen-devel@lists.xen.org http://lists.xen.org/xen-devel