flight 63703 linux-3.4 real [real] http://logs.test-lab.xenproject.org/osstest/logs/63703/
Regressions :-( Tests which did not succeed and are blocking, including tests which could not be run: test-amd64-i386-rumpuserxen-i386 6 xen-boot fail REGR. vs. 62277 test-amd64-i386-qemuu-rhel6hvm-intel 6 xen-boot fail REGR. vs. 62277 test-amd64-i386-xl-qemuu-debianhvm-amd64 6 xen-boot fail REGR. vs. 62277 test-amd64-i386-xl-qemuu-debianhvm-amd64-xsm 6 xen-boot fail REGR. vs. 62277 test-amd64-amd64-xl-qemut-debianhvm-amd64-xsm 6 xen-boot fail REGR. vs. 62277 test-amd64-i386-xl-qemuu-ovmf-amd64 6 xen-boot fail REGR. vs. 62277 test-amd64-i386-xl 6 xen-boot fail REGR. vs. 62277 test-amd64-i386-freebsd10-amd64 6 xen-boot fail REGR. vs. 62277 test-amd64-amd64-xl-xsm 6 xen-boot fail REGR. vs. 62277 test-amd64-i386-xl-qemut-debianhvm-amd64 6 xen-boot fail REGR. vs. 62277 test-amd64-amd64-xl-qemuu-debianhvm-amd64 6 xen-boot fail REGR. vs. 62277 test-amd64-amd64-xl-multivcpu 6 xen-boot fail REGR. vs. 62277 test-amd64-i386-qemut-rhel6hvm-intel 6 xen-boot fail REGR. vs. 62277 test-amd64-amd64-xl-qemuu-ovmf-amd64 6 xen-boot fail REGR. vs. 62277 test-amd64-amd64-xl-qemut-winxpsp3 6 xen-boot fail REGR. vs. 62277 test-amd64-i386-xl-qemuu-winxpsp3 6 xen-boot fail REGR. vs. 62277 Tests which are failing intermittently (not blocking): test-amd64-amd64-amd64-pvgrub 3 host-install(3) broken in 63294 pass in 63703 test-amd64-i386-qemuu-rhel6hvm-amd 3 host-install(3) broken in 63294 pass in 63703 test-amd64-amd64-xl-qemuu-winxpsp3 3 host-install(3) broken in 63294 pass in 63703 test-amd64-i386-xl-xsm 3 host-install(3) broken in 63310 pass in 63703 test-amd64-amd64-xl-qcow2 3 host-install(3) broken in 63310 pass in 63703 test-amd64-i386-libvirt-qemuu-debianhvm-amd64-xsm 3 host-install(3) broken in 63310 pass in 63703 test-amd64-amd64-xl-qemut-winxpsp3 3 host-install(3) broken in 63310 pass in 63703 test-amd64-amd64-xl-credit2 3 host-install(3) broken in 63324 pass in 63703 test-amd64-i386-xl-raw 3 host-install(3) broken in 63324 pass in 63703 test-amd64-i386-xl-qemut-stubdom-debianhvm-amd64-xsm 3 host-install(3) broken in 63324 pass in 63703 test-amd64-i386-xl-qemut-debianhvm-amd64-xsm 3 host-install(3) broken in 63324 pass in 63703 test-amd64-i386-qemut-rhel6hvm-amd 3 host-install(3) broken in 63324 pass in 63703 test-amd64-amd64-xl-qemut-stubdom-debianhvm-amd64-xsm 13 guest-localmigrate fail in 63324 pass in 63703 test-amd64-amd64-xl-rtds 6 xen-boot fail pass in 63228 test-amd64-amd64-libvirt-qemuu-debianhvm-amd64-xsm 6 xen-boot fail pass in 63228 test-amd64-amd64-i386-pvgrub 6 xen-boot fail pass in 63294 test-amd64-amd64-xl-qemut-stubdom-debianhvm-amd64-xsm 15 guest-localmigrate.2 fail pass in 63294 test-amd64-i386-pair 10 xen-boot/dst_host fail pass in 63310 test-amd64-i386-pair 9 xen-boot/src_host fail pass in 63310 test-amd64-amd64-libvirt-pair 10 xen-boot/dst_host fail pass in 63310 test-amd64-amd64-libvirt-pair 9 xen-boot/src_host fail pass in 63310 test-amd64-amd64-amd64-pvgrub 6 xen-boot fail pass in 63324 test-amd64-amd64-xl-qemuu-debianhvm-amd64-xsm 6 xen-boot fail pass in 63324 test-amd64-amd64-xl-qcow2 6 xen-boot fail pass in 63338 test-amd64-i386-libvirt-pair 10 xen-boot/dst_host fail pass in 63374 test-amd64-i386-libvirt-pair 9 xen-boot/src_host fail pass in 63374 test-amd64-amd64-pair 10 xen-boot/dst_host fail pass in 63404 test-amd64-amd64-pair 9 xen-boot/src_host fail pass in 63404 Regressions which are regarded as allowable (not blocking): test-amd64-amd64-libvirt-xsm 6 xen-boot fail REGR. vs. 62277 test-amd64-i386-libvirt-xsm 6 xen-boot fail REGR. vs. 62277 test-amd64-i386-xl-qemut-stubdom-debianhvm-amd64-xsm 15 guest-localmigrate.2 fail in 63228 blocked in 62277 test-amd64-amd64-rumpuserxen-amd64 15 rumpuserxen-demo-xenstorels/xenstorels.repeat fail in 63228 like 62277 test-amd64-amd64-xl-qemut-win7-amd64 17 guest-stop fail like 62277 test-amd64-amd64-xl-qemuu-win7-amd64 17 guest-stop fail like 62277 test-amd64-i386-xl-qemut-win7-amd64 17 guest-stop fail like 62277 Tests which did not succeed, but are not blocking: test-amd64-amd64-libvirt-qemuu-debianhvm-amd64-xsm 10 migrate-support-check fail in 63228 never pass test-amd64-amd64-xl-pvh-intel 11 guest-start fail never pass test-amd64-amd64-xl-pvh-amd 11 guest-start fail never pass test-amd64-amd64-libvirt 12 migrate-support-check fail never pass test-amd64-i386-libvirt 12 migrate-support-check fail never pass test-amd64-i386-libvirt-qemuu-debianhvm-amd64-xsm 10 migrate-support-check fail never pass test-amd64-amd64-libvirt-vhd 11 migrate-support-check fail never pass test-amd64-i386-xl-qemuu-win7-amd64 17 guest-stop fail never pass version targeted for testing: linux 3edd6224c2a677bb59efe0b083a51fc2b3b5c64d baseline version: linux 4a55c0cfdd8a8b0c39eba5e696c36c33d0879684 Last test of basis 62277 2015-09-22 10:38:22 Z 45 days Testing same since 63203 2015-10-22 02:43:59 Z 16 days 12 attempts ------------------------------------------------------------ People who touched revisions under test: "Eric W. Biederman" <ebied...@xmission.com> Al Viro <v...@zeniv.linux.org.uk> Alan Stern <st...@rowland.harvard.edu> Alex Deucher <alexander.deuc...@amd.com> Alexander Sverdlin <alexander.sverd...@nokia.com> Alexei Starovoitov <a...@plumgrid.com> Alexey Brodkin <abrod...@synopsys.com> Alexey Brodkin <alexey.brod...@synopsys.com> Andrew Morton <a...@linux-foundation.org> Arnd Bergmann <a...@arndb.de> Arun Chandran <achand...@mvista.com> Axel Lin <axel....@ingics.com> Ben Hutchings <b...@decadent.org.uk> Bjorn Helgaas <bhelg...@google.com> Bob Moore <robert.mo...@intel.com> Brian King <brk...@linux.vnet.ibm.com> Brian Norris <computersforpe...@gmail.com> Catalin Marinas <catalin.mari...@arm.com> Charles Keepax <ckee...@opensource.wolfsonmicro.com> Chris Metcalf <cmetc...@ezchip.com> Chris Wilson <ch...@chris-wilson.co.uk> Christian König <christian.koe...@amd.com> Chuck Lever <chuck.le...@oracle.com> Dan Carpenter <dan.carpen...@oracle.com> Darren Hart <dvh...@linux.intel.com> Darrick J. Wong <darrick.w...@oracle.com> David S. Miller <da...@davemloft.net> Ding Wang <justin.w...@spreadtrum.com> Dmitry Monakhov <dmonak...@openvz.org> Dmitry Tunin <hanipouspi...@gmail.com> Dominik Brodowski <li...@dominikbrodowski.net> Doug Ledford <dledf...@redhat.com> Eric Dumazet <eduma...@google.com> Eric W. Biederman <ebied...@xmission.com> Eryu Guan <guane...@gmail.com> Felipe Balbi <ba...@ti.com> Felix Fietkau <n...@openwrt.org> Giuseppe Cantavenera <giuseppe.cantavenera....@nokia.com> Greg Kroah-Hartman <gre...@linuxfoundation.org> Haggai Eran <haggai.e...@gmail.com> Hannes Frederic Sowa <han...@stressinduktion.org> Herbert Xu <herb...@gondor.apana.org.au> Horia Geant? <horia.gea...@freescale.com> Horia Geanta <horia.gea...@freescale.com> Huang Rui <ray.hu...@amd.com> Ilya Dryomov <idryo...@gmail.com> James Bottomley <jbottom...@odin.com> Jan Kara <j...@suse.com> Jani Nikula <jani.nik...@intel.com> Jeff Layton <jeff.lay...@primarydata.com> Jeff Layton <jlay...@poochiereds.net> Jesper Dangaard Brouer <bro...@redhat.com> John Youn <john.y...@synopsys.com> John Youn <johny...@synopsys.com> Joseph Qi <joseph...@huawei.com> Kalle Valo <kv...@codeaurora.org> Larry Finger <larry.fin...@lwfinger.net> Linus Torvalds <torva...@linux-foundation.org> Lior Amsalem <al...@marvell.com> Lv Zheng <lv.zh...@intel.com> Marcel Holtmann <mar...@holtmann.org> Marcelo Ricardo Leitner <marcelo.leit...@gmail.com> Mark Brown <broo...@kernel.org> Maxime Ripard <maxime.rip...@free-electrons.com> Michal Hocko <mho...@suse.cz> Mike Marciniszyn <mike.marcinis...@intel.com> Miklos Szeredi <mszer...@suse.cz> Nicolas Ferre <nicolas.fe...@atmel.com> Nikolay Aleksandrov <niko...@cumulusnetworks.com> Nikolay Aleksandrov <ra...@blackwall.org> Olga Kornievskaia <a...@umich.edu> Olga Kornievskaia <ko...@netapp.com> Pali Rohár <pali.ro...@gmail.com> Paolo Bonzini <pbonz...@redhat.com> Paul E. McKenney <paul...@linux.vnet.ibm.com> Peter Zijlstra (Intel) <pet...@infradead.org> Peter Zijlstra <pet...@infradead.org> Radim KrÄmáŠ<rkrc...@redhat.com> Rafael J. Wysocki <rafael.j.wyso...@intel.com> Robert Schlabbach <robert.schlabb...@gmx.net> Robert Schlabbach <rober...@gmx.net> Ryan C. Underwood <neme...@icequake.net> Ryan Underwood <neme...@icequake.net> Satish Ashok <sas...@cumulusnetworks.com> Stefan Wahren <stefan.wah...@i2se.com> Steven Rostedt (Red Hat) <rost...@goodmis.org> Steven Rostedt <rost...@goodmis.org> Subbaraya Sundeep Bhatta <sbha...@xilinx.com> Subbaraya Sundeep Bhatta <subbaraya.sundeep.bha...@xilinx.com> Theodore Ts'o <ty...@mit.edu> Thomas Gleixner <t...@linutronix.de> Trond Myklebust <trond.mykleb...@primarydata.com> Ulf Hansson <ulf.hans...@linaro.org> Uwe Kleine-König <u.kleine-koe...@pengutronix.de> Vignesh Radhakrishnan <vigne...@codeaurora.org> Ville Syrjälä <ville.syrj...@linux.intel.com> Vinod Koul <vinod.k...@intel.com> Willem de Bruijn <will...@google.com> Wim Van Sebroeck <w...@iguana.be> Yiwen Jiang <jiangyi...@huawei.com> Zefan Li <lize...@huawei.com> Zidan Wang <zidan.w...@freescale.com> jobs: build-amd64-xsm pass build-i386-xsm pass build-amd64 pass build-i386 pass build-amd64-libvirt pass build-i386-libvirt pass build-amd64-pvops pass build-i386-pvops pass build-amd64-rumpuserxen pass build-i386-rumpuserxen pass test-amd64-amd64-xl pass test-amd64-i386-xl fail test-amd64-amd64-xl-qemut-debianhvm-amd64-xsm fail test-amd64-i386-xl-qemut-debianhvm-amd64-xsm pass test-amd64-amd64-libvirt-qemuu-debianhvm-amd64-xsm fail test-amd64-i386-libvirt-qemuu-debianhvm-amd64-xsm pass test-amd64-amd64-xl-qemuu-debianhvm-amd64-xsm fail test-amd64-i386-xl-qemuu-debianhvm-amd64-xsm fail test-amd64-amd64-xl-qemut-stubdom-debianhvm-amd64-xsm fail test-amd64-i386-xl-qemut-stubdom-debianhvm-amd64-xsm pass test-amd64-amd64-libvirt-xsm fail test-amd64-i386-libvirt-xsm fail test-amd64-amd64-xl-xsm fail test-amd64-i386-xl-xsm pass test-amd64-amd64-xl-pvh-amd fail test-amd64-i386-qemut-rhel6hvm-amd pass test-amd64-i386-qemuu-rhel6hvm-amd pass test-amd64-amd64-xl-qemut-debianhvm-amd64 pass test-amd64-i386-xl-qemut-debianhvm-amd64 fail test-amd64-amd64-xl-qemuu-debianhvm-amd64 fail test-amd64-i386-xl-qemuu-debianhvm-amd64 fail test-amd64-i386-freebsd10-amd64 fail test-amd64-amd64-xl-qemuu-ovmf-amd64 fail test-amd64-i386-xl-qemuu-ovmf-amd64 fail test-amd64-amd64-rumpuserxen-amd64 pass test-amd64-amd64-xl-qemut-win7-amd64 fail test-amd64-i386-xl-qemut-win7-amd64 fail test-amd64-amd64-xl-qemuu-win7-amd64 fail test-amd64-i386-xl-qemuu-win7-amd64 fail test-amd64-amd64-xl-credit2 pass test-amd64-i386-freebsd10-i386 pass test-amd64-i386-rumpuserxen-i386 fail test-amd64-amd64-xl-pvh-intel fail test-amd64-i386-qemut-rhel6hvm-intel fail test-amd64-i386-qemuu-rhel6hvm-intel fail test-amd64-amd64-libvirt pass test-amd64-i386-libvirt pass test-amd64-amd64-xl-multivcpu fail test-amd64-amd64-pair fail test-amd64-i386-pair fail test-amd64-amd64-libvirt-pair fail test-amd64-i386-libvirt-pair fail test-amd64-amd64-amd64-pvgrub fail test-amd64-amd64-i386-pvgrub fail test-amd64-amd64-pygrub pass test-amd64-amd64-xl-qcow2 fail test-amd64-i386-xl-raw pass test-amd64-amd64-xl-rtds fail test-amd64-i386-xl-qemut-winxpsp3-vcpus1 pass test-amd64-i386-xl-qemuu-winxpsp3-vcpus1 pass test-amd64-amd64-libvirt-vhd pass test-amd64-amd64-xl-qemut-winxpsp3 fail test-amd64-i386-xl-qemut-winxpsp3 pass test-amd64-amd64-xl-qemuu-winxpsp3 pass test-amd64-i386-xl-qemuu-winxpsp3 fail ------------------------------------------------------------ sg-report-flight on osstest.test-lab.xenproject.org logs: /home/logs/logs images: /home/logs/images Logs, config files, etc. are available at http://logs.test-lab.xenproject.org/osstest/logs Explanation of these reports, and of osstest in general, is at http://xenbits.xen.org/gitweb/?p=osstest.git;a=blob;f=README.email;hb=master http://xenbits.xen.org/gitweb/?p=osstest.git;a=blob;f=README;hb=master Test harness code can be found at http://xenbits.xen.org/gitweb?p=osstest.git;a=summary Not pushing. (No revision log; it would be 1718 lines long.)
_______________________________________________ Xen-devel mailing list Xen-devel@lists.xen.org http://lists.xen.org/xen-devel