This run is configured for baseline tests only.

flight 38240 linux-3.16 real [real]
http://osstest.xs.citrite.net/~osstest/testlogs/logs/38240/

Regressions :-(

Tests which did not succeed and are blocking,
including tests which could not be run:
 test-amd64-i386-xl-qemut-stubdom-debianhvm-amd64-xsm 9 debian-hvm-install fail 
REGR. vs. 38135

Regressions which are regarded as allowable (not blocking):
 test-amd64-i386-libvirt-qemuu-debianhvm-amd64-xsm 3 host-install(3) broken 
REGR. vs. 38135
 test-amd64-amd64-xl-credit2  18 guest-localmigrate/x10       fail   like 38135
 test-amd64-amd64-xl-qemut-winxpsp3  9 windows-install          fail like 38135

Tests which did not succeed, but are not blocking:
 test-armhf-armhf-xl-vhd       9 debian-di-install            fail   never pass
 test-armhf-armhf-libvirt-qcow2  9 debian-di-install            fail never pass
 test-armhf-armhf-libvirt-raw  9 debian-di-install            fail   never pass
 test-armhf-armhf-libvirt-xsm 12 migrate-support-check        fail   never pass
 test-armhf-armhf-libvirt-xsm 14 guest-saverestore            fail   never pass
 test-armhf-armhf-libvirt     14 guest-saverestore            fail   never pass
 test-armhf-armhf-libvirt     12 migrate-support-check        fail   never pass
 test-amd64-amd64-xl-pvh-intel 11 guest-start                  fail  never pass
 test-amd64-amd64-rumpuserxen-amd64 15 
rumpuserxen-demo-xenstorels/xenstorels.repeat fail never pass
 test-amd64-amd64-xl-pvh-amd  11 guest-start                  fail   never pass
 test-armhf-armhf-xl          12 migrate-support-check        fail   never pass
 test-armhf-armhf-xl          13 saverestore-support-check    fail   never pass
 test-armhf-armhf-xl-credit2  13 saverestore-support-check    fail   never pass
 test-armhf-armhf-xl-credit2  12 migrate-support-check        fail   never pass
 test-armhf-armhf-xl-multivcpu 13 saverestore-support-check    fail  never pass
 test-armhf-armhf-xl-multivcpu 12 migrate-support-check        fail  never pass
 test-armhf-armhf-xl-xsm      13 saverestore-support-check    fail   never pass
 test-armhf-armhf-xl-xsm      12 migrate-support-check        fail   never pass
 test-amd64-amd64-xl-multivcpu 18 guest-localmigrate/x10       fail  never pass
 test-armhf-armhf-xl-midway   13 saverestore-support-check    fail   never pass
 test-armhf-armhf-xl-midway   12 migrate-support-check        fail   never pass
 test-armhf-armhf-xl-rtds     13 saverestore-support-check    fail   never pass
 test-armhf-armhf-xl-rtds     12 migrate-support-check        fail   never pass
 test-amd64-i386-libvirt      12 migrate-support-check        fail   never pass
 test-amd64-amd64-libvirt-xsm 12 migrate-support-check        fail   never pass
 test-amd64-i386-libvirt-xsm  12 migrate-support-check        fail   never pass
 test-amd64-amd64-libvirt     12 migrate-support-check        fail   never pass
 test-amd64-amd64-xl-rtds     18 guest-localmigrate/x10       fail   never pass
 test-amd64-amd64-libvirt-vhd 11 migrate-support-check        fail   never pass
 test-amd64-amd64-libvirt-qemuu-debianhvm-amd64-xsm 10 migrate-support-check 
fail never pass
 test-amd64-i386-xl-qemuu-win7-amd64 17 guest-stop              fail never pass
 test-amd64-amd64-xl-qemuu-win7-amd64 17 guest-stop             fail never pass
 test-amd64-amd64-xl-qemut-win7-amd64 17 guest-stop             fail never pass
 test-amd64-i386-xl-qemut-win7-amd64 17 guest-stop              fail never pass

version targeted for testing:
 linux                e25b6bafc0accd7c59e131e1099ab22852e36777
baseline version:
 linux                e775020ec970a901190f1172e52d0bf2fb2b2ddd

Last test of basis    38135  2015-10-08 04:52:45 Z   25 days
Testing same since    38240  2015-11-02 16:53:01 Z    0 days    1 attempts

------------------------------------------------------------
People who touched revisions under test:
  "Eric W. Biederman" <ebied...@xmission.com>
  Aaron Conole <acon...@bytheb.org>
  Adrian Hunter <adrian.hun...@intel.com>
  Al Viro <v...@zeniv.linux.org.uk>
  Alex Williamson <alex.william...@redhat.com>
  Alexander Couzens <lyn...@fe80.eu>
  Alexey Klimov <alexey.kli...@linaro.org>
  Andreas Schwab <sch...@linux-m68k.org>
  Andrew Morton <a...@linux-foundation.org>
  Andrey Vagin <ava...@openvz.org>
  Andy Lutomirski <l...@kernel.org>
  Andy Shevchenko <andriy.shevche...@linux.intel.com>
  Aneesh Kumar K.V <aneesh.ku...@linux.vnet.ibm.com>
  Arad, Ronen <ronen.a...@intel.com>
  Ard Biesheuvel <ard.biesheu...@linaro.org>
  Arnaldo Carvalho de Melo <a...@redhat.com>
  Ben Hutchings <b...@decadent.org.uk>
  Benjamin Herrenschmidt <b...@kernel.crashing.org>
  Bjorn Helgaas <helg...@kernel.org>
  Borislav Petkov <b...@suse.de>
  Carl Frederik Werner <frede...@cfbw.eu>
  Catalin Marinas <catalin.mari...@arm.com>
  Charles Keepax <ckee...@opensource.wolfsonmicro.com>
  Chas Williams <3ch...@gmail.com>
  Christoph Biedl <linux-kernel.b...@manchmal.in-ulm.de>
  Christoph Lameter <c...@linux.com>
  Darren Hart <dvh...@linux.intel.com>
  Dave Airlie <airl...@redhat.com>
  David Howells <dhowe...@redhat.com>
  David S. Miller <da...@davemloft.net>
  David Woodhouse <david.woodho...@intel.com>
  David Woodhouse <dw...@infradead.org>
  Davidlohr Bueso <d...@stgolabs.net>
  Dirk Brandewie <dirk.j.brande...@intel.com>
  Dirk Mueller <dmuel...@suse.com>
  Dirk Müller <dmuel...@suse.com>
  Dmitry Vyukov <dvyu...@google.com>
  Eric Dumazet <eduma...@google.com>
  Eric W. Biederman <ebied...@xmission.com>
  Eryu Guan <guane...@gmail.com>
  Fabiano Fidêncio <fiden...@redhat.com>
  Filipe Manana <fdman...@suse.com>
  Geert Uytterhoeven <ge...@linux-m68k.org>
  Grazvydas Ignotas <nota...@gmail.com>
  Greg Kroah-Hartman <gre...@linuxfoundation.org>
  Guenter Roeck <li...@roeck-us.net>
  Guillaume Nault <g.na...@alphalink.fr>
  H. Nikolaus Schaller <h...@goldelico.com>
  Ingo Molnar <mi...@kernel.org>
  James Chapman <jchap...@katalix.com>
  James Hogan <james.ho...@imgtec.com>
  Jan Kara <j...@suse.com>
  Jani Nikula <jani.nik...@intel.com>
  Jann Horn <j...@thejh.net>
  Jarkko Nikula <jarkko.nik...@linux.intel.com>
  Jason Wang <jasow...@redhat.com>
  Jeff Mahoney <je...@suse.com>
  Jenny Derzhavetz <jen...@mellanox.com>
  Jiri Benc <jb...@redhat.com>
  Joe Perches <j...@perches.com>
  Johan Hovold <jo...@kernel.org>
  John Stultz <john.stu...@linaro.org>
  Joonsoo Kim <iamjoonsoo....@lge.com>
  Joonsoo Kim <js1...@gmail.com>
  Joseph Qi <joseph...@huawei.com>
  Julia Lawall <julia.law...@lip6.fr>
  Kapileshwar Singh <kapileshwar.si...@arm.com>
  Kees Cook <keesc...@chromium.org>
  Konstantin Khlebnikov <khlebni...@yandex-team.ru>
  Kyle Evans <kvan...@gmail.com>
  Linus Torvalds <torva...@linux-foundation.org>
  Liu.Zhao <lzsos...@163.com>
  lucien <lucien....@gmail.com>
  Luis Henriques <luis.henriq...@canonical.com>
  Manfred Spraul <manf...@colorfullife.com>
  Marc Zyngier <marc.zyng...@arm.com>
  Marcelo Ricardo Leitner <marcelo.leit...@gmail.com>
  Mark Brown <broo...@kernel.org>
  Mark Rustad <mark.d.rus...@intel.com>
  Mathias Krause <mini...@googlemail.com>
  Mathias Nyman <mathias.ny...@linux.intel.com>
  Matt Fleming <matt.flem...@intel.com>
  Matthew Garrett <matthew.garr...@nebula.com>
  Max Filippov <jcmvb...@gmail.com>
  Mel Gorman <mgor...@techsingularity.net>
  Michael Ellerman <m...@ellerman.id.au>
  Michel Stam <m.s...@fugro.nl>
  Minchan Kim <minc...@kernel.org>
  Myron Stowe <myron.st...@redhat.com>
  Namhyung Kim <namhy...@kernel.org>
  Nicholas Bellinger <n...@linux-iscsi.org>
  Nicolas Pitre <n...@linaro.org>
  Nikhil Badola <nikhil.bad...@freescale.com>
  Oleksii Berezhniak <c...@irc.lg.ua>
  Oren Laskin <o...@igneous.io>
  Pablo Neira Ayuso <pa...@netfilter.org>
  Paolo Bonzini <pbonz...@redhat.com>
  Paul Burton <paul.bur...@imgtec.com>
  Peter Chen <peter.c...@freescale.com>
  Peter Seiderer <ps.rep...@gmx.net>
  Prarit Bhargava <pra...@redhat.com>
  Pravin B Shelar <pshe...@nicira.com>
  Rafael Aquini <aqu...@redhat.com>
  Rafael J. Wysocki <rafael.j.wyso...@intel.com>
  Ralf Baechle <r...@linux-mips.org>
  Ramneek Mehresh <ramneek.mehr...@freescale.com>
  Richard Weinberger <rich...@nod.at>
  Rik van Riel <r...@redhat.com>
  Riku Voipio <riku.voi...@linaro.org>
  Robert Jarzmik <robert.jarz...@free.fr>
  Roger Quadros <rog...@ti.com>
  Roland Dreier <rol...@purestorage.com>
  Ronen Arad <ronen.a...@intel.com>
  Russell King <rmk+ker...@arm.linux.org.uk>
  Sabrina Dubroca <s...@queasysnail.net>
  Sagi Grimberg <sa...@mellanox.com>
  Sergey Senozhatsky <sergey.senozhat...@gmail.com>
  Shaohua Li <s...@fb.com>
  Shawn Lin <shawn....@rock-chips.com>
  Sheng Yong <shengyo...@huawei.com>
  shengyong <shengyo...@huawei.com>
  Simon Guinot <simon.gui...@sequanux.org>
  Stephen Smalley <s...@tycho.nsa.gov>
  Steve French <smfre...@gmail.com>
  Steve French <steve.fre...@primarydata.com>
  Stratos Karafotis <strat...@semaphore.gr>
  Suresh Gupta <suresh.gu...@freescale.com>
  Tan, Jui Nee <jui.nee....@intel.com>
  Theodore Ts'o <ty...@mit.edu>
  Thomas Gleixner <t...@linutronix.de>
  Thomas Hellstrom <thellst...@vmware.com>
  Timofey Titovets <nefelim...@gmail.com>
  Tom Herbert <t...@herbertland.com>
  Tony Lindgren <t...@atomide.com>
  Vincent Pelletier <plr.vinc...@gmail.com>
  Vinod Koul <vinod.k...@intel.com>
  Vlad Yasevich <vyasev...@gmail.com>
  Will Deacon <will.dea...@arm.com>
  Xin Long <lucien....@gmail.com>

jobs:
 build-amd64-xsm                                              pass
 build-armhf-xsm                                              pass
 build-i386-xsm                                               pass
 build-amd64                                                  pass
 build-armhf                                                  pass
 build-i386                                                   pass
 build-amd64-libvirt                                          pass
 build-armhf-libvirt                                          pass
 build-i386-libvirt                                           pass
 build-amd64-pvops                                            pass
 build-armhf-pvops                                            pass
 build-i386-pvops                                             pass
 build-amd64-rumpuserxen                                      pass
 build-i386-rumpuserxen                                       pass
 test-amd64-amd64-xl                                          pass
 test-armhf-armhf-xl                                          pass
 test-amd64-i386-xl                                           pass
 test-amd64-amd64-xl-qemut-debianhvm-amd64-xsm                pass
 test-amd64-i386-xl-qemut-debianhvm-amd64-xsm                 pass
 test-amd64-amd64-libvirt-qemuu-debianhvm-amd64-xsm           pass
 test-amd64-i386-libvirt-qemuu-debianhvm-amd64-xsm            broken
 test-amd64-amd64-xl-qemuu-debianhvm-amd64-xsm                pass
 test-amd64-i386-xl-qemuu-debianhvm-amd64-xsm                 pass
 test-amd64-amd64-xl-qemut-stubdom-debianhvm-amd64-xsm        pass
 test-amd64-i386-xl-qemut-stubdom-debianhvm-amd64-xsm         fail
 test-amd64-amd64-libvirt-xsm                                 pass
 test-armhf-armhf-libvirt-xsm                                 fail
 test-amd64-i386-libvirt-xsm                                  pass
 test-amd64-amd64-xl-xsm                                      pass
 test-armhf-armhf-xl-xsm                                      pass
 test-amd64-i386-xl-xsm                                       pass
 test-amd64-amd64-xl-pvh-amd                                  fail
 test-amd64-i386-qemut-rhel6hvm-amd                           pass
 test-amd64-i386-qemuu-rhel6hvm-amd                           pass
 test-amd64-amd64-xl-qemut-debianhvm-amd64                    pass
 test-amd64-i386-xl-qemut-debianhvm-amd64                     pass
 test-amd64-amd64-xl-qemuu-debianhvm-amd64                    pass
 test-amd64-i386-xl-qemuu-debianhvm-amd64                     pass
 test-amd64-i386-freebsd10-amd64                              pass
 test-amd64-amd64-xl-qemuu-ovmf-amd64                         pass
 test-amd64-i386-xl-qemuu-ovmf-amd64                          pass
 test-amd64-amd64-rumpuserxen-amd64                           fail
 test-amd64-amd64-xl-qemut-win7-amd64                         fail
 test-amd64-i386-xl-qemut-win7-amd64                          fail
 test-amd64-amd64-xl-qemuu-win7-amd64                         fail
 test-amd64-i386-xl-qemuu-win7-amd64                          fail
 test-amd64-amd64-xl-credit2                                  fail
 test-armhf-armhf-xl-credit2                                  pass
 test-amd64-i386-freebsd10-i386                               pass
 test-amd64-i386-rumpuserxen-i386                             pass
 test-amd64-amd64-xl-pvh-intel                                fail
 test-amd64-i386-qemut-rhel6hvm-intel                         pass
 test-amd64-i386-qemuu-rhel6hvm-intel                         pass
 test-amd64-amd64-libvirt                                     pass
 test-armhf-armhf-libvirt                                     fail
 test-amd64-i386-libvirt                                      pass
 test-armhf-armhf-xl-midway                                   pass
 test-amd64-amd64-xl-multivcpu                                fail
 test-armhf-armhf-xl-multivcpu                                pass
 test-amd64-amd64-pair                                        pass
 test-amd64-i386-pair                                         pass
 test-amd64-amd64-libvirt-pair                                pass
 test-amd64-i386-libvirt-pair                                 pass
 test-amd64-amd64-amd64-pvgrub                                pass
 test-amd64-amd64-i386-pvgrub                                 pass
 test-amd64-amd64-pygrub                                      pass
 test-armhf-armhf-libvirt-qcow2                               fail
 test-amd64-amd64-xl-qcow2                                    pass
 test-armhf-armhf-libvirt-raw                                 fail
 test-amd64-i386-xl-raw                                       pass
 test-amd64-amd64-xl-rtds                                     fail
 test-armhf-armhf-xl-rtds                                     pass
 test-amd64-i386-xl-qemut-winxpsp3-vcpus1                     pass
 test-amd64-i386-xl-qemuu-winxpsp3-vcpus1                     pass
 test-amd64-amd64-libvirt-vhd                                 pass
 test-armhf-armhf-xl-vhd                                      fail
 test-amd64-amd64-xl-qemut-winxpsp3                           fail
 test-amd64-i386-xl-qemut-winxpsp3                            pass
 test-amd64-amd64-xl-qemuu-winxpsp3                           pass
 test-amd64-i386-xl-qemuu-winxpsp3                            pass


------------------------------------------------------------
sg-report-flight on osstest.xs.citrite.net
logs: /home/osstest/logs
images: /home/osstest/images

Logs, config files, etc. are available at
    http://osstest.xs.citrite.net/~osstest/testlogs/logs

Test harness code can be found at
    http://xenbits.xensource.com/gitweb?p=osstest.git;a=summary


Push not applicable.

(No revision log; it would be 3336 lines long.)

_______________________________________________
Xen-devel mailing list
Xen-devel@lists.xen.org
http://lists.xen.org/xen-devel

Reply via email to