This run is configured for baseline tests only.

flight 38234 linux-3.18 real [real]
http://osstest.xs.citrite.net/~osstest/testlogs/logs/38234/

Failures :-/ but no regressions.

Tests which did not succeed, but are not blocking:
 test-armhf-armhf-xl-vhd       9 debian-di-install            fail   never pass
 test-armhf-armhf-libvirt-raw  9 debian-di-install            fail   never pass
 test-armhf-armhf-libvirt-qcow2  9 debian-di-install            fail never pass
 test-amd64-amd64-xl-pvh-intel 14 guest-saverestore            fail  never pass
 test-armhf-armhf-libvirt     14 guest-saverestore            fail   never pass
 test-armhf-armhf-libvirt     12 migrate-support-check        fail   never pass
 test-amd64-amd64-rumpuserxen-amd64 15 
rumpuserxen-demo-xenstorels/xenstorels.repeat fail never pass
 test-armhf-armhf-libvirt-xsm 12 migrate-support-check        fail   never pass
 test-armhf-armhf-libvirt-xsm 14 guest-saverestore            fail   never pass
 test-amd64-amd64-xl-pvh-amd  11 guest-start                  fail   never pass
 test-armhf-armhf-xl-xsm      13 saverestore-support-check    fail   never pass
 test-armhf-armhf-xl-xsm      12 migrate-support-check        fail   never pass
 test-armhf-armhf-xl          12 migrate-support-check        fail   never pass
 test-armhf-armhf-xl          13 saverestore-support-check    fail   never pass
 test-armhf-armhf-xl-multivcpu 13 saverestore-support-check    fail  never pass
 test-armhf-armhf-xl-multivcpu 12 migrate-support-check        fail  never pass
 test-armhf-armhf-xl-credit2  13 saverestore-support-check    fail   never pass
 test-armhf-armhf-xl-credit2  12 migrate-support-check        fail   never pass
 test-armhf-armhf-xl-midway   13 saverestore-support-check    fail   never pass
 test-armhf-armhf-xl-midway   12 migrate-support-check        fail   never pass
 test-armhf-armhf-xl-rtds     13 saverestore-support-check    fail   never pass
 test-armhf-armhf-xl-rtds     12 migrate-support-check        fail   never pass
 test-amd64-i386-libvirt      12 migrate-support-check        fail   never pass
 test-amd64-i386-libvirt-xsm  12 migrate-support-check        fail   never pass
 test-amd64-amd64-libvirt-xsm 12 migrate-support-check        fail   never pass
 test-amd64-amd64-libvirt     12 migrate-support-check        fail   never pass
 test-amd64-i386-libvirt-qemuu-debianhvm-amd64-xsm 10 migrate-support-check 
fail never pass
 test-amd64-amd64-xl-qemut-win7-amd64 17 guest-stop             fail never pass
 test-amd64-amd64-libvirt-vhd 11 migrate-support-check        fail   never pass
 test-amd64-i386-xl-qemuu-win7-amd64 17 guest-stop              fail never pass
 test-amd64-amd64-libvirt-qemuu-debianhvm-amd64-xsm 10 migrate-support-check 
fail never pass
 test-amd64-amd64-xl-qemuu-win7-amd64 17 guest-stop             fail never pass
 test-amd64-i386-xl-qemut-win7-amd64 17 guest-stop              fail never pass
 test-amd64-amd64-xl-qemuu-winxpsp3  9 windows-install          fail never pass

version targeted for testing:
 linux                8341455f7f2b36212f8cdded7725e93b17f5a8fc
baseline version:
 linux                ac6d8ef9174fc00b7ea3ff2474fc57f531d312c2

Last test of basis    38134  2015-10-07 21:50:55 Z   23 days
Testing same since    38234  2015-10-31 11:29:16 Z    0 days    1 attempts

------------------------------------------------------------
People who touched revisions under test:
  "Eric W. Biederman" <ebied...@xmission.com>
  Aaron Brown <aaron.f.br...@intel.com>
  Adam Radford <aradf...@gmail.com>
  Adrian Hunter <adrian.hun...@intel.com>
  AKASHI Takahiro <takahiro.aka...@linaro.org>
  Al Viro <v...@zeniv.linux.org.uk>
  Alan Stern <st...@rowland.harvard.edu>
  Alex Deucher <alexander.deuc...@amd.com>
  Alex Gartrell <agartr...@fb.com>
  Alexey Klimov <alexey.kli...@linaro.org>
  Andi Kleen <a...@linux.intel.com>
  Andreas Schwab <sch...@linux-m68k.org>
  Andrew Morton <a...@linux-foundation.org>
  Andrey Jr. Melnikov <temnota...@gmail.com>
  Andrey Ryabinin <aryabi...@odin.com>
  Andy Grover <agro...@redhat.com>
  Andy Lutomirski <l...@amacapital.net>
  Andy Lutomirski <l...@kernel.org>
  Andy Shevchenko <andriy.shevche...@linux.intel.com>
  Aneesh Kumar K.V <aneesh.ku...@linux.vnet.ibm.com>
  Antoine Tenart <antoine.ten...@free-electrons.com>
  Antoine Ténart <antoine.ten...@free-electrons.com>
  Antonio Quartulli <anto...@meshcoding.com>
  Ard Biesheuvel <ard.biesheu...@linaro.org>
  Arnaldo Carvalho de Melo <a...@redhat.com>
  Atsushi Nemoto <nem...@toshiba-tops.co.jp>
  Ben Dooks <ben.do...@codethink.co.uk>
  Ben Hutchings <b...@decadent.org.uk>
  Ben Segall <bseg...@google.com>
  Bjorn Helgaas <bhelg...@google.com>
  Bob Copeland <m...@bobcopeland.com>
  Brenden Blanco <bbla...@plumgrid.com>
  Brian Norris <computersforpe...@gmail.com>
  Carl Frederik Werner <frede...@cfbw.eu>
  Catalin Marinas <catalin.mari...@arm.com>
  Chas Williams <3ch...@gmail.com>
  Chris Mason <c...@fb.com>
  Christian Borntraeger <borntrae...@de.ibm.com>
  Christoph Biedl <linux-kernel.b...@manchmal.in-ulm.de>
  Christoph Hellwig <h...@lst.de>
  Christoph Lameter <c...@linux.com>
  Chuck Lever <chuck.le...@oracle.com>
  Cong Wang <cw...@twopensource.com>
  cov...@ccs.covici.com <cov...@ccs.covici.com>
  Cristina Opriceana <cristina.oprice...@gmail.com>
  Dan Carpenter <dan.carpen...@oracle.com>
  Daniel Axtens <d...@axtens.net>
  Daniel Borkmann <dan...@iogearbox.net>
  Daniel Vetter <daniel.vet...@ffwll.ch>
  Daniel Vetter <daniel.vet...@intel.com>
  Darren Hart <dvh...@linux.intel.com>
  Dave Airlie <airl...@redhat.com>
  David Daney <david.da...@cavium.com>
  David Howells <dhowe...@redhat.com>
  David Härdeman <da...@hardeman.nu>
  David Rientjes <rient...@google.com>
  David S. Miller <da...@davemloft.net>
  David Vrabel <david.vra...@citrix.com>
  David Woodhouse <david.woodho...@intel.com>
  David Woodhouse <dw...@infradead.org>
  Denys Vlasenko <dvlas...@redhat.com>
  Dirk Mueller <dmuel...@suse.com>
  Dirk Müller <dmuel...@suse.com>
  Dmitry Torokhov <dmitry.torok...@gmail.com>
  Dominik Dingel <din...@linux.vnet.ibm.com>
  Don Zickus <dzic...@redhat.com>
  Dong Aisheng <aisheng.d...@freescale.com>
  Doug Ledford <dledf...@redhat.com>
  Eric Dumazet <eduma...@google.com>
  Eric Sandeen <sand...@redhat.com>
  Eric W. Biederman <ebied...@xmission.com>
  Eugene Shatokhin <eugene.shatok...@rosalab.ru>
  Fabiano Fidêncio <fiden...@redhat.com>
  Felipe Balbi <ba...@ti.com>
  Felipe F. Tonello <e...@felipetonello.com>
  Filipe Manana <fdman...@suse.com>
  Florian Fainelli <f.faine...@gmail.com>
  Florian Westphal <f...@strlen.de>
  Francesco Lavra <francescolavra...@gmail.com>
  Geert Uytterhoeven <ge...@linux-m68k.org>
  Grant Likely <grant.lik...@linaro.org>
  Grazvydas Ignotas <nota...@gmail.com>
  Greg Kroah-Hartman <gre...@linuxfoundation.org>
  Gregory Hoggarth <gregory.hogga...@alliedtelesis.co.nz>
  Guenter Roeck <li...@roeck-us.net>
  H. Nikolaus Schaller <h...@goldelico.com>
  Heiko Carstens <heiko.carst...@de.ibm.com>
  Heiko Stuebner <he...@sntech.de>
  Helge Deller <del...@gmx.de>
  Herbert Xu <herb...@gondor.apana.org.au>
  Hin-Tak Leung <ht...@users.sourceforge.net>
  huaibin Wang <huaibin.w...@6wind.com>
  Ian Abbott <abbo...@mev.co.uk>
  Ian Munsie <imun...@au1.ibm.com>
  Ingo Molnar <mi...@kernel.org>
  Ivan Vecera <ivec...@redhat.com>
  J. Bruce Fields <bfie...@redhat.com>
  Jack Morgenstein <ja...@dev.mellanox.co.il>
  Jaewon Kim <jaewon31....@samsung.com>
  James Bottomley <jbottom...@odin.com>
  James Hogan <james.ho...@imgtec.com>
  Jani Nikula <jani.nik...@intel.com>
  Jann Horn <j...@thejh.net>
  Jarkko Nikula <jarkko.nik...@linux.intel.com>
  Jason Gunthorpe <jguntho...@obsidianresearch.com>
  Jason Wang <jasow...@redhat.com>
  Jean Delvare <jdelv...@suse.de>
  Jeff Kirsher <jeffrey.t.kirs...@intel.com>
  Jeff Mahoney <je...@suse.com>
  Jeff Vander Stoep <je...@google.com>
  Jeffery Miller <jmil...@neverware.com>
  Jenny Derzhavetz <jen...@mellanox.com>
  Jens Axboe <ax...@fb.com>
  Jesse Gross <je...@nicira.com>
  Jesse Jones <jjo...@cococorp.com>
  Jialing Fu <j...@marvell.com>
  Jiri Kosina <jkos...@suse.cz>
  Jiri Olsa <jo...@kernel.org>
  Joe Stringer <joestrin...@nicira.com>
  Joe Thornber <e...@redhat.com>
  Johan Hovold <jo...@kernel.org>
  Johannes Berg <johannes.b...@intel.com>
  John Covici <cov...@ccs.covici.com>
  John David Anglin <dave.anglin>
  John David Anglin <dave.ang...@bell.net>
  John Flatness <j...@zerocrates.org>
  John Stultz <john.stu...@linaro.org>
  Jonathan Cameron <ji...@kernel.org>
  Jonathan Corbet <cor...@lwn.net>
  Jonathon Jongsma <jjong...@redhat.com>
  Joonsoo Kim <iamjoonsoo....@lge.com>
  Joonsoo Kim <js1...@gmail.com>
  Joseph Qi <joseph...@huawei.com>
  Julian Anastasov <j...@ssi.bg>
  Kalle Valo <kv...@codeaurora.org>
  Kalle Valo <kv...@qca.qualcomm.com>
  Kan Liang <kan.li...@intel.com>
  Kapileshwar Singh <kapileshwar.si...@arm.com>
  Kees Cook <keesc...@chromium.org>
  Ken-ichirou MATSUZAWA <chama...@gmail.com>
  Kevin Hilman <khil...@linaro.org>
  Kinglong Mee <kinglong...@gmail.com>
  Kishon Vijay Abraham I <kis...@ti.com>
  Kosuke Tatsukawa <ta...@ab.jp.nec.com>
  Kyle Evans <kvan...@gmail.com>
  Larry Finger <larry.fin...@lwfinger.net>
  Lars Westerhoff <lars.westerh...@newtec.eu>
  Lars-Peter Clausen <l...@metafoo.de>
  Laura Abbott <labb...@fedoraproject.org>
  Laurent Pinchart <laurent.pinch...@ideasonboard.com>
  Lee, Chun-Yi <j...@suse.com>
  Lee, Chun-Yi <joeyli.ker...@gmail.com>
  Li Bin <huawei.li...@huawei.com>
  Linus Lüssing <linus.luess...@c0d3.blue>
  Linus Torvalds <torva...@linux-foundation.org>
  Linus Walleij <linus.wall...@linaro.org>
  Liu.Zhao <lzsos...@163.com>
  Luis Henriques <luis.henriq...@canonical.com>
  Maciej S. Szmigiero <m...@maciej.szmigiero.name>
  Maciej Szmigiero <m...@maciej.szmigiero.name>
  Marc Zyngier <marc.zyng...@arm.com>
  Marcelo Leitner <mleit...@redhat.com>
  Marcelo Ricardo Leitner <marcelo.leit...@gmail.com>
  Marcelo Ricardo Leitner <mleit...@redhat.com>
  Marek Lindner <mareklind...@neomailbox.ch>
  Marek Majtyka <marek.majt...@tieto.com>
  Mario Carrillo <mario.alfredo.c.arev...@intel.com>
  Mark Brown <broo...@kernel.org>
  Mark Salyzyn <saly...@android.com>
  Markus Pargmann <m...@pengutronix.de>
  Martin Schwidefsky <schwidef...@de.ibm.com>
  Masahiro Yamada <yamada.masah...@socionext.com>
  Mathias Nyman <mathias.ny...@linux.intel.com>
  Matt Fleming <matt.flem...@intel.com>
  Matthijs Kooijman <matth...@stdin.nl>
  Mauro Carvalho Chehab <mche...@osg.samsung.com>
  Max Filippov <jcmvb...@gmail.com>
  Maxime Ripard <maxime.rip...@free-electrons.com>
  Mel Gorman <mgor...@techsingularity.net>
  Michael Ellerman <m...@ellerman.id.au>
  Michal Hocko <mho...@suse.com>
  Michal Kazior <michal.kaz...@tieto.com>
  Michel Dänzer <michel.daen...@amd.com>
  Mike Marciniszyn <mike.marcinis...@intel.com>
  Mike Snitzer <snit...@redhat.com>
  Mikulas Patocka <miku...@twibright.com>
  Mikulas Patocka <mpato...@redhat.com>
  Minchan Kim <minc...@kernel.org>
  Minfei Huang <mnfhu...@gmail.com>
  Ming Lei <ming....@canonical.com>
  Namhyung Kim <namhy...@kernel.org>
  NeilBrown <ne...@suse.com>
  Nicholas Bellinger <n...@linux-iscsi.org>
  Nicolas Dichtel <nicolas.dich...@6wind.com>
  Nicolas Pitre <n...@linaro.org>
  Noa Osherovich <no...@mellanox.com>
  Nuno Goncalves <nuno...@gmail.com>
  Oliver Neukum <oneu...@suse.com>
  Or Gerlitz <ogerl...@mellanox.com>
  Pablo Neira Ayuso <pa...@netfilter.org>
  Paolo Bonzini <pbonz...@redhat.com>
  Paul Bolle <pebo...@tiscali.nl>
  Paul Mackerras <pau...@ozlabs.org>
  Paul Mackerras <pau...@samba.org>
  Paul Walmsley <p...@pwsan.com>
  Pavel Shirshov <ru.pc...@gmail.com>
  Pawel Moll <pawel.m...@arm.com>
  Peng Tao <tao.p...@primarydata.com>
  Peter Chen <peter.c...@freescale.com>
  Peter Seiderer <ps.rep...@gmx.net>
  Peter Zijlstra (Intel) <pet...@infradead.org>
  Peter Zijlstra <pet...@infradead.org>
  Phil Schmitt <phillip.j.schm...@intel.com>
  Philipp Hachtmann <hac...@hachti.de>
  Prarit Bhargava <pra...@redhat.com>
  Pravin B Shelar <pshe...@nicira.com>
  Rafael J. Wysocki <rafael.j.wyso...@intel.com>
  Ralf Baechle <r...@linux-mips.org>
  Rasesh Mody <rasesh.m...@qlogic.com>
  Reyad Attiyat <reyad.atti...@gmail.com>
  Ricardo Ribalda Delgado <ricardo.riba...@gmail.com>
  Richard Laing <richard.la...@alliedtelesis.co.nz>
  Richard Weinberger <rich...@nod.at>
  Riley Andrews <riandr...@android.com>
  Rob Herring <r...@kernel.org>
  Robert Jarzmik <robert.jarz...@free.fr>
  Robert Jarzmik <robert.jarzmik@free>
  Roger Quadros <rog...@ti.com>
  Roland Dreier <rol...@purestorage.com>
  Roopa Prabhu <ro...@cumulusnetworks.com>
  Russell King <rmk+ker...@arm.linux.org.uk>
  Sagi Grimberg <sa...@mellanox.com>
  Sakari Ailus <sakari.ai...@iki.fi>
  Samuel Thibault <samuel.thiba...@ens-lyon.org>
  Sasha Levin <sasha.le...@oracle.com>
  Sebastian Ott <seb...@linux.vnet.ibm.com>
  Sergei Antonov <sap...@gmail.com>
  Sergey Senozhatsky <sergey.senozhat...@gmail.com>
  Shachar Raindel <rain...@mellanox.com>
  Shani Michaeli <sha...@mellanox.com>
  Shaohua Li <s...@fb.com>
  Shawn Guo <shawn...@kernel.org>
  Shawn Lin <shawn....@rock-chips.com>
  Sheng Yong <shengyo...@huawei.com>
  shengyong <shengyo...@huawei.com>
  Shota Suzuki <suzuki_shota...@lab.ntt.co.jp>
  Simon Horman <ho...@verge.net.au>
  Stas Sergeev <s...@list.ru>
  Stas Sergeev <s...@users.sourceforge.net>
  Stefan Assmann <sassm...@kpanic.de>
  Stephane Eranian <eran...@google.com>
  Stephen Boyd <sb...@codeaurora.org>
  Stephen Chandler Paul <cp...@redhat.com>
  Stephen Smalley <s...@tycho.nsa.gov>
  Steve French <smfre...@gmail.com>
  Steve French <steve.fre...@primarydata.com>
  Steven Rostedt <rost...@goodmis.org>
  Sudip Mukherjee <su...@vectorindia.org>
  Sudip Mukherjee <sudipm.mukher...@gmail.com>
  Takashi Iwai <ti...@suse.de>
  Tan, Jui Nee <jui.nee....@intel.com>
  Tejun Heo <t...@kernel.org>
  Tero Kristo <t-kri...@ti.com>
  Theodore Ts'o <ty...@mit.edu>
  Thierry Strudel <tstru...@google.com>
  Thomas Gleixner <t...@linutronix.de>
  Thomas Huth <th...@redhat.com>
  Timofey Titovets <nefelim...@gmail.com>
  Tomi Valkeinen <tomi.valkei...@ti.com>
  Tony Lindgren <t...@atomide.com>
  Tony Luck <tony.l...@intel.com>
  Trond Myklebust <trond.mykleb...@primarydata.com>
  Tóth Attila <at...@atoth.sote.hu>
  Ulf Hansson <ulf.hans...@linaro.org>
  Vignesh R <vigne...@ti.com>
  Vincent Palatin <vpala...@chromium.org>
  Vinod Koul <vinod.k...@intel.com>
  Viresh Kumar <viresh.ku...@linaro.org>
  Vitaly Kuznetsov <vkuzn...@redhat.com>
  Vlad Yasevich <vyasev...@gmail.com>
  Vlad Zolotarov <vl...@cloudius-systems.com>
  Vlastimil Babka <vba...@suse.cz>
  Will Deacon <will.dea...@arm.com>
  Wilson Kok <w...@cumulusnetworks.com>
  Wim Van Sebroeck <w...@iguana.be>
  Wolfram Sang <wsa+rene...@sang-engineering.com>
  Xiao Guangrong <guangrong.x...@linux.intel.com>
  Yao-Wen Mao <yao...@google.com>
  Yinghai Lu <ying...@kernel.org>
  Yishai Hadas <yish...@mellanox.com>
  Yitian Bu <buyit...@gmail.com>
  Yitian Bu <yitian...@tangramtek.com>
  Yuchung Cheng <ych...@google.com>

jobs:
 build-amd64-xsm                                              pass
 build-armhf-xsm                                              pass
 build-i386-xsm                                               pass
 build-amd64                                                  pass
 build-armhf                                                  pass
 build-i386                                                   pass
 build-amd64-libvirt                                          pass
 build-armhf-libvirt                                          pass
 build-i386-libvirt                                           pass
 build-amd64-pvops                                            pass
 build-armhf-pvops                                            pass
 build-i386-pvops                                             pass
 build-amd64-rumpuserxen                                      pass
 build-i386-rumpuserxen                                       pass
 test-amd64-amd64-xl                                          pass
 test-armhf-armhf-xl                                          pass
 test-amd64-i386-xl                                           pass
 test-amd64-amd64-xl-qemut-debianhvm-amd64-xsm                pass
 test-amd64-i386-xl-qemut-debianhvm-amd64-xsm                 pass
 test-amd64-amd64-libvirt-qemuu-debianhvm-amd64-xsm           pass
 test-amd64-i386-libvirt-qemuu-debianhvm-amd64-xsm            pass
 test-amd64-amd64-xl-qemuu-debianhvm-amd64-xsm                pass
 test-amd64-i386-xl-qemuu-debianhvm-amd64-xsm                 pass
 test-amd64-amd64-xl-qemut-stubdom-debianhvm-amd64-xsm        pass
 test-amd64-i386-xl-qemut-stubdom-debianhvm-amd64-xsm         pass
 test-amd64-amd64-libvirt-xsm                                 pass
 test-armhf-armhf-libvirt-xsm                                 fail
 test-amd64-i386-libvirt-xsm                                  pass
 test-amd64-amd64-xl-xsm                                      pass
 test-armhf-armhf-xl-xsm                                      pass
 test-amd64-i386-xl-xsm                                       pass
 test-amd64-amd64-xl-pvh-amd                                  fail
 test-amd64-i386-qemut-rhel6hvm-amd                           pass
 test-amd64-i386-qemuu-rhel6hvm-amd                           pass
 test-amd64-amd64-xl-qemut-debianhvm-amd64                    pass
 test-amd64-i386-xl-qemut-debianhvm-amd64                     pass
 test-amd64-amd64-xl-qemuu-debianhvm-amd64                    pass
 test-amd64-i386-xl-qemuu-debianhvm-amd64                     pass
 test-amd64-i386-freebsd10-amd64                              pass
 test-amd64-amd64-xl-qemuu-ovmf-amd64                         pass
 test-amd64-i386-xl-qemuu-ovmf-amd64                          pass
 test-amd64-amd64-rumpuserxen-amd64                           fail
 test-amd64-amd64-xl-qemut-win7-amd64                         fail
 test-amd64-i386-xl-qemut-win7-amd64                          fail
 test-amd64-amd64-xl-qemuu-win7-amd64                         fail
 test-amd64-i386-xl-qemuu-win7-amd64                          fail
 test-amd64-amd64-xl-credit2                                  pass
 test-armhf-armhf-xl-credit2                                  pass
 test-amd64-i386-freebsd10-i386                               pass
 test-amd64-i386-rumpuserxen-i386                             pass
 test-amd64-amd64-xl-pvh-intel                                fail
 test-amd64-i386-qemut-rhel6hvm-intel                         pass
 test-amd64-i386-qemuu-rhel6hvm-intel                         pass
 test-amd64-amd64-libvirt                                     pass
 test-armhf-armhf-libvirt                                     fail
 test-amd64-i386-libvirt                                      pass
 test-armhf-armhf-xl-midway                                   pass
 test-amd64-amd64-xl-multivcpu                                pass
 test-armhf-armhf-xl-multivcpu                                pass
 test-amd64-amd64-pair                                        pass
 test-amd64-i386-pair                                         pass
 test-amd64-amd64-libvirt-pair                                pass
 test-amd64-i386-libvirt-pair                                 pass
 test-amd64-amd64-amd64-pvgrub                                pass
 test-amd64-amd64-i386-pvgrub                                 pass
 test-amd64-amd64-pygrub                                      pass
 test-armhf-armhf-libvirt-qcow2                               fail
 test-amd64-amd64-xl-qcow2                                    pass
 test-armhf-armhf-libvirt-raw                                 fail
 test-amd64-i386-xl-raw                                       pass
 test-amd64-amd64-xl-rtds                                     pass
 test-armhf-armhf-xl-rtds                                     pass
 test-amd64-i386-xl-qemut-winxpsp3-vcpus1                     pass
 test-amd64-i386-xl-qemuu-winxpsp3-vcpus1                     pass
 test-amd64-amd64-libvirt-vhd                                 pass
 test-armhf-armhf-xl-vhd                                      fail
 test-amd64-amd64-xl-qemut-winxpsp3                           pass
 test-amd64-i386-xl-qemut-winxpsp3                            pass
 test-amd64-amd64-xl-qemuu-winxpsp3                           fail
 test-amd64-i386-xl-qemuu-winxpsp3                            pass


------------------------------------------------------------
sg-report-flight on osstest.xs.citrite.net
logs: /home/osstest/logs
images: /home/osstest/images

Logs, config files, etc. are available at
    http://osstest.xs.citrite.net/~osstest/testlogs/logs

Test harness code can be found at
    http://xenbits.xensource.com/gitweb?p=osstest.git;a=summary


Push not applicable.

(No revision log; it would be 7251 lines long.)

_______________________________________________
Xen-devel mailing list
Xen-devel@lists.xen.org
http://lists.xen.org/xen-devel

Reply via email to