This run is configured for baseline tests only.

flight 38224 qemu-mainline real [real]
http://osstest.xs.citrite.net/~osstest/testlogs/logs/38224/

Regressions :-(

Tests which did not succeed and are blocking,
including tests which could not be run:
 test-amd64-i386-freebsd10-amd64 20 guest-start/freebsd.repeat fail REGR. vs. 
38213
 test-amd64-i386-xl-qemuu-winxpsp3-vcpus1 9 windows-install fail REGR. vs. 38213

Regressions which are regarded as allowable (not blocking):
 test-amd64-amd64-xl-xsm      21 guest-start/debian.repeat    fail   like 38213
 test-amd64-amd64-xl          21 guest-start/debian.repeat    fail   like 38213
 test-amd64-amd64-xl-credit2  21 guest-start/debian.repeat    fail   like 38213
 test-amd64-amd64-xl-qemuu-winxpsp3  9 windows-install          fail like 38213

Tests which did not succeed, but are not blocking:
 test-armhf-armhf-libvirt-qcow2  9 debian-di-install            fail never pass
 test-amd64-amd64-xl-pvh-intel 11 guest-start                  fail  never pass
 test-armhf-armhf-libvirt-raw  9 debian-di-install            fail   never pass
 test-armhf-armhf-libvirt-xsm 12 migrate-support-check        fail   never pass
 test-armhf-armhf-libvirt-xsm 14 guest-saverestore            fail   never pass
 test-armhf-armhf-xl-vhd       9 debian-di-install            fail   never pass
 test-amd64-amd64-xl-pvh-amd  11 guest-start                  fail   never pass
 test-armhf-armhf-xl-credit2  13 saverestore-support-check    fail   never pass
 test-armhf-armhf-xl-credit2  12 migrate-support-check        fail   never pass
 test-armhf-armhf-xl-multivcpu 13 saverestore-support-check    fail  never pass
 test-armhf-armhf-xl-multivcpu 12 migrate-support-check        fail  never pass
 test-armhf-armhf-xl-xsm      13 saverestore-support-check    fail   never pass
 test-armhf-armhf-xl-xsm      12 migrate-support-check        fail   never pass
 test-armhf-armhf-xl-midway   13 saverestore-support-check    fail   never pass
 test-armhf-armhf-xl-midway   12 migrate-support-check        fail   never pass
 test-armhf-armhf-xl          12 migrate-support-check        fail   never pass
 test-armhf-armhf-xl          13 saverestore-support-check    fail   never pass
 test-amd64-i386-libvirt      12 migrate-support-check        fail   never pass
 test-amd64-amd64-libvirt-xsm 12 migrate-support-check        fail   never pass
 test-armhf-armhf-xl-rtds     13 saverestore-support-check    fail   never pass
 test-armhf-armhf-xl-rtds     12 migrate-support-check        fail   never pass
 test-amd64-i386-libvirt-xsm  12 migrate-support-check        fail   never pass
 test-amd64-amd64-libvirt     12 migrate-support-check        fail   never pass
 test-amd64-i386-libvirt-qemuu-debianhvm-amd64-xsm 10 migrate-support-check 
fail never pass
 test-armhf-armhf-libvirt     14 guest-saverestore            fail   never pass
 test-armhf-armhf-libvirt     12 migrate-support-check        fail   never pass
 test-amd64-amd64-libvirt-vhd  9 debian-di-install            fail   never pass
 test-amd64-amd64-libvirt-qemuu-debianhvm-amd64-xsm 10 migrate-support-check 
fail never pass
 test-amd64-i386-xl-qemuu-win7-amd64 17 guest-stop              fail never pass
 test-amd64-amd64-xl-qemuu-win7-amd64 17 guest-stop             fail never pass

version targeted for testing:
 qemuu                7e038b94e74e1c2d1b3598e2e4b0b5c8b79a7278
baseline version:
 qemuu                bc79082e4cd12c1241fa03b0abceacf45f537740

Last test of basis    38213  2015-10-26 09:49:39 Z    3 days
Testing same since    38224  2015-10-29 15:57:11 Z    0 days    1 attempts

------------------------------------------------------------
People who touched revisions under test:
  Alberto Garcia <be...@igalia.com>
  Andreas Färber <afaer...@suse.de>
  Dana Rubin <dana.ru...@ravellosystems.com>
  David Marchand <david.march...@6wind.com>
  Dmitry Fleytman <dmi...@daynix.com>
  Eduardo Habkost <ehabk...@redhat.com>
  Fam Zheng <f...@redhat.com>
  Jason Wang <jasow...@redhat.com>
  Kevin Wolf <kw...@redhat.com>
  Lan Tianyu <tianyu....@intel.com>
  Marc-André Lureau <marcandre.lur...@redhat.com>
  Max Reitz <mre...@redhat.com>
  Olivier Matz <olivier.m...@6wind.com>
  Paolo Bonzini <pbonz...@redhat.com>
  Peter Maydell <peter.mayd...@linaro.org>
  Sebastian Huber <sebastian.hu...@embedded-brains.de>
  Shmulik Ladkani <shmulik.ladk...@ravellosystems.com>
  Stefano Stabellini <stefano.stabell...@eu.citrix.com>
  Thomas Huth <th...@redhat.com>
  Vladislav Yasevich <vyase...@redhat.com>
  Yang Hongyang <yan...@cn.fujitsu.com>

jobs:
 build-amd64-xsm                                              pass
 build-armhf-xsm                                              pass
 build-i386-xsm                                               pass
 build-amd64                                                  pass
 build-armhf                                                  pass
 build-i386                                                   pass
 build-amd64-libvirt                                          pass
 build-armhf-libvirt                                          pass
 build-i386-libvirt                                           pass
 build-amd64-pvops                                            pass
 build-armhf-pvops                                            pass
 build-i386-pvops                                             pass
 test-amd64-amd64-xl                                          fail
 test-armhf-armhf-xl                                          pass
 test-amd64-i386-xl                                           pass
 test-amd64-amd64-libvirt-qemuu-debianhvm-amd64-xsm           pass
 test-amd64-i386-libvirt-qemuu-debianhvm-amd64-xsm            pass
 test-amd64-amd64-xl-qemuu-debianhvm-amd64-xsm                pass
 test-amd64-i386-xl-qemuu-debianhvm-amd64-xsm                 pass
 test-amd64-amd64-libvirt-xsm                                 pass
 test-armhf-armhf-libvirt-xsm                                 fail
 test-amd64-i386-libvirt-xsm                                  pass
 test-amd64-amd64-xl-xsm                                      fail
 test-armhf-armhf-xl-xsm                                      pass
 test-amd64-i386-xl-xsm                                       pass
 test-amd64-amd64-xl-pvh-amd                                  fail
 test-amd64-i386-qemuu-rhel6hvm-amd                           pass
 test-amd64-amd64-xl-qemuu-debianhvm-amd64                    pass
 test-amd64-i386-xl-qemuu-debianhvm-amd64                     pass
 test-amd64-i386-freebsd10-amd64                              fail
 test-amd64-amd64-xl-qemuu-ovmf-amd64                         pass
 test-amd64-i386-xl-qemuu-ovmf-amd64                          pass
 test-amd64-amd64-xl-qemuu-win7-amd64                         fail
 test-amd64-i386-xl-qemuu-win7-amd64                          fail
 test-amd64-amd64-xl-credit2                                  fail
 test-armhf-armhf-xl-credit2                                  pass
 test-amd64-i386-freebsd10-i386                               pass
 test-amd64-amd64-xl-pvh-intel                                fail
 test-amd64-i386-qemuu-rhel6hvm-intel                         pass
 test-amd64-amd64-libvirt                                     pass
 test-armhf-armhf-libvirt                                     fail
 test-amd64-i386-libvirt                                      pass
 test-armhf-armhf-xl-midway                                   pass
 test-amd64-amd64-xl-multivcpu                                pass
 test-armhf-armhf-xl-multivcpu                                pass
 test-amd64-amd64-pair                                        pass
 test-amd64-i386-pair                                         pass
 test-amd64-amd64-libvirt-pair                                pass
 test-amd64-i386-libvirt-pair                                 pass
 test-amd64-amd64-amd64-pvgrub                                pass
 test-amd64-amd64-i386-pvgrub                                 pass
 test-amd64-amd64-pygrub                                      pass
 test-armhf-armhf-libvirt-qcow2                               fail
 test-amd64-amd64-xl-qcow2                                    pass
 test-armhf-armhf-libvirt-raw                                 fail
 test-amd64-i386-xl-raw                                       pass
 test-amd64-amd64-xl-rtds                                     pass
 test-armhf-armhf-xl-rtds                                     pass
 test-amd64-i386-xl-qemuu-winxpsp3-vcpus1                     fail
 test-amd64-amd64-libvirt-vhd                                 fail
 test-armhf-armhf-xl-vhd                                      fail
 test-amd64-amd64-xl-qemuu-winxpsp3                           fail
 test-amd64-i386-xl-qemuu-winxpsp3                            pass


------------------------------------------------------------
sg-report-flight on osstest.xs.citrite.net
logs: /home/osstest/logs
images: /home/osstest/images

Logs, config files, etc. are available at
    http://osstest.xs.citrite.net/~osstest/testlogs/logs

Test harness code can be found at
    http://xenbits.xensource.com/gitweb?p=osstest.git;a=summary


Push not applicable.

(No revision log; it would be 1573 lines long.)

_______________________________________________
Xen-devel mailing list
Xen-devel@lists.xen.org
http://lists.xen.org/xen-devel

Reply via email to