This run is configured for baseline tests only.

flight 38220 linux-4.1 real [real]
http://osstest.xs.citrite.net/~osstest/testlogs/logs/38220/

Regressions :-(

Tests which did not succeed and are blocking,
including tests which could not be run:
 test-amd64-amd64-xl-xsm      21 guest-start/debian.repeat fail REGR. vs. 38206

Regressions which are regarded as allowable (not blocking):
 test-amd64-amd64-rumpuserxen-amd64 15 
rumpuserxen-demo-xenstorels/xenstorels.repeat fail like 38206

Tests which did not succeed, but are not blocking:
 test-armhf-armhf-xl-vhd       9 debian-di-install            fail   never pass
 test-armhf-armhf-libvirt-qcow2  9 debian-di-install            fail never pass
 test-armhf-armhf-libvirt-raw  9 debian-di-install            fail   never pass
 test-armhf-armhf-libvirt-xsm 12 migrate-support-check        fail   never pass
 test-armhf-armhf-libvirt-xsm 14 guest-saverestore            fail   never pass
 test-amd64-amd64-xl-pvh-amd  11 guest-start                  fail   never pass
 test-armhf-armhf-libvirt     14 guest-saverestore            fail   never pass
 test-armhf-armhf-libvirt     12 migrate-support-check        fail   never pass
 test-armhf-armhf-xl-multivcpu 13 saverestore-support-check    fail  never pass
 test-armhf-armhf-xl-multivcpu 12 migrate-support-check        fail  never pass
 test-armhf-armhf-xl-xsm      13 saverestore-support-check    fail   never pass
 test-armhf-armhf-xl-xsm      12 migrate-support-check        fail   never pass
 test-armhf-armhf-xl-credit2  13 saverestore-support-check    fail   never pass
 test-armhf-armhf-xl-credit2  12 migrate-support-check        fail   never pass
 test-armhf-armhf-xl-midway   13 saverestore-support-check    fail   never pass
 test-armhf-armhf-xl-midway   12 migrate-support-check        fail   never pass
 test-amd64-amd64-xl-pvh-intel 14 guest-saverestore            fail  never pass
 test-armhf-armhf-xl-rtds     13 saverestore-support-check    fail   never pass
 test-armhf-armhf-xl-rtds     12 migrate-support-check        fail   never pass
 test-armhf-armhf-xl          12 migrate-support-check        fail   never pass
 test-armhf-armhf-xl          13 saverestore-support-check    fail   never pass
 test-amd64-amd64-libvirt-xsm 12 migrate-support-check        fail   never pass
 test-amd64-i386-libvirt-xsm  12 migrate-support-check        fail   never pass
 test-amd64-amd64-libvirt     12 migrate-support-check        fail   never pass
 test-amd64-i386-libvirt-qemuu-debianhvm-amd64-xsm 10 migrate-support-check 
fail never pass
 test-amd64-amd64-libvirt-qemuu-debianhvm-amd64-xsm 10 migrate-support-check 
fail never pass
 test-amd64-i386-xl-qemuu-win7-amd64 17 guest-stop              fail never pass
 test-amd64-i386-libvirt      12 migrate-support-check        fail   never pass
 test-amd64-amd64-libvirt-vhd 11 migrate-support-check        fail   never pass
 test-amd64-amd64-xl-qemut-win7-amd64 17 guest-stop             fail never pass
 test-amd64-amd64-xl-qemuu-win7-amd64 17 guest-stop             fail never pass
 test-amd64-i386-xl-qemut-win7-amd64 17 guest-stop              fail never pass

version targeted for testing:
 linux                10f9e3bce7f3ab7ab4d09a9b78c7208c9a1455f7
baseline version:
 linux                205a8514e63a221c3a5071f27521013444e43e5f

Last test of basis    38206  2015-10-24 01:54:12 Z    5 days
Testing same since    38220  2015-10-29 06:52:27 Z    0 days    1 attempts

------------------------------------------------------------
People who touched revisions under test:
  "J. Bruce Fields" <bfie...@fieldses.org>
  Aaron Conole <acon...@bytheb.org>
  Alex Deucher <alexander.deuc...@amd.com>
  Alexander Couzens <lyn...@fe80.eu>
  Alexei Starovoitov <a...@plumgrid.com>
  Andrew Morton <a...@linux-foundation.org>
  Andrey Vagin <ava...@openvz.org>
  Arad, Ronen <ronen.a...@intel.com>
  Ben Hutchings <b...@decadent.org.uk>
  Ben Skeggs <bske...@redhat.com>
  Catalin Marinas <catalin.mari...@arm.com>
  Chris Mason <c...@fb.com>
  Christoph Hellwig <h...@lst.de>
  Chuck Lever <chuck.le...@oracle.com>
  Cong Wang <cw...@twopensource.com>
  Cong Wang <xiyou.wangc...@gmail.com>
  Daniel Borkmann <dan...@iogearbox.net>
  Daniel Vetter <daniel.vet...@ffwll.ch>
  Daniel Vetter <daniel.vet...@intel.com>
  Dann Frazier <dann.fraz...@canonical.com>
  Dave Airlie <airl...@gmail.com>
  Dave Airlie <airl...@redhat.com>
  Dave Kleikamp <dave.kleik...@oracle.com>
  David S. Miller <da...@davemloft.net>
  David Sterba <dste...@suse.com>
  Eric Dumazet <eduma...@google.com>
  Frederic Weisbecker <fweis...@gmail.com>
  Ganapatrao Kulkarni <gkulka...@caviumnetworks.com>
  Greg Kroah-Hartman <gre...@linuxfoundation.org>
  Guillaume Nault <g.na...@alphalink.fr>
  Herbert Xu <herb...@gondor.apana.org.au>
  Ilya Dryomov <idryo...@gmail.com>
  Ingo Molnar <mi...@kernel.org>
  Ivan Mikhaylov <i...@ru.ibm.com>
  J. Bruce Fields <bfie...@redhat.com>
  James Chapman <jchap...@katalix.com>
  Javier Martinez Canillas <jav...@osg.samsung.com>
  Jeff Layton <jeff.lay...@primarydata.com>
  Jens Axboe <ax...@fb.com>
  Joe Perches <j...@perches.com>
  Jon Maloy <jon.ma...@ericsson.com>
  Jon Paul Maloy <jon.ma...@ericsson.com>
  Konstantin Khlebnikov <khlebni...@yandex-team.ru>
  Krzysztof Kozlowski <k.kozlow...@samsung.com>
  Kukjin Kim <kg...@kernel.org>
  Lee Jones <lee.jo...@linaro.org>
  Linus Torvalds <torva...@linux-foundation.org>
  Linus Walleij <linus.wall...@linaro.org>
  Michal Hocko <mho...@suse.com>
  Mika Westerberg <mika.westerb...@linux.intel.com>
  Mike Galbraith <efa...@gmx.de>
  Mike Snitzer <snit...@redhat.com>
  Oleksii Berezhniak <c...@irc.lg.ua>
  Pavel Roskin <plros...@gmail.com>
  Peter Zijlstra (Intel) <pet...@infradead.org>
  Pravin B Shelar <pshe...@nicira.com>
  Ronen Arad <ronen.a...@intel.com>
  Russell King <rmk+ker...@arm.linux.org.uk>
  Shaohua Li <s...@fb.com>
  Steve Capper <steve.cap...@linaro.org>
  Steve Wise <sw...@opengridcomputing.com>
  Tejun Heo <t...@kernel.org>
  Tom Herbert <t...@herbertland.com>
  Uwe Kleine-König <u.kleine-koe...@pengutronix.de>
  WANG Cong <xiyou.wangc...@gmail.com>
  Will Deacon <will.dea...@arm.com>
  Wolfram Sang <wsa+rene...@sang-engineering.com>
  Wolfram Sang <w...@the-dreams.de>
  Ying Xue <ying....@windriver.com>

jobs:
 build-amd64-xsm                                              pass
 build-armhf-xsm                                              pass
 build-i386-xsm                                               pass
 build-amd64                                                  pass
 build-armhf                                                  pass
 build-i386                                                   pass
 build-amd64-libvirt                                          pass
 build-armhf-libvirt                                          pass
 build-i386-libvirt                                           pass
 build-amd64-pvops                                            pass
 build-armhf-pvops                                            pass
 build-i386-pvops                                             pass
 build-amd64-rumpuserxen                                      pass
 build-i386-rumpuserxen                                       pass
 test-amd64-amd64-xl                                          pass
 test-armhf-armhf-xl                                          pass
 test-amd64-i386-xl                                           pass
 test-amd64-amd64-xl-qemut-debianhvm-amd64-xsm                pass
 test-amd64-i386-xl-qemut-debianhvm-amd64-xsm                 pass
 test-amd64-amd64-libvirt-qemuu-debianhvm-amd64-xsm           pass
 test-amd64-i386-libvirt-qemuu-debianhvm-amd64-xsm            pass
 test-amd64-amd64-xl-qemuu-debianhvm-amd64-xsm                pass
 test-amd64-i386-xl-qemuu-debianhvm-amd64-xsm                 pass
 test-amd64-amd64-xl-qemut-stubdom-debianhvm-amd64-xsm        pass
 test-amd64-i386-xl-qemut-stubdom-debianhvm-amd64-xsm         pass
 test-amd64-amd64-libvirt-xsm                                 pass
 test-armhf-armhf-libvirt-xsm                                 fail
 test-amd64-i386-libvirt-xsm                                  pass
 test-amd64-amd64-xl-xsm                                      fail
 test-armhf-armhf-xl-xsm                                      pass
 test-amd64-i386-xl-xsm                                       pass
 test-amd64-amd64-xl-pvh-amd                                  fail
 test-amd64-i386-qemut-rhel6hvm-amd                           pass
 test-amd64-i386-qemuu-rhel6hvm-amd                           pass
 test-amd64-amd64-xl-qemut-debianhvm-amd64                    pass
 test-amd64-i386-xl-qemut-debianhvm-amd64                     pass
 test-amd64-amd64-xl-qemuu-debianhvm-amd64                    pass
 test-amd64-i386-xl-qemuu-debianhvm-amd64                     pass
 test-amd64-i386-freebsd10-amd64                              pass
 test-amd64-amd64-xl-qemuu-ovmf-amd64                         pass
 test-amd64-i386-xl-qemuu-ovmf-amd64                          pass
 test-amd64-amd64-rumpuserxen-amd64                           fail
 test-amd64-amd64-xl-qemut-win7-amd64                         fail
 test-amd64-i386-xl-qemut-win7-amd64                          fail
 test-amd64-amd64-xl-qemuu-win7-amd64                         fail
 test-amd64-i386-xl-qemuu-win7-amd64                          fail
 test-amd64-amd64-xl-credit2                                  pass
 test-armhf-armhf-xl-credit2                                  pass
 test-amd64-i386-freebsd10-i386                               pass
 test-amd64-i386-rumpuserxen-i386                             pass
 test-amd64-amd64-xl-pvh-intel                                fail
 test-amd64-i386-qemut-rhel6hvm-intel                         pass
 test-amd64-i386-qemuu-rhel6hvm-intel                         pass
 test-amd64-amd64-libvirt                                     pass
 test-armhf-armhf-libvirt                                     fail
 test-amd64-i386-libvirt                                      pass
 test-armhf-armhf-xl-midway                                   pass
 test-amd64-amd64-xl-multivcpu                                pass
 test-armhf-armhf-xl-multivcpu                                pass
 test-amd64-amd64-pair                                        pass
 test-amd64-i386-pair                                         pass
 test-amd64-amd64-libvirt-pair                                pass
 test-amd64-i386-libvirt-pair                                 pass
 test-amd64-amd64-amd64-pvgrub                                pass
 test-amd64-amd64-i386-pvgrub                                 pass
 test-amd64-amd64-pygrub                                      pass
 test-armhf-armhf-libvirt-qcow2                               fail
 test-amd64-amd64-xl-qcow2                                    pass
 test-armhf-armhf-libvirt-raw                                 fail
 test-amd64-i386-xl-raw                                       pass
 test-amd64-amd64-xl-rtds                                     pass
 test-armhf-armhf-xl-rtds                                     pass
 test-amd64-i386-xl-qemut-winxpsp3-vcpus1                     pass
 test-amd64-i386-xl-qemuu-winxpsp3-vcpus1                     pass
 test-amd64-amd64-libvirt-vhd                                 pass
 test-armhf-armhf-xl-vhd                                      fail
 test-amd64-amd64-xl-qemut-winxpsp3                           pass
 test-amd64-i386-xl-qemut-winxpsp3                            pass
 test-amd64-amd64-xl-qemuu-winxpsp3                           pass
 test-amd64-i386-xl-qemuu-winxpsp3                            pass


------------------------------------------------------------
sg-report-flight on osstest.xs.citrite.net
logs: /home/osstest/logs
images: /home/osstest/images

Logs, config files, etc. are available at
    http://osstest.xs.citrite.net/~osstest/testlogs/logs

Test harness code can be found at
    http://xenbits.xensource.com/gitweb?p=osstest.git;a=summary


Push not applicable.

(No revision log; it would be 1265 lines long.)

_______________________________________________
Xen-devel mailing list
Xen-devel@lists.xen.org
http://lists.xen.org/xen-devel

Reply via email to