flight 62831 linux-4.1 real [real] http://logs.test-lab.xenproject.org/osstest/logs/62831/
Regressions :-( Tests which did not succeed and are blocking, including tests which could not be run: test-amd64-i386-xl-qemut-stubdom-debianhvm-amd64-xsm 13 guest-localmigrate fail REGR. vs. 62318 Regressions which are regarded as allowable (not blocking): test-amd64-amd64-xl-qemut-stubdom-debianhvm-amd64-xsm 15 guest-localmigrate.2 fail blocked in 62318 test-armhf-armhf-xl-rtds 11 guest-start fail like 62256 test-amd64-amd64-xl-qemuu-win7-amd64 17 guest-stop fail like 62318 test-amd64-amd64-xl-qemut-win7-amd64 17 guest-stop fail like 62318 Tests which did not succeed, but are not blocking: test-amd64-amd64-xl-pvh-intel 14 guest-saverestore fail never pass test-armhf-armhf-xl-vhd 9 debian-di-install fail never pass test-armhf-armhf-libvirt-qcow2 9 debian-di-install fail never pass test-armhf-armhf-libvirt-raw 9 debian-di-install fail never pass test-amd64-amd64-xl-pvh-amd 11 guest-start fail never pass test-armhf-armhf-libvirt-xsm 12 migrate-support-check fail never pass test-armhf-armhf-libvirt-xsm 14 guest-saverestore fail never pass test-amd64-amd64-libvirt 12 migrate-support-check fail never pass test-amd64-amd64-libvirt-xsm 12 migrate-support-check fail never pass test-amd64-i386-libvirt-xsm 12 migrate-support-check fail never pass test-armhf-armhf-xl-arndale 12 migrate-support-check fail never pass test-armhf-armhf-xl-arndale 13 saverestore-support-check fail never pass test-armhf-armhf-xl-xsm 13 saverestore-support-check fail never pass test-armhf-armhf-xl-xsm 12 migrate-support-check fail never pass test-armhf-armhf-xl-credit2 13 saverestore-support-check fail never pass test-armhf-armhf-xl-credit2 12 migrate-support-check fail never pass test-amd64-amd64-libvirt-qemuu-debianhvm-amd64-xsm 10 migrate-support-check fail never pass test-amd64-i386-libvirt-qemuu-debianhvm-amd64-xsm 10 migrate-support-check fail never pass test-armhf-armhf-xl-multivcpu 13 saverestore-support-check fail never pass test-armhf-armhf-xl-multivcpu 12 migrate-support-check fail never pass test-armhf-armhf-xl 12 migrate-support-check fail never pass test-armhf-armhf-xl 13 saverestore-support-check fail never pass test-amd64-i386-libvirt 12 migrate-support-check fail never pass test-armhf-armhf-xl-cubietruck 12 migrate-support-check fail never pass test-armhf-armhf-xl-cubietruck 13 saverestore-support-check fail never pass test-amd64-i386-xl-qemuu-win7-amd64 17 guest-stop fail never pass test-amd64-amd64-libvirt-vhd 11 migrate-support-check fail never pass test-armhf-armhf-libvirt 14 guest-saverestore fail never pass test-armhf-armhf-libvirt 12 migrate-support-check fail never pass test-amd64-i386-xl-qemut-win7-amd64 17 guest-stop fail never pass version targeted for testing: linux 27f1b7fed9c305ef46f8708f1bdde9cdb5f166bd baseline version: linux 36311a9ec4904c080bbdfcefc0f3d609ed508224 Last test of basis 62318 2015-09-24 00:30:22 Z 18 days Failing since 62540 2015-09-29 17:44:52 Z 12 days 8 attempts Testing same since 62659 2015-10-04 12:21:24 Z 7 days 6 attempts ------------------------------------------------------------ People who touched revisions under test: "Eric W. Biederman" <ebied...@xmission.com> Aaron Brown <aaron.f.br...@intel.com> Adam Lee <adam....@canonical.com> Adrien Schildknecht <adrien+...@schischi.me> Alex Deucher <alexander.deuc...@amd.com> Alexander Drozdov <al.droz...@gmail.com> Alexander Duyck <alexander.h.du...@redhat.com> Alexandre Belloni <alexandre.bell...@free-electrons.com> Alexei Starovoitov <a...@plumgrid.com> Alexey Brodkin <abrod...@synopsys.com> Alexey Brodkin <alexey.brod...@synopsys.com> Andrew Morton <a...@linux-foundation.org> Andrew W Elble <awe...@rit.edu> Andy Whitcroft <a...@canonical.com> Aneesh Kumar K.V <aneesh.ku...@linux.vnet.ibm.com> Angga <hermin.anggawij...@alliedtelesis.co.nz> Anna Schumaker <anna.schuma...@netapp.com> Ard Biesheuvel <ard.biesheu...@linaro.org> Ariel Nahum <ari...@mellanox.com> Atsushi Nemoto <nem...@toshiba-tops.co.jp> Bart Van Assche <bart.vanass...@sandisk.com> Benjamin Coddington <bcodd...@redhat.com> Benjamin Herrenschmidt <b...@kernel.crashing.org> Benoit Parrot <bpar...@ti.com> Bob Copeland <m...@bobcopeland.com> Bob Liu <bob....@oracle.com> Brenden Blanco <bbla...@plumgrid.com> Brian Starkey <brian.star...@arm.com> Carol L Soto <cls...@linux.vnet.ibm.com> Catalin Marinas <catalin.mari...@arm.com> Chris Mason <c...@fb.com> Christian Borntraeger <borntrae...@de.ibm.com> Christoph Hellwig <h...@lst.de> Christophe Ricard <christophe-h.ric...@st.com> Christophe Ricard <christophe.ric...@gmail.com> Cong Wang <cw...@twopensource.com> Cong Wang <xiyou.wangc...@gmail.com> Dan Carpenter <dan.carpen...@oracle.com> Daniel Axtens <d...@axtens.net> Daniel Borkmann <dan...@iogearbox.net> Darren Hart <dvh...@linux.intel.com> David Ahern <d...@cumulusnetworks.com> David Dueck <davidcdu...@googlemail.com> David Härdeman <da...@hardeman.nu> David Rientjes <rient...@google.com> David S. Miller <da...@davemloft.net> Ding Tianhong <dingtianh...@huawei.com> dingtianhong <dingtianh...@huawei.com> Dmitry Torokhov <dmitry.torok...@gmail.com> Doug Ledford <dledf...@redhat.com> Edward Hyunkoo Jee <ed...@google.com> Emil Medve <emilian.me...@freescale.com> Eric Dumazet <eduma...@google.com> Eric Sandeen <sand...@redhat.com> Eric W. Biederman <ebied...@xmission.com> Eryu Guan <guane...@gmail.com> Eugene Shatokhin <eugene.shatok...@rosalab.ru> Filipe Manana <fdman...@suse.com> Florian Fainelli <f.faine...@gmail.com> Florian Westphal <f...@strlen.de> Fugang Duan <b38...@freescale.com> Gavin Shan <gws...@linux.vnet.ibm.com> Greg Kroah-Hartman <gre...@linuxfoundation.org> Gregory Hoggarth <gregory.hogga...@alliedtelesis.co.nz> Haggai Eran <hagg...@mellanox.com> Hans de Goede <hdego...@redhat.com> Hans Verkuil <hans.verk...@cisco.com> Heiko Stuebner <he...@sntech.de> Heiko Stübner <he...@sntech.de> Helge Deller <del...@gmx.de> Herbert Xu <herb...@gondor.apana.org.au> Hermin Anggawijaya <hermin.anggawij...@alliedtelesis.co.nz> Hin-Tak Leung <ht...@users.sourceforge.net> huaibin Wang <huaibin.w...@6wind.com> Ian Munsie <imun...@au1.ibm.com> Ido Schimmel <ido...@mellanox.com> Ivan Vecera <ivec...@redhat.com> J. Bruce Fields <bfie...@redhat.com> Jack Morgenstein <ja...@dev.mellanox.co.il> Jaewon Kim <jaewon31....@samsung.com> Jamal Hadi Salim <j...@mojatatu.com> Jan Kara <j...@suse.com> Jann Horn <j...@thejh.net> Jason Gunthorpe <jguntho...@obsidianresearch.com> Jean Delvare <jdelv...@suse.de> Jeff Kirsher <jeffrey.t.kirs...@intel.com> Jeff Layton <jeff.lay...@primarydata.com> Jeff Layton <jlay...@poochiereds.net> Jeff Vander Stoep <je...@google.com> Jeffery Miller <jmil...@neverware.com> Jens Axboe <ax...@fb.com> Jesse Gross <je...@nicira.com> Jesse Jones <jjo...@cococorp.com> Jialing Fu <j...@marvell.com> Jiri Pirko <j...@resnulli.us> Jisheng Zhang <jszh...@marvell.com> Joerg Roedel <jroe...@suse.de> Johannes Berg <johannes.b...@intel.com> John David Anglin <dave.anglin> John David Anglin <dave.ang...@bell.net> John Fastabend <john.r.fastab...@intel.com> Joonyoung Shim <jy0922.s...@samsung.com> Julian Anastasov <j...@ssi.bg> Kalle Valo <kv...@codeaurora.org> Kees Cook <keesc...@chromium.org> Ken-ichirou MATSUZAWA <chama...@gmail.com> Kinglong Mee <kinglong...@gmail.com> Krzysztof Kozlowski <k.kozlow...@samsung.com> Kyle Evans <kvan...@gmail.com> Lad, Prabhakar <prabhakar.cse...@gmail.com> Larry Finger <larry.fin...@lwfinger.net> Lars Westerhoff <lars.westerh...@newtec.eu> Laurent Pinchart <laurent.pinch...@ideasonboard.com> Leonidas Da Silva Barbosa <leosi...@linux.vnet.ibm.com> Leonidas S. Barbosa <leosi...@linux.vnet.ibm.com> Linus Lüssing <linus.luess...@c0d3.blue> Linus Torvalds <torva...@linux-foundation.org> Linus Walleij <linus.wall...@linaro.org> Ludovic Desroches <ludovic.desroc...@atmel.com> Luis Henriques <luis.henriq...@canonical.com> Madalin Bucur <madalin.bu...@freescale.com> Marc Zyngier <marc.zyng...@arm.com> Marcelo Ricardo Leitner <marcelo.leit...@gmail.com> Markos Chandras <markos.chand...@imgtec.com> Matan Barak <mat...@mellanox.com> Matthew Rosato <mjros...@linux.vnet.ibm.com> Mauro Carvalho Chehab <mche...@osg.samsung.com> Mel Gorman <mgor...@suse.de> Michael Ellerman <m...@ellerman.id.au> Michael S. Tsirkin <m...@redhat.com> Michal Hocko <mho...@suse.com> Mike Marciniszyn <mike.marcinis...@intel.com> Minchan Kim <minc...@kernel.org> Minfei Huang <mnfhu...@gmail.com> Ming Lei <ming....@canonical.com> Mitja Spes <mi...@lxnav.com> NeilBrown <ne...@suse.com> Nicolas Dichtel <nicolas.dich...@6wind.com> Nicolas Ferre <nicolas.fe...@atmel.com> Nicolas Iooss <nicolas.iooss_li...@m4x.org> Nikolay Aleksandrov <niko...@cumulusnetworks.com> Nikolay Aleksandrov <ra...@blackwall.org> Niranjan Sivakumar <ns...@cornell.edu> Noa Osherovich <no...@mellanox.com> Oleg Nesterov <o...@redhat.com> Oliver Hartkopp <socket...@hartkopp.net> Oliver Neukum <oneu...@suse.com> Or Gerlitz <ogerl...@mellanox.com> Paul Moore <p...@paul-moore.com> Pavel Fedin <p.fe...@samsung.com> Peng Tao <tao.p...@primarydata.com> Peter Guo <peter....@bayhubtech.com> Phil Sutter <p...@nwl.cc> Pratyush Anand <pan...@redhat.com> Pravin B Shelar <pshe...@nicira.com> Ralf Baechle <r...@linux-mips.org> Rasesh Mody <rasesh.m...@qlogic.com> Richard Laing <richard.la...@alliedtelesis.co.nz> Rob Herring <r...@kernel.org> Roopa Prabhu <ro...@cumulusnetworks.com> Russell King <rmk+ker...@arm.linux.org.uk> Sagi Grimberg <sa...@mellanox.com> Sakari Ailus <sakari.ai...@iki.fi> Samuel Ortiz <sa...@linux.intel.com> Scott Feldman <sfel...@gmail.com> Sergei Antonov <sap...@gmail.com> Sergey Senozhatsky <sergey.senozhat...@gmail.com> Shachar Raindel <rain...@mellanox.com> Shani Michaeli <sha...@mellanox.com> Shawn Lin <shawn....@rock-chips.com> Shota Suzuki <suzuki_shota...@lab.ntt.co.jp> Stas Sergeev <s...@list.ru> Stas Sergeev <s...@users.sourceforge.net> Stephen Smalley <s...@tycho.nsa.gov> Steve French <smfre...@gmail.com> Steven Rostedt <rost...@goodmis.org> Stuart Yoder <stuart.yo...@freescale.com> Sudip Mukherjee <su...@vectorindia.org> Takashi Iwai <ti...@suse.de> Theodore Ts'o <ty...@mit.edu> Thierry Reding <tred...@nvidia.com> Thierry Strudel <tstru...@google.com> Thomas Gleixner <t...@linutronix.de> Thomas Graf <tg...@suug.ch> Thomas Huth <th...@redhat.com> Tilman Schmidt <til...@imap.cc> Timo Teräs <timo.te...@iki.fi> Tobias Powalowski <tobias.powalow...@googlemail.com> Tony Luck <tony.l...@intel.com> Trond Myklebust <trond.mykleb...@primarydata.com> Tyler Hicks <tyhi...@canonical.com> Ulf Hansson <ulf.hans...@linaro.org> Varun Sethi <varun.se...@freescale.com> Vlad Yasevich <vyasev...@gmail.com> Vlad Zolotarov <vl...@cloudius-systems.com> Vlastimil Babka <vba...@suse.cz> WANG Cong <xiyou.wangc...@gmail.com> Will Deacon <will.dea...@arm.com> Wilson Kok <w...@cumulusnetworks.com> Woodrow Shen <woodrow.s...@canonical.com> Yao-Wen Mao <yao...@google.com> Ying Xue <ying....@windriver.com> Yinghai Lu <ying...@kernel.org> Yishai Hadas <yish...@mellanox.com> Yuchung Cheng <ych...@google.com> jobs: build-amd64-xsm pass build-armhf-xsm pass build-i386-xsm pass build-amd64 pass build-armhf pass build-i386 pass build-amd64-libvirt pass build-armhf-libvirt pass build-i386-libvirt pass build-amd64-pvops pass build-armhf-pvops pass build-i386-pvops pass build-amd64-rumpuserxen pass build-i386-rumpuserxen pass test-amd64-amd64-xl pass test-armhf-armhf-xl pass test-amd64-i386-xl pass test-amd64-amd64-xl-qemut-debianhvm-amd64-xsm pass test-amd64-i386-xl-qemut-debianhvm-amd64-xsm pass test-amd64-amd64-libvirt-qemuu-debianhvm-amd64-xsm pass test-amd64-i386-libvirt-qemuu-debianhvm-amd64-xsm pass test-amd64-amd64-xl-qemuu-debianhvm-amd64-xsm pass test-amd64-i386-xl-qemuu-debianhvm-amd64-xsm pass test-amd64-amd64-xl-qemut-stubdom-debianhvm-amd64-xsm fail test-amd64-i386-xl-qemut-stubdom-debianhvm-amd64-xsm fail test-amd64-amd64-libvirt-xsm pass test-armhf-armhf-libvirt-xsm fail test-amd64-i386-libvirt-xsm pass test-amd64-amd64-xl-xsm pass test-armhf-armhf-xl-xsm pass test-amd64-i386-xl-xsm pass test-amd64-amd64-xl-pvh-amd fail test-amd64-i386-qemut-rhel6hvm-amd pass test-amd64-i386-qemuu-rhel6hvm-amd pass test-amd64-amd64-xl-qemut-debianhvm-amd64 pass test-amd64-i386-xl-qemut-debianhvm-amd64 pass test-amd64-amd64-xl-qemuu-debianhvm-amd64 pass test-amd64-i386-xl-qemuu-debianhvm-amd64 pass test-amd64-i386-freebsd10-amd64 pass test-amd64-amd64-xl-qemuu-ovmf-amd64 pass test-amd64-i386-xl-qemuu-ovmf-amd64 pass test-amd64-amd64-rumpuserxen-amd64 pass test-amd64-amd64-xl-qemut-win7-amd64 fail test-amd64-i386-xl-qemut-win7-amd64 fail test-amd64-amd64-xl-qemuu-win7-amd64 fail test-amd64-i386-xl-qemuu-win7-amd64 fail test-armhf-armhf-xl-arndale pass test-amd64-amd64-xl-credit2 pass test-armhf-armhf-xl-credit2 pass test-armhf-armhf-xl-cubietruck pass test-amd64-i386-freebsd10-i386 pass test-amd64-i386-rumpuserxen-i386 pass test-amd64-amd64-xl-pvh-intel fail test-amd64-i386-qemut-rhel6hvm-intel pass test-amd64-i386-qemuu-rhel6hvm-intel pass test-amd64-amd64-libvirt pass test-armhf-armhf-libvirt fail test-amd64-i386-libvirt pass test-amd64-amd64-xl-multivcpu pass test-armhf-armhf-xl-multivcpu pass test-amd64-amd64-pair pass test-amd64-i386-pair pass test-amd64-amd64-libvirt-pair pass test-amd64-i386-libvirt-pair pass test-amd64-amd64-amd64-pvgrub pass test-amd64-amd64-i386-pvgrub pass test-amd64-amd64-pygrub pass test-armhf-armhf-libvirt-qcow2 fail test-amd64-amd64-xl-qcow2 pass test-armhf-armhf-libvirt-raw fail test-amd64-i386-xl-raw pass test-amd64-amd64-xl-rtds pass test-armhf-armhf-xl-rtds fail test-amd64-i386-xl-qemut-winxpsp3-vcpus1 pass test-amd64-i386-xl-qemuu-winxpsp3-vcpus1 pass test-amd64-amd64-libvirt-vhd pass test-armhf-armhf-xl-vhd fail test-amd64-amd64-xl-qemut-winxpsp3 pass test-amd64-i386-xl-qemut-winxpsp3 pass test-amd64-amd64-xl-qemuu-winxpsp3 pass test-amd64-i386-xl-qemuu-winxpsp3 pass ------------------------------------------------------------ sg-report-flight on osstest.test-lab.xenproject.org logs: /home/logs/logs images: /home/logs/images Logs, config files, etc. are available at http://logs.test-lab.xenproject.org/osstest/logs Explanation of these reports, and of osstest in general, is at http://xenbits.xen.org/gitweb/?p=osstest.git;a=blob;f=README.email;hb=master http://xenbits.xen.org/gitweb/?p=osstest.git;a=blob;f=README;hb=master Test harness code can be found at http://xenbits.xen.org/gitweb?p=osstest.git;a=summary Not pushing. (No revision log; it would be 5606 lines long.)
_______________________________________________ Xen-devel mailing list Xen-devel@lists.xen.org http://lists.xen.org/xen-devel