This run is configured for baseline tests only.

flight 38127 linux-3.14 real [real]
http://osstest.xs.citrite.net/~osstest/testlogs/logs/38127/

Regressions :-(

Tests which did not succeed and are blocking,
including tests which could not be run:
 test-amd64-i386-xl-vhd       20 guest-start/debian.repeat fail REGR. vs. 38086

Regressions which are regarded as allowable (not blocking):
 test-amd64-amd64-rumpuserxen-amd64 15 
rumpuserxen-demo-xenstorels/xenstorels.repeat fail like 38086
 test-amd64-i386-rumpuserxen-i386 15 
rumpuserxen-demo-xenstorels/xenstorels.repeat fail like 38086
 test-amd64-amd64-xl-raw      20 guest-start/debian.repeat    fail   like 38086

Tests which did not succeed, but are not blocking:
 test-armhf-armhf-xl-qcow2     9 debian-di-install            fail   never pass
 test-armhf-armhf-xl-vhd       9 debian-di-install            fail   never pass
 test-armhf-armhf-libvirt-qcow2  9 debian-di-install            fail never pass
 test-armhf-armhf-libvirt-vhd  9 debian-di-install            fail   never pass
 test-armhf-armhf-libvirt-raw  9 debian-di-install            fail   never pass
 test-armhf-armhf-xl-raw       9 debian-di-install            fail   never pass
 test-armhf-armhf-libvirt     14 guest-saverestore            fail   never pass
 test-armhf-armhf-libvirt     12 migrate-support-check        fail   never pass
 test-armhf-armhf-libvirt-xsm 12 migrate-support-check        fail   never pass
 test-armhf-armhf-libvirt-xsm 14 guest-saverestore            fail   never pass
 test-amd64-i386-xl-qemut-stubdom-debianhvm-amd64-xsm 9 debian-hvm-install fail 
never pass
 test-amd64-amd64-xl-pvh-intel 11 guest-start                  fail  never pass
 test-amd64-amd64-xl-pvh-amd  11 guest-start                  fail   never pass
 test-armhf-armhf-xl-multivcpu 13 saverestore-support-check    fail  never pass
 test-armhf-armhf-xl-multivcpu 12 migrate-support-check        fail  never pass
 test-armhf-armhf-xl-credit2  13 saverestore-support-check    fail   never pass
 test-armhf-armhf-xl-credit2  12 migrate-support-check        fail   never pass
 test-armhf-armhf-xl-xsm      13 saverestore-support-check    fail   never pass
 test-armhf-armhf-xl-xsm      12 migrate-support-check        fail   never pass
 test-armhf-armhf-xl-midway   13 saverestore-support-check    fail   never pass
 test-armhf-armhf-xl-midway   12 migrate-support-check        fail   never pass
 test-armhf-armhf-xl          12 migrate-support-check        fail   never pass
 test-armhf-armhf-xl          13 saverestore-support-check    fail   never pass
 test-armhf-armhf-xl-rtds     13 saverestore-support-check    fail   never pass
 test-armhf-armhf-xl-rtds     12 migrate-support-check        fail   never pass
 test-amd64-amd64-libvirt     12 migrate-support-check        fail   never pass
 test-amd64-i386-libvirt      12 migrate-support-check        fail   never pass
 test-amd64-i386-libvirt-xsm  12 migrate-support-check        fail   never pass
 test-amd64-amd64-libvirt-xsm 12 migrate-support-check        fail   never pass
 test-amd64-i386-libvirt-qcow2 11 migrate-support-check        fail  never pass
 test-amd64-i386-libvirt-vhd  11 migrate-support-check        fail   never pass
 test-amd64-amd64-xl-qemut-win7-amd64 17 guest-stop             fail never pass
 test-amd64-i386-libvirt-raw  11 migrate-support-check        fail   never pass
 test-amd64-amd64-libvirt-qcow2 11 migrate-support-check        fail never pass
 test-amd64-i386-libvirt-qemuu-debianhvm-amd64-xsm 10 migrate-support-check 
fail never pass
 test-amd64-amd64-libvirt-raw 11 migrate-support-check        fail   never pass
 test-amd64-amd64-libvirt-qemuu-debianhvm-amd64-xsm 10 migrate-support-check 
fail never pass
 test-amd64-amd64-libvirt-vhd 11 migrate-support-check        fail   never pass
 test-amd64-i386-xl-qemut-win7-amd64 17 guest-stop              fail never pass
 test-amd64-amd64-xl-qemuu-win7-amd64 17 guest-stop             fail never pass
 test-amd64-i386-xl-qemuu-win7-amd64 17 guest-stop              fail never pass

version targeted for testing:
 linux                1230ae0e99e05ced8a945a1a2c5762ce5c6c97c9
baseline version:
 linux                9b8b905951bde404f20a7bd4b37a5134f3484569

Last test of basis    38086  2015-09-27 08:53:31 Z    9 days
Testing same since    38127  2015-10-05 20:28:36 Z    0 days    1 attempts

------------------------------------------------------------
People who touched revisions under test:
  "Eric W. Biederman" <ebied...@xmission.com>
  Adrien Schildknecht <adrien+...@schischi.me>
  Al Viro <v...@zeniv.linux.org.uk>
  Alan Stern <st...@rowland.harvard.edu>
  Alex Deucher <alexander.deuc...@amd.com>
  Alexey Brodkin <abrod...@synopsys.com>
  Alexey Brodkin <alexey.brod...@synopsys.com>
  Amanieu d'Antras <aman...@gmail.com>
  Andrew Morton <a...@linux-foundation.org>
  Andrey Ryabinin <aryabi...@odin.com>
  Andy Lutomirski <l...@kernel.org>
  Aneesh Kumar K.V <aneesh.ku...@linux.vnet.ibm.com>
  Angga <hermin.anggawij...@alliedtelesis.co.nz>
  Arkadiusz Miśkiewicz <ar...@maven.pl>
  Arnd Bergmann <a...@arndb.de>
  Axel Lin <axel....@ingics.com>
  Bart Van Assche <bart.vanass...@sandisk.com>
  Benjamin Randazzo <benja...@randazzo.fr>
  Bjorn Helgaas <bhelg...@google.com>
  Bob Copeland <m...@bobcopeland.com>
  Bob Liu <bob....@oracle.com>
  Borislav Petkov <b...@suse.de>
  Brenden Blanco <bbla...@plumgrid.com>
  Brian King <brk...@linux.vnet.ibm.com>
  Carol L Soto <cls...@linux.vnet.ibm.com>
  Catalin Marinas <catalin.mari...@arm.com>
  Chas Williams <3ch...@gmail.com>
  Chris Mason <c...@fb.com>
  Christoph Hellwig <h...@lst.de>
  Cong Wang <cw...@twopensource.com>
  Cristina Opriceana <cristina.oprice...@gmail.com>
  Dan Carpenter <dan.carpen...@oracle.com>
  Dan McGee <dpmc...@gmail.com>
  Daniel Borkmann <dan...@iogearbox.net>
  Dave Airlie <airl...@redhat.com>
  David Daney <david.da...@cavium.com>
  David Härdeman <da...@hardeman.nu>
  David Rientjes <rient...@google.com>
  David S. Miller <da...@davemloft.net>
  David Vrabel <david.vra...@citrix.com>
  Davidlohr Bueso <dbu...@suse.de>
  Ding Tianhong <dingtianh...@huawei.com>
  dingtianhong <dingtianh...@huawei.com>
  Dirk Behme <dirk.be...@de.bosch.com>
  Dmitry Torokhov <dmitry.torok...@gmail.com>
  Don Zickus <dzic...@redhat.com>
  Doug Ledford <dledf...@redhat.com>
  Dr. Greg Wettstein <g...@idfusion.org>
  Edward Hyunkoo Jee <ed...@google.com>
  Eric Dumazet <eduma...@google.com>
  Eric W. Biederman <ebied...@xmission.com>
  Eugene Shatokhin <eugene.shatok...@rosalab.ru>
  Felipe Balbi <ba...@ti.com>
  Felix Fietkau <n...@openwrt.org>
  Filipe Manana <fdman...@suse.com>
  Florian Westphal <f...@strlen.de>
  Grant Likely <grant.lik...@linaro.org>
  Greg Kroah-Hartman <gre...@linuxfoundation.org>
  Gregory Hoggarth <gregory.hogga...@alliedtelesis.co.nz>
  Guenter Roeck <li...@roeck-us.net>
  Helge Deller <del...@gmx.de>
  Herbert Xu <herb...@gondor.apana.org.au>
  Hermin Anggawijaya <hermin.anggawij...@alliedtelesis.co.nz>
  Herton R. Krzesinski <her...@redhat.com>
  Hin-Tak Leung <ht...@users.sourceforge.net>
  Horia Geant? <horia.gea...@freescale.com>
  huaibin Wang <huaibin.w...@6wind.com>
  Hugh Dickins <hu...@google.com>
  Ian Abbott <abbo...@mev.co.uk>
  Ilan Cohen <ila...@gmail.com>
  Ilya Dryomov <idryo...@gmail.com>
  Imre Deak <imre.d...@intel.com>
  Ingo Molnar <mi...@kernel.org>
  Ivan Vecera <ivec...@redhat.com>
  Jack Morgenstein <ja...@dev.mellanox.co.il>
  Jaewon Kim <jaewon31....@samsung.com>
  James Bottomley <jbottom...@odin.com>
  James Hogan <james.ho...@imgtec.com>
  Jan Kara <j...@suse.com>
  Jan Kara <j...@suse.cz>
  Jann Horn <j...@thejh.net>
  Jason Gunthorpe <jguntho...@obsidianresearch.com>
  Jay Vosburgh <jay.vosbu...@canonical.com>
  Jean Delvare <jdelv...@suse.de>
  Jeff Vander Stoep <je...@google.com>
  Jeffery Miller <jmil...@neverware.com>
  Jens Axboe <ax...@fb.com>
  Jesse Gross <je...@nicira.com>
  Jesse Jones <jjo...@cococorp.com>
  Jialing Fu <j...@marvell.com>
  Jiri Kosina <jkos...@suse.cz>
  Joe Thornber <e...@redhat.com>
  Johan Hovold <jo...@kernel.org>
  Johannes Berg <johannes.b...@intel.com>
  John David Anglin <dave.anglin>
  John David Anglin <dave.ang...@bell.net>
  Jonathan Cameron <ji...@kernel.org>
  Jonathon Jongsma <jjong...@redhat.com>
  Joseph Qi <joseph...@huawei.com>
  Julian Anastasov <j...@ssi.bg>
  Kalle Valo <kv...@codeaurora.org>
  Keith Busch <keith.bu...@intel.com>
  Ken-ichirou MATSUZAWA <chama...@gmail.com>
  Kevin Hilman <khil...@linaro.org>
  Kinglong Mee <kinglong...@gmail.com>
  Kishon Vijay Abraham I <kis...@ti.com>
  Konrad Rzeszutek Wilk <konrad.w...@oracle.com>
  Larry Finger <larry.fin...@lwfinger.net>
  Lars Westerhoff <lars.westerh...@newtec.eu>
  Lars-Peter Clausen <l...@metafoo.de>
  Laurent Pinchart <laurent.pinch...@ideasonboard.com>
  Linus Torvalds <torva...@linux-foundation.org>
  Maciej S. Szmigiero <m...@maciej.szmigiero.name>
  Maciej Szmigiero <m...@maciej.szmigiero.name>
  Manfred Spraul <manf...@colorfullife.com>
  Marc Zyngier <marc.zyng...@arm.com>
  Marcelo Ricardo Leitner <marcelo.leit...@gmail.com>
  Marcus Gelderie <redm...@gmail.com>
  Marek Belisko <marek.beli...@streamunlimited.com>
  Marek Marczykowski-Górecki <marma...@invisiblethingslab.com>
  Mark Brown <broo...@kernel.org>
  Markus Pargmann <m...@pengutronix.de>
  Martin Schwidefsky <schwidef...@de.ibm.com>
  Masahiro Yamada <yamada.masah...@socionext.com>
  Matan Barak <mat...@mellanox.com>
  Mathias Nyman <mathias.ny...@linux.intel.com>
  Matthew Wilcox <matthew.r.wil...@intel.com>
  Matthijs Kooijman <matth...@stdin.nl>
  Mauro Carvalho Chehab <mche...@osg.samsung.com>
  Max Filippov <jcmvb...@gmail.com>
  Michael Ellerman <m...@ellerman.id.au>
  Michael Kerrisk <mtk.manpa...@gmail.com>
  Michael S. Tsirkin <m...@redhat.com>
  Michael Walle <mich...@walle.cc>
  Michal Hocko <mho...@suse.cz>
  Mike Marciniszyn <mike.marcinis...@intel.com>
  Mike Snitzer <snit...@redhat.com>
  Miklos Szeredi <mszer...@suse.cz>
  Mikulas Patocka <miku...@twibright.com>
  Mikulas Patocka <mpato...@redhat.com>
  Mimi Zohar <zo...@linux.vnet.ibm.com>
  Minchan Kim <minc...@kernel.org>
  Minfei Huang <mnfhu...@gmail.com>
  Ming Lei <ming....@canonical.com>
  Naoya Horiguchi <n-horigu...@ah.jp.nec.com>
  NeilBrown <ne...@suse.com>
  Nicholas Bellinger <n...@daterainc.com>
  Nicholas Bellinger <n...@linux-iscsi.org>
  Nicolas Dichtel <nicolas.dich...@6wind.com>
  Nikolay Aleksandrov <niko...@cumulusnetworks.com>
  Nikolay Aleksandrov <ra...@blackwall.org>
  Noa Osherovich <no...@mellanox.com>
  Oleg Nesterov <o...@redhat.com>
  Oliver Neukum <oneu...@suse.com>
  Or Gerlitz <ogerl...@mellanox.com>
  Paolo Bonzini <pbonz...@redhat.com>
  Paul Moore <p...@paul-moore.com>
  Paul Walmsley <p...@pwsan.com>
  Pavel Shirshov <ru.pc...@gmail.com>
  Pawel Moll <pawel.m...@arm.com>
  Peter Chen <peter.c...@freescale.com>
  Peter Zijlstra (Intel) <pet...@infradead.org>
  Peter Zijlstra <pet...@infradead.org>
  Philipp Hachtmann <hac...@hachti.de>
  Pravin B Shelar <pshe...@nicira.com>
  Ralf Baechle <r...@linux-mips.org>
  Rasesh Mody <rasesh.m...@qlogic.com>
  Ricardo Ribalda Delgado <ricardo.riba...@gmail.com>
  Richard Laing <richard.la...@alliedtelesis.co.nz>
  Richard Weinberger <rich...@nod.at>
  Rob Herring <r...@kernel.org>
  Roger Pau Monné <roger....@citrix.com>
  Roger Quadros <rog...@ti.com>
  Roopa Prabhu <ro...@cumulusnetworks.com>
  Russell King <rmk+ker...@arm.linux.org.uk>
  Sakari Ailus <sakari.ai...@iki.fi>
  Sebastian Ott <seb...@linux.vnet.ibm.com>
  Sergei Antonov <sap...@gmail.com>
  Shachar Raindel <rain...@mellanox.com>
  Shani Michaeli <sha...@mellanox.com>
  Shawn Lin <shawn....@rock-chips.com>
  Stephen Boyd <sb...@codeaurora.org>
  Stephen Chandler Paul <cp...@redhat.com>
  Stephen Smalley <s...@tycho.nsa.gov>
  Steve French <smfre...@gmail.com>
  Steven Rostedt <rost...@goodmis.org>
  Sudip Mukherjee <su...@vectorindia.org>
  Sudip Mukherjee <sudipm.mukher...@gmail.com>
  Takashi Iwai <ti...@suse.de>
  Tejun Heo <t...@kernel.org>
  Tero Kristo <t-kri...@ti.com>
  Thierry Strudel <tstru...@google.com>
  Thomas Gleixner <t...@linutronix.de>
  Thomas Hellstrom <thellst...@vmware.com>
  Thomas Huth <th...@redhat.com>
  Tilman Schmidt <til...@imap.cc>
  Timo Teräs <timo.te...@iki.fi>
  Tony Luck <tony.l...@intel.com>
  Trond Myklebust <trond.mykleb...@primarydata.com>
  Ulf Hansson <ulf.hans...@linaro.org>
  Vasu Dev <vasu....@intel.com>
  Vignesh R <vigne...@ti.com>
  Vlad Yasevich <vyasev...@gmail.com>
  Vlad Zolotarov <vl...@cloudius-systems.com>
  Vlastimil Babka <vba...@suse.cz>
  Wang Kai <morgan.w...@huawei.com>
  Wanpeng Li <wanpeng...@hotmail.com>
  Wen Xiong <wenxi...@linux.vnet.ibm.com>
  Will Deacon <will.dea...@arm.com>
  Wilson Kok <w...@cumulusnetworks.com>
  Wolfram Sang <wsa+rene...@sang-engineering.com>
  Xiao Guangrong <guangrong.x...@linux.intel.com>
  Yann Droneaud <ydrone...@opteya.com>
  Ying Xue <ying....@windriver.com>
  Yinghai Lu <ying...@kernel.org>
  Yishai Hadas <yish...@mellanox.com>

jobs:
 build-amd64-xsm                                              pass
 build-armhf-xsm                                              pass
 build-i386-xsm                                               pass
 build-amd64                                                  pass
 build-armhf                                                  pass
 build-i386                                                   pass
 build-amd64-libvirt                                          pass
 build-armhf-libvirt                                          pass
 build-i386-libvirt                                           pass
 build-amd64-pvops                                            pass
 build-armhf-pvops                                            pass
 build-i386-pvops                                             pass
 build-amd64-rumpuserxen                                      pass
 build-i386-rumpuserxen                                       pass
 test-amd64-amd64-xl                                          pass
 test-armhf-armhf-xl                                          pass
 test-amd64-i386-xl                                           pass
 test-amd64-amd64-xl-qemut-debianhvm-amd64-xsm                pass
 test-amd64-i386-xl-qemut-debianhvm-amd64-xsm                 pass
 test-amd64-amd64-libvirt-qemuu-debianhvm-amd64-xsm           pass
 test-amd64-i386-libvirt-qemuu-debianhvm-amd64-xsm            pass
 test-amd64-amd64-xl-qemuu-debianhvm-amd64-xsm                pass
 test-amd64-i386-xl-qemuu-debianhvm-amd64-xsm                 pass
 test-amd64-amd64-xl-qemut-stubdom-debianhvm-amd64-xsm        pass
 test-amd64-i386-xl-qemut-stubdom-debianhvm-amd64-xsm         fail
 test-amd64-amd64-libvirt-xsm                                 pass
 test-armhf-armhf-libvirt-xsm                                 fail
 test-amd64-i386-libvirt-xsm                                  pass
 test-amd64-amd64-xl-xsm                                      pass
 test-armhf-armhf-xl-xsm                                      pass
 test-amd64-i386-xl-xsm                                       pass
 test-amd64-amd64-xl-pvh-amd                                  fail
 test-amd64-i386-qemut-rhel6hvm-amd                           pass
 test-amd64-i386-qemuu-rhel6hvm-amd                           pass
 test-amd64-amd64-xl-qemut-debianhvm-amd64                    pass
 test-amd64-i386-xl-qemut-debianhvm-amd64                     pass
 test-amd64-amd64-xl-qemuu-debianhvm-amd64                    pass
 test-amd64-i386-xl-qemuu-debianhvm-amd64                     pass
 test-amd64-i386-freebsd10-amd64                              pass
 test-amd64-amd64-xl-qemuu-ovmf-amd64                         pass
 test-amd64-i386-xl-qemuu-ovmf-amd64                          pass
 test-amd64-amd64-rumpuserxen-amd64                           fail
 test-amd64-amd64-xl-qemut-win7-amd64                         fail
 test-amd64-i386-xl-qemut-win7-amd64                          fail
 test-amd64-amd64-xl-qemuu-win7-amd64                         fail
 test-amd64-i386-xl-qemuu-win7-amd64                          fail
 test-amd64-amd64-xl-credit2                                  pass
 test-armhf-armhf-xl-credit2                                  pass
 test-amd64-i386-freebsd10-i386                               pass
 test-amd64-i386-rumpuserxen-i386                             fail
 test-amd64-amd64-xl-pvh-intel                                fail
 test-amd64-i386-qemut-rhel6hvm-intel                         pass
 test-amd64-i386-qemuu-rhel6hvm-intel                         pass
 test-amd64-amd64-libvirt                                     pass
 test-armhf-armhf-libvirt                                     fail
 test-amd64-i386-libvirt                                      pass
 test-armhf-armhf-xl-midway                                   pass
 test-amd64-amd64-xl-multivcpu                                pass
 test-armhf-armhf-xl-multivcpu                                pass
 test-amd64-amd64-pair                                        pass
 test-amd64-i386-pair                                         pass
 test-amd64-amd64-libvirt-pair                                pass
 test-amd64-i386-libvirt-pair                                 pass
 test-amd64-amd64-amd64-pvgrub                                pass
 test-amd64-amd64-i386-pvgrub                                 pass
 test-amd64-amd64-pygrub                                      pass
 test-amd64-amd64-libvirt-qcow2                               pass
 test-armhf-armhf-libvirt-qcow2                               fail
 test-amd64-i386-libvirt-qcow2                                pass
 test-amd64-amd64-xl-qcow2                                    pass
 test-armhf-armhf-xl-qcow2                                    fail
 test-amd64-i386-xl-qcow2                                     pass
 test-amd64-amd64-libvirt-raw                                 pass
 test-armhf-armhf-libvirt-raw                                 fail
 test-amd64-i386-libvirt-raw                                  pass
 test-amd64-amd64-xl-raw                                      fail
 test-armhf-armhf-xl-raw                                      fail
 test-amd64-i386-xl-raw                                       pass
 test-amd64-amd64-xl-rtds                                     pass
 test-armhf-armhf-xl-rtds                                     pass
 test-amd64-i386-xl-qemut-winxpsp3-vcpus1                     pass
 test-amd64-i386-xl-qemuu-winxpsp3-vcpus1                     pass
 test-amd64-amd64-libvirt-vhd                                 pass
 test-armhf-armhf-libvirt-vhd                                 fail
 test-amd64-i386-libvirt-vhd                                  pass
 test-amd64-amd64-xl-vhd                                      pass
 test-armhf-armhf-xl-vhd                                      fail
 test-amd64-i386-xl-vhd                                       fail
 test-amd64-amd64-xl-qemut-winxpsp3                           pass
 test-amd64-i386-xl-qemut-winxpsp3                            pass
 test-amd64-amd64-xl-qemuu-winxpsp3                           pass
 test-amd64-i386-xl-qemuu-winxpsp3                            pass


------------------------------------------------------------
sg-report-flight on osstest.xs.citrite.net
logs: /home/osstest/logs
images: /home/osstest/images

Logs, config files, etc. are available at
    http://osstest.xs.citrite.net/~osstest/testlogs/logs

Test harness code can be found at
    http://xenbits.xensource.com/gitweb?p=osstest.git;a=summary


Push not applicable.

(No revision log; it would be 5579 lines long.)

_______________________________________________
Xen-devel mailing list
Xen-devel@lists.xen.org
http://lists.xen.org/xen-devel

Reply via email to