This run is configured for baseline tests only.

flight 38083 qemu-mainline real [real]
http://osstest.xs.citrite.net/~osstest/testlogs/logs/38083/

Regressions :-(

Tests which did not succeed and are blocking,
including tests which could not be run:
 test-amd64-amd64-xl-raw       6 xen-boot                  fail REGR. vs. 38018

Regressions which are regarded as allowable (not blocking):
 test-amd64-amd64-xl-qemuu-winxpsp3  9 windows-install          fail like 38018

Tests which did not succeed, but are not blocking:
 test-armhf-armhf-xl-vhd       9 debian-di-install            fail   never pass
 test-armhf-armhf-libvirt-vhd  9 debian-di-install            fail   never pass
 test-armhf-armhf-libvirt-qcow2  9 debian-di-install            fail never pass
 test-armhf-armhf-xl-qcow2     9 debian-di-install            fail   never pass
 test-armhf-armhf-libvirt-raw  9 debian-di-install            fail   never pass
 test-amd64-amd64-xl-pvh-intel 11 guest-start                  fail  never pass
 test-armhf-armhf-xl-raw       9 debian-di-install            fail   never pass
 test-armhf-armhf-libvirt-xsm 12 migrate-support-check        fail   never pass
 test-armhf-armhf-libvirt-xsm 14 guest-saverestore            fail   never pass
 test-armhf-armhf-libvirt     14 guest-saverestore            fail   never pass
 test-armhf-armhf-libvirt     12 migrate-support-check        fail   never pass
 test-armhf-armhf-xl          12 migrate-support-check        fail   never pass
 test-armhf-armhf-xl          13 saverestore-support-check    fail   never pass
 test-amd64-amd64-xl-pvh-amd  11 guest-start                  fail   never pass
 test-armhf-armhf-xl-credit2  13 saverestore-support-check    fail   never pass
 test-armhf-armhf-xl-credit2  12 migrate-support-check        fail   never pass
 test-armhf-armhf-xl-multivcpu 13 saverestore-support-check    fail  never pass
 test-armhf-armhf-xl-multivcpu 12 migrate-support-check        fail  never pass
 test-armhf-armhf-xl-xsm      13 saverestore-support-check    fail   never pass
 test-armhf-armhf-xl-xsm      12 migrate-support-check        fail   never pass
 test-armhf-armhf-xl-midway   13 saverestore-support-check    fail   never pass
 test-armhf-armhf-xl-midway   12 migrate-support-check        fail   never pass
 test-armhf-armhf-xl-rtds     13 saverestore-support-check    fail   never pass
 test-armhf-armhf-xl-rtds     12 migrate-support-check        fail   never pass
 test-amd64-amd64-libvirt-xsm 12 migrate-support-check        fail   never pass
 test-amd64-i386-libvirt-xsm  12 migrate-support-check        fail   never pass
 test-amd64-amd64-libvirt     12 migrate-support-check        fail   never pass
 test-amd64-i386-libvirt      12 migrate-support-check        fail   never pass
 test-amd64-amd64-libvirt-qcow2 11 migrate-support-check        fail never pass
 test-amd64-i386-libvirt-qcow2 11 migrate-support-check        fail  never pass
 test-amd64-amd64-libvirt-raw 11 migrate-support-check        fail   never pass
 test-amd64-i386-libvirt-qemuu-debianhvm-amd64-xsm 10 migrate-support-check 
fail never pass
 test-amd64-i386-libvirt-raw  11 migrate-support-check        fail   never pass
 test-amd64-amd64-libvirt-qemuu-debianhvm-amd64-xsm 10 migrate-support-check 
fail never pass
 test-amd64-i386-xl-vhd        9 debian-di-install            fail   never pass
 test-amd64-amd64-libvirt-vhd  9 debian-di-install            fail   never pass
 test-amd64-amd64-xl-vhd       9 debian-di-install            fail   never pass
 test-amd64-i386-xl-qemuu-win7-amd64 17 guest-stop              fail never pass
 test-amd64-i386-libvirt-vhd   9 debian-di-install            fail   never pass
 test-amd64-amd64-xl-qemuu-win7-amd64 17 guest-stop             fail never pass

version targeted for testing:
 qemuu                8a47d575dfac0f6675e2ac56c5921cc520d021a6
baseline version:
 qemuu                18640989a9f5e4d2e84b566c52ff1fccfa0dbf4a

Last test of basis    38018  2015-09-22 15:28:43 Z    5 days
Testing same since    38083  2015-09-27 08:49:53 Z    0 days    1 attempts

------------------------------------------------------------
People who touched revisions under test:
  Alex Williamson <alex.william...@redhat.com>
  Alexander Graf <ag...@suse.de>
  Alexey Kardashevskiy <a...@ozlabs.ru>
  Andrew Jones <drjo...@redhat.com>
  Anton Blanchard <an...@samba.org>
  Ashok kumar <ash...@broadcom.com>
  Aurelien Jarno <aurel...@aurel32.net>
  Beniamino Galvani <b.galv...@gmail.com>
  Bharata B Rao <bhar...@linux.vnet.ibm.com>
  Daniel P. Berrange <berra...@redhat.com>
  David Gibson <da...@gibson.dropbear.id.au>
  Gavin Shan <gws...@linux.vnet.ibm.com>
  Gerd Hoffmann <kra...@redhat.com>
  Graeme Gregory <graeme.greg...@linaro.org>
  James Hogan <james.ho...@imgtec.com>
  Laurent Vivier <lviv...@redhat.com>
  Marc-André Lureau <marcandre.lur...@redhat.com>
  Mark Cave-Ayland <mark.cave-ayl...@ilande.co.uk>
  Markus Armbruster <arm...@redhat.com>
  Michael Roth <mdr...@linux.vnet.ibm.com>
  Paolo Bonzini <pbonz...@redhat.com>
  Pavel Fedin <p.fe...@samsung.com>
  Peter Maydell <peter.mayd...@linaro.org>
  Richard W.M. Jones <rjo...@redhat.com>
  Rudolf Marek <m...@sysgo.com>
  Rudolf Marek <rudolf.ma...@sysgo.com>
  Sam Bobroff <sam.bobr...@au1.ibm.com>
  Shannon Zhao <shannon.z...@linaro.org>
  Shlomo Pongratz <shlomo.pongr...@huawei.com>
  Stefan Weil <s...@weilnetz.de>
  Thomas Huth <th...@redhat.com>

jobs:
 build-amd64-xsm                                              pass
 build-armhf-xsm                                              pass
 build-i386-xsm                                               pass
 build-amd64                                                  pass
 build-armhf                                                  pass
 build-i386                                                   pass
 build-amd64-libvirt                                          pass
 build-armhf-libvirt                                          pass
 build-i386-libvirt                                           pass
 build-amd64-pvops                                            pass
 build-armhf-pvops                                            pass
 build-i386-pvops                                             pass
 test-amd64-amd64-xl                                          pass
 test-armhf-armhf-xl                                          pass
 test-amd64-i386-xl                                           pass
 test-amd64-amd64-libvirt-qemuu-debianhvm-amd64-xsm           pass
 test-amd64-i386-libvirt-qemuu-debianhvm-amd64-xsm            pass
 test-amd64-amd64-xl-qemuu-debianhvm-amd64-xsm                pass
 test-amd64-i386-xl-qemuu-debianhvm-amd64-xsm                 pass
 test-amd64-amd64-libvirt-xsm                                 pass
 test-armhf-armhf-libvirt-xsm                                 fail
 test-amd64-i386-libvirt-xsm                                  pass
 test-amd64-amd64-xl-xsm                                      pass
 test-armhf-armhf-xl-xsm                                      pass
 test-amd64-i386-xl-xsm                                       pass
 test-amd64-amd64-xl-pvh-amd                                  fail
 test-amd64-i386-qemuu-rhel6hvm-amd                           pass
 test-amd64-amd64-xl-qemuu-debianhvm-amd64                    pass
 test-amd64-i386-xl-qemuu-debianhvm-amd64                     pass
 test-amd64-i386-freebsd10-amd64                              pass
 test-amd64-amd64-xl-qemuu-ovmf-amd64                         pass
 test-amd64-i386-xl-qemuu-ovmf-amd64                          pass
 test-amd64-amd64-xl-qemuu-win7-amd64                         fail
 test-amd64-i386-xl-qemuu-win7-amd64                          fail
 test-amd64-amd64-xl-credit2                                  pass
 test-armhf-armhf-xl-credit2                                  pass
 test-amd64-i386-freebsd10-i386                               pass
 test-amd64-amd64-xl-pvh-intel                                fail
 test-amd64-i386-qemuu-rhel6hvm-intel                         pass
 test-amd64-amd64-libvirt                                     pass
 test-armhf-armhf-libvirt                                     fail
 test-amd64-i386-libvirt                                      pass
 test-armhf-armhf-xl-midway                                   pass
 test-amd64-amd64-xl-multivcpu                                pass
 test-armhf-armhf-xl-multivcpu                                pass
 test-amd64-amd64-pair                                        pass
 test-amd64-i386-pair                                         pass
 test-amd64-amd64-libvirt-pair                                pass
 test-amd64-i386-libvirt-pair                                 pass
 test-amd64-amd64-amd64-pvgrub                                pass
 test-amd64-amd64-i386-pvgrub                                 pass
 test-amd64-amd64-pygrub                                      pass
 test-amd64-amd64-libvirt-qcow2                               pass
 test-armhf-armhf-libvirt-qcow2                               fail
 test-amd64-i386-libvirt-qcow2                                pass
 test-amd64-amd64-xl-qcow2                                    pass
 test-armhf-armhf-xl-qcow2                                    fail
 test-amd64-i386-xl-qcow2                                     pass
 test-amd64-amd64-libvirt-raw                                 pass
 test-armhf-armhf-libvirt-raw                                 fail
 test-amd64-i386-libvirt-raw                                  pass
 test-amd64-amd64-xl-raw                                      fail
 test-armhf-armhf-xl-raw                                      fail
 test-amd64-i386-xl-raw                                       pass
 test-amd64-amd64-xl-rtds                                     pass
 test-armhf-armhf-xl-rtds                                     pass
 test-amd64-i386-xl-qemuu-winxpsp3-vcpus1                     pass
 test-amd64-amd64-libvirt-vhd                                 fail
 test-armhf-armhf-libvirt-vhd                                 fail
 test-amd64-i386-libvirt-vhd                                  fail
 test-amd64-amd64-xl-vhd                                      fail
 test-armhf-armhf-xl-vhd                                      fail
 test-amd64-i386-xl-vhd                                       fail
 test-amd64-amd64-xl-qemuu-winxpsp3                           fail
 test-amd64-i386-xl-qemuu-winxpsp3                            pass


------------------------------------------------------------
sg-report-flight on osstest.xs.citrite.net
logs: /home/osstest/logs
images: /home/osstest/images

Logs, config files, etc. are available at
    http://osstest.xs.citrite.net/~osstest/testlogs/logs

Test harness code can be found at
    http://xenbits.xensource.com/gitweb?p=osstest.git;a=summary


Push not applicable.

(No revision log; it would be 3017 lines long.)

_______________________________________________
Xen-devel mailing list
Xen-devel@lists.xen.org
http://lists.xen.org/xen-devel

Reply via email to