flight 62270 linux-3.14 real [real] http://logs.test-lab.xenproject.org/osstest/logs/62270/
Regressions :-( Tests which did not succeed and are blocking, including tests which could not be run: test-amd64-amd64-xl-qemut-stubdom-debianhvm-amd64-xsm 13 guest-localmigrate fail REGR. vs. 60666 test-amd64-amd64-xl-qemuu-debianhvm-amd64 18 guest-start.2 fail REGR. vs. 60666 test-amd64-i386-xl-qcow2 13 guest-saverestore fail REGR. vs. 60666 test-amd64-i386-xl-vhd 13 guest-saverestore fail REGR. vs. 60666 test-amd64-amd64-xl-qcow2 19 guest-start.2 fail REGR. vs. 60666 test-amd64-i386-xl-qemuu-debianhvm-amd64-xsm 9 debian-hvm-install fail REGR. vs. 60666 test-amd64-amd64-xl-vhd 13 guest-saverestore fail REGR. vs. 60666 test-amd64-i386-xl-qemuu-ovmf-amd64 19 guest-start/debianhvm.repeat fail REGR. vs. 60666 Regressions which are regarded as allowable (not blocking): test-armhf-armhf-libvirt-raw 3 host-install(3) broken REGR. vs. 60666 test-amd64-i386-rumpuserxen-i386 15 rumpuserxen-demo-xenstorels/xenstorels.repeat fail REGR. vs. 60666 test-amd64-i386-libvirt-xsm 18 guest-start/debian.repeat fail REGR. vs. 60666 test-amd64-amd64-libvirt-qcow2 13 guest-saverestore fail REGR. vs. 60666 test-amd64-i386-libvirt 18 guest-start/debian.repeat fail REGR. vs. 60666 test-amd64-i386-libvirt-vhd 13 guest-saverestore fail REGR. vs. 60666 test-amd64-amd64-libvirt-vhd 16 guest-start.2 fail REGR. vs. 60666 test-amd64-amd64-libvirt-xsm 17 guest-start.2 fail REGR. vs. 60666 test-amd64-i386-libvirt-qcow2 13 guest-saverestore fail REGR. vs. 60666 test-armhf-armhf-xl-multivcpu 6 xen-boot fail like 60666 test-armhf-armhf-xl 6 xen-boot fail like 60666 test-armhf-armhf-libvirt 6 xen-boot fail like 60666 test-armhf-armhf-xl-credit2 6 xen-boot fail like 60666 test-amd64-amd64-xl-qemuu-win7-amd64 17 guest-stop fail like 60666 test-amd64-amd64-xl-qemut-win7-amd64 17 guest-stop fail like 60666 test-amd64-i386-xl-qemut-win7-amd64 17 guest-stop fail like 60666 Tests which did not succeed, but are not blocking: test-amd64-i386-xl-qemut-stubdom-debianhvm-amd64-xsm 9 debian-hvm-install fail never pass test-amd64-amd64-xl-pvh-amd 11 guest-start fail never pass test-amd64-amd64-xl-pvh-intel 11 guest-start fail never pass test-armhf-armhf-libvirt-vhd 6 xen-boot fail never pass test-armhf-armhf-libvirt-qcow2 6 xen-boot fail never pass test-armhf-armhf-xl-cubietruck 6 xen-boot fail never pass test-amd64-amd64-libvirt-pair 21 guest-migrate/src_host/dst_host fail never pass test-armhf-armhf-xl-raw 6 xen-boot fail never pass test-armhf-armhf-xl-arndale 6 xen-boot fail never pass test-amd64-i386-libvirt-pair 21 guest-migrate/src_host/dst_host fail never pass test-armhf-armhf-xl-vhd 6 xen-boot fail never pass test-armhf-armhf-xl-xsm 6 xen-boot fail never pass test-amd64-amd64-libvirt 12 migrate-support-check fail never pass test-amd64-i386-libvirt-xsm 12 migrate-support-check fail never pass test-amd64-amd64-libvirt-qcow2 11 migrate-support-check fail never pass test-amd64-i386-libvirt 12 migrate-support-check fail never pass test-amd64-i386-libvirt-qemuu-debianhvm-amd64-xsm 10 migrate-support-check fail never pass test-amd64-amd64-libvirt-raw 11 migrate-support-check fail never pass test-amd64-i386-libvirt-vhd 11 migrate-support-check fail never pass test-amd64-amd64-libvirt-vhd 11 migrate-support-check fail never pass test-amd64-amd64-libvirt-xsm 12 migrate-support-check fail never pass test-amd64-i386-xl-qemuu-win7-amd64 17 guest-stop fail never pass test-amd64-i386-libvirt-raw 11 migrate-support-check fail never pass test-amd64-i386-libvirt-qcow2 11 migrate-support-check fail never pass test-amd64-amd64-libvirt-qemuu-debianhvm-amd64-xsm 10 migrate-support-check fail never pass test-armhf-armhf-xl-rtds 6 xen-boot fail never pass test-armhf-armhf-libvirt-xsm 6 xen-boot fail never pass test-armhf-armhf-xl-qcow2 6 xen-boot fail never pass version targeted for testing: linux 4772a34b8cfb53e95d1fa884880d4620e7417ba6 baseline version: linux 9b8b905951bde404f20a7bd4b37a5134f3484569 Last test of basis 60666 2015-08-12 06:12:25 Z 43 days Failing since 60747 2015-08-17 05:56:00 Z 38 days 19 attempts Testing same since 62270 2015-09-22 05:10:37 Z 2 days 1 attempts ------------------------------------------------------------ People who touched revisions under test: Al Viro <v...@zeniv.linux.org.uk> Alan Stern <st...@rowland.harvard.edu> Alex Deucher <alexander.deuc...@amd.com> Amanieu d'Antras <aman...@gmail.com> Andrew Morton <a...@linux-foundation.org> Andrey Ryabinin <aryabi...@odin.com> Andy Lutomirski <l...@kernel.org> Arkadiusz MiÅkiewicz <ar...@maven.pl> Arnd Bergmann <a...@arndb.de> Axel Lin <axel....@ingics.com> Bart Van Assche <bart.vanass...@sandisk.com> Benjamin Randazzo <benja...@randazzo.fr> Bjorn Helgaas <bhelg...@google.com> Bob Liu <bob....@oracle.com> Borislav Petkov <b...@suse.de> Brian King <brk...@linux.vnet.ibm.com> Cristina Opriceana <cristina.oprice...@gmail.com> Dan Carpenter <dan.carpen...@oracle.com> Dan McGee <dpmc...@gmail.com> Dave Airlie <airl...@redhat.com> David Daney <david.da...@cavium.com> David S. Miller <da...@davemloft.net> David Vrabel <david.vra...@citrix.com> Davidlohr Bueso <dbu...@suse.de> Dirk Behme <dirk.be...@de.bosch.com> Don Zickus <dzic...@redhat.com> Doug Ledford <dledf...@redhat.com> Dr. Greg Wettstein <g...@idfusion.org> Felipe Balbi <ba...@ti.com> Felix Fietkau <n...@openwrt.org> Grant Likely <grant.lik...@linaro.org> Greg Kroah-Hartman <gre...@linuxfoundation.org> Guenter Roeck <li...@roeck-us.net> Herbert Xu <herb...@gondor.apana.org.au> Herton R. Krzesinski <her...@redhat.com> Horia Geant? <horia.gea...@freescale.com> Hugh Dickins <hu...@google.com> Ian Abbott <abbo...@mev.co.uk> Ilan Cohen <ila...@gmail.com> Ilya Dryomov <idryo...@gmail.com> Imre Deak <imre.d...@intel.com> Ingo Molnar <mi...@kernel.org> James Bottomley <jbottom...@odin.com> James Hogan <james.ho...@imgtec.com> Jan Kara <j...@suse.com> Jiri Kosina <jkos...@suse.cz> Joe Thornber <e...@redhat.com> Johan Hovold <jo...@kernel.org> Jonathan Cameron <ji...@kernel.org> Jonathon Jongsma <jjong...@redhat.com> Joseph Qi <joseph...@huawei.com> Kevin Hilman <khil...@linaro.org> Kishon Vijay Abraham I <kis...@ti.com> Konrad Rzeszutek Wilk <konrad.w...@oracle.com> Lars-Peter Clausen <l...@metafoo.de> Linus Torvalds <torva...@linux-foundation.org> Maciej S. Szmigiero <m...@maciej.szmigiero.name> Maciej Szmigiero <m...@maciej.szmigiero.name> Manfred Spraul <manf...@colorfullife.com> Marc Zyngier <marc.zyng...@arm.com> Marcus Gelderie <redm...@gmail.com> Marek Belisko <marek.beli...@streamunlimited.com> Marek Marczykowski-Górecki <marma...@invisiblethingslab.com> Mark Brown <broo...@kernel.org> Markus Pargmann <m...@pengutronix.de> Martin Schwidefsky <schwidef...@de.ibm.com> Masahiro Yamada <yamada.masah...@socionext.com> Mathias Nyman <mathias.ny...@linux.intel.com> Matthijs Kooijman <matth...@stdin.nl> Max Filippov <jcmvb...@gmail.com> Michael Kerrisk <mtk.manpa...@gmail.com> Michael S. Tsirkin <m...@redhat.com> Michael Walle <mich...@walle.cc> Michal Hocko <mho...@suse.cz> Mike Snitzer <snit...@redhat.com> Miklos Szeredi <mszer...@suse.cz> Mikulas Patocka <miku...@twibright.com> Mikulas Patocka <mpato...@redhat.com> Mimi Zohar <zo...@linux.vnet.ibm.com> Naoya Horiguchi <n-horigu...@ah.jp.nec.com> NeilBrown <ne...@suse.com> Nicholas Bellinger <n...@daterainc.com> Nicholas Bellinger <n...@linux-iscsi.org> Paolo Bonzini <pbonz...@redhat.com> Paul Walmsley <p...@pwsan.com> Pavel Shirshov <ru.pc...@gmail.com> Pawel Moll <pawel.m...@arm.com> Peter Chen <peter.c...@freescale.com> Peter Zijlstra (Intel) <pet...@infradead.org> Peter Zijlstra <pet...@infradead.org> Philipp Hachtmann <hac...@hachti.de> Ralf Baechle <r...@linux-mips.org> Ricardo Ribalda Delgado <ricardo.riba...@gmail.com> Richard Weinberger <rich...@nod.at> Rob Herring <r...@kernel.org> Roger Pau Monné <roger....@citrix.com> Roger Quadros <rog...@ti.com> Russell King <rmk+ker...@arm.linux.org.uk> Sebastian Ott <seb...@linux.vnet.ibm.com> Stephen Boyd <sb...@codeaurora.org> Stephen Chandler Paul <cp...@redhat.com> Steven Rostedt <rost...@goodmis.org> Sudip Mukherjee <su...@vectorindia.org> Sudip Mukherjee <sudipm.mukher...@gmail.com> Takashi Iwai <ti...@suse.de> Tejun Heo <t...@kernel.org> Tero Kristo <t-kri...@ti.com> Thomas Hellstrom <thellst...@vmware.com> Vasu Dev <vasu....@intel.com> Vignesh R <vigne...@ti.com> Wang Kai <morgan.w...@huawei.com> Wanpeng Li <wanpeng...@hotmail.com> Wen Xiong <wenxi...@linux.vnet.ibm.com> Will Deacon <will.dea...@arm.com> Wolfram Sang <wsa+rene...@sang-engineering.com> Xiao Guangrong <guangrong.x...@linux.intel.com> Yann Droneaud <ydrone...@opteya.com> jobs: build-amd64-xsm pass build-armhf-xsm pass build-i386-xsm pass build-amd64 pass build-armhf pass build-i386 pass build-amd64-libvirt pass build-armhf-libvirt pass build-i386-libvirt pass build-amd64-pvops pass build-armhf-pvops pass build-i386-pvops pass build-amd64-rumpuserxen pass build-i386-rumpuserxen pass test-amd64-amd64-xl pass test-armhf-armhf-xl fail test-amd64-i386-xl pass test-amd64-amd64-xl-qemut-debianhvm-amd64-xsm pass test-amd64-i386-xl-qemut-debianhvm-amd64-xsm pass test-amd64-amd64-libvirt-qemuu-debianhvm-amd64-xsm pass test-amd64-i386-libvirt-qemuu-debianhvm-amd64-xsm pass test-amd64-amd64-xl-qemuu-debianhvm-amd64-xsm pass test-amd64-i386-xl-qemuu-debianhvm-amd64-xsm fail test-amd64-amd64-xl-qemut-stubdom-debianhvm-amd64-xsm fail test-amd64-i386-xl-qemut-stubdom-debianhvm-amd64-xsm fail test-amd64-amd64-libvirt-xsm fail test-armhf-armhf-libvirt-xsm fail test-amd64-i386-libvirt-xsm fail test-amd64-amd64-xl-xsm pass test-armhf-armhf-xl-xsm fail test-amd64-i386-xl-xsm pass test-amd64-amd64-xl-pvh-amd fail test-amd64-i386-qemut-rhel6hvm-amd pass test-amd64-i386-qemuu-rhel6hvm-amd pass test-amd64-amd64-xl-qemut-debianhvm-amd64 pass test-amd64-i386-xl-qemut-debianhvm-amd64 pass test-amd64-amd64-xl-qemuu-debianhvm-amd64 fail test-amd64-i386-xl-qemuu-debianhvm-amd64 pass test-amd64-i386-freebsd10-amd64 pass test-amd64-amd64-xl-qemuu-ovmf-amd64 pass test-amd64-i386-xl-qemuu-ovmf-amd64 fail test-amd64-amd64-rumpuserxen-amd64 pass test-amd64-amd64-xl-qemut-win7-amd64 fail test-amd64-i386-xl-qemut-win7-amd64 fail test-amd64-amd64-xl-qemuu-win7-amd64 fail test-amd64-i386-xl-qemuu-win7-amd64 fail test-armhf-armhf-xl-arndale fail test-amd64-amd64-xl-credit2 pass test-armhf-armhf-xl-credit2 fail test-armhf-armhf-xl-cubietruck fail test-amd64-i386-freebsd10-i386 pass test-amd64-i386-rumpuserxen-i386 fail test-amd64-amd64-xl-pvh-intel fail test-amd64-i386-qemut-rhel6hvm-intel pass test-amd64-i386-qemuu-rhel6hvm-intel pass test-amd64-amd64-libvirt pass test-armhf-armhf-libvirt fail test-amd64-i386-libvirt fail test-amd64-amd64-xl-multivcpu pass test-armhf-armhf-xl-multivcpu fail test-amd64-amd64-pair pass test-amd64-i386-pair pass test-amd64-amd64-libvirt-pair fail test-amd64-i386-libvirt-pair fail test-amd64-amd64-amd64-pvgrub pass test-amd64-amd64-i386-pvgrub pass test-amd64-amd64-pygrub pass test-amd64-amd64-libvirt-qcow2 fail test-armhf-armhf-libvirt-qcow2 fail test-amd64-i386-libvirt-qcow2 fail test-amd64-amd64-xl-qcow2 fail test-armhf-armhf-xl-qcow2 fail test-amd64-i386-xl-qcow2 fail test-amd64-amd64-libvirt-raw pass test-armhf-armhf-libvirt-raw broken test-amd64-i386-libvirt-raw pass test-amd64-amd64-xl-raw pass test-armhf-armhf-xl-raw fail test-amd64-i386-xl-raw pass test-amd64-amd64-xl-rtds pass test-armhf-armhf-xl-rtds fail test-amd64-i386-xl-qemut-winxpsp3-vcpus1 pass test-amd64-i386-xl-qemuu-winxpsp3-vcpus1 pass test-amd64-amd64-libvirt-vhd fail test-armhf-armhf-libvirt-vhd fail test-amd64-i386-libvirt-vhd fail test-amd64-amd64-xl-vhd fail test-armhf-armhf-xl-vhd fail test-amd64-i386-xl-vhd fail test-amd64-amd64-xl-qemut-winxpsp3 pass test-amd64-i386-xl-qemut-winxpsp3 pass test-amd64-amd64-xl-qemuu-winxpsp3 pass test-amd64-i386-xl-qemuu-winxpsp3 pass ------------------------------------------------------------ sg-report-flight on osstest.test-lab.xenproject.org logs: /home/logs/logs images: /home/logs/images Logs, config files, etc. are available at http://logs.test-lab.xenproject.org/osstest/logs Explanation of these reports, and of osstest in general, is at http://xenbits.xen.org/gitweb/?p=osstest.git;a=blob;f=README.email;hb=master http://xenbits.xen.org/gitweb/?p=osstest.git;a=blob;f=README;hb=master Test harness code can be found at http://xenbits.xen.org/gitweb?p=osstest.git;a=summary broken-step test-armhf-armhf-libvirt-raw host-install(3) Not pushing. (No revision log; it would be 2873 lines long.)
_______________________________________________ Xen-devel mailing list Xen-devel@lists.xen.org http://lists.xen.org/xen-devel