flight 62028 qemu-mainline real [real]
http://logs.test-lab.xenproject.org/osstest/logs/62028/

Regressions :-(

Tests which did not succeed and are blocking,
including tests which could not be run:
 test-amd64-amd64-xl-pvh-amd   6 xen-boot                  fail REGR. vs. 61666
 test-amd64-amd64-xl-pvh-intel  6 xen-boot                 fail REGR. vs. 61666
 test-armhf-armhf-xl-vhd       6 xen-boot                  fail REGR. vs. 61666
 test-armhf-armhf-xl-raw       6 xen-boot                  fail REGR. vs. 61666
 test-amd64-amd64-xl           6 xen-boot                  fail REGR. vs. 61666
 test-amd64-amd64-xl-xsm       6 xen-boot                  fail REGR. vs. 61666
 test-armhf-armhf-xl-arndale   6 xen-boot                  fail REGR. vs. 61666
 test-amd64-i386-xl            6 xen-boot                  fail REGR. vs. 61666
 test-amd64-i386-xl-xsm        6 xen-boot                  fail REGR. vs. 61666
 test-amd64-amd64-pair        10 xen-boot/dst_host         fail REGR. vs. 61666
 test-amd64-amd64-pair         9 xen-boot/src_host         fail REGR. vs. 61666
 test-amd64-amd64-i386-pvgrub  6 xen-boot                  fail REGR. vs. 61666
 test-amd64-amd64-xl-multivcpu  6 xen-boot                 fail REGR. vs. 61666
 test-amd64-i386-pair         10 xen-boot/dst_host         fail REGR. vs. 61666
 test-amd64-i386-pair          9 xen-boot/src_host         fail REGR. vs. 61666
 test-armhf-armhf-xl-multivcpu  6 xen-boot                 fail REGR. vs. 61666
 test-amd64-amd64-pygrub       6 xen-boot                  fail REGR. vs. 61666
 test-amd64-amd64-xl-credit2   6 xen-boot                  fail REGR. vs. 61666
 test-amd64-i386-qemuu-rhel6hvm-intel  6 xen-boot          fail REGR. vs. 61666
 test-amd64-amd64-amd64-pvgrub  6 xen-boot                 fail REGR. vs. 61666
 test-amd64-amd64-xl-qcow2     6 xen-boot                  fail REGR. vs. 61666
 test-amd64-amd64-xl-qemuu-ovmf-amd64  6 xen-boot          fail REGR. vs. 61666
 test-amd64-amd64-xl-qemuu-debianhvm-amd64-xsm  6 xen-boot fail REGR. vs. 61666
 test-amd64-i386-xl-qcow2      6 xen-boot                  fail REGR. vs. 61666
 test-armhf-armhf-xl-credit2   6 xen-boot                  fail REGR. vs. 61666
 test-armhf-armhf-xl-cubietruck  6 xen-boot                fail REGR. vs. 61666
 test-armhf-armhf-xl           6 xen-boot                  fail REGR. vs. 61666
 test-amd64-i386-qemuu-rhel6hvm-amd  6 xen-boot            fail REGR. vs. 61666
 test-amd64-i386-xl-raw        6 xen-boot                  fail REGR. vs. 61666
 test-amd64-i386-freebsd10-amd64  6 xen-boot               fail REGR. vs. 61666
 test-amd64-amd64-xl-raw       6 xen-boot                  fail REGR. vs. 61666
 test-amd64-i386-xl-qemuu-debianhvm-amd64-xsm  6 xen-boot  fail REGR. vs. 61666
 test-armhf-armhf-xl-xsm       6 xen-boot                  fail REGR. vs. 61666
 test-amd64-amd64-xl-qemuu-debianhvm-amd64  6 xen-boot     fail REGR. vs. 61666
 test-armhf-armhf-xl-qcow2     6 xen-boot                  fail REGR. vs. 61666
 test-amd64-i386-xl-qemuu-win7-amd64  6 xen-boot           fail REGR. vs. 61666
 test-amd64-i386-freebsd10-i386  6 xen-boot                fail REGR. vs. 61666
 test-amd64-amd64-xl-qemuu-win7-amd64  6 xen-boot          fail REGR. vs. 61666
 test-amd64-amd64-xl-vhd       6 xen-boot                  fail REGR. vs. 61666
 test-amd64-i386-xl-vhd        6 xen-boot                  fail REGR. vs. 61666
 test-amd64-i386-xl-qemuu-debianhvm-amd64  6 xen-boot      fail REGR. vs. 61666
 test-amd64-i386-xl-qemuu-winxpsp3-vcpus1  6 xen-boot      fail REGR. vs. 61666
 test-amd64-i386-xl-qemuu-ovmf-amd64  6 xen-boot           fail REGR. vs. 61666
 test-amd64-i386-xl-qemuu-winxpsp3  6 xen-boot             fail REGR. vs. 61666
 test-amd64-amd64-xl-qemuu-winxpsp3  6 xen-boot            fail REGR. vs. 61666

Regressions which are regarded as allowable (not blocking):
 test-armhf-armhf-libvirt-raw  6 xen-boot                  fail REGR. vs. 61666
 test-armhf-armhf-libvirt      6 xen-boot                  fail REGR. vs. 61666
 test-armhf-armhf-libvirt-xsm  6 xen-boot                  fail REGR. vs. 61666
 test-amd64-i386-libvirt-pair 10 xen-boot/dst_host         fail REGR. vs. 61666
 test-amd64-i386-libvirt-pair  9 xen-boot/src_host         fail REGR. vs. 61666
 test-amd64-amd64-libvirt-pair 10 xen-boot/dst_host        fail REGR. vs. 61666
 test-amd64-amd64-libvirt-pair  9 xen-boot/src_host        fail REGR. vs. 61666
 test-amd64-i386-libvirt       6 xen-boot                  fail REGR. vs. 61666
 test-amd64-amd64-libvirt-xsm  6 xen-boot                  fail REGR. vs. 61666
 test-amd64-i386-libvirt-xsm   6 xen-boot                  fail REGR. vs. 61666
 test-armhf-armhf-xl-rtds      6 xen-boot                  fail REGR. vs. 61666
 test-amd64-i386-libvirt-qcow2  6 xen-boot                 fail REGR. vs. 61666
 test-amd64-amd64-libvirt-qemuu-debianhvm-amd64-xsm 6 xen-boot fail REGR. vs. 
61666
 test-amd64-amd64-libvirt-raw  6 xen-boot                  fail REGR. vs. 61666
 test-amd64-i386-libvirt-qemuu-debianhvm-amd64-xsm 6 xen-boot fail REGR. vs. 
61666
 test-amd64-amd64-libvirt      6 xen-boot                  fail REGR. vs. 61666
 test-amd64-i386-libvirt-raw   6 xen-boot                  fail REGR. vs. 61666
 test-amd64-amd64-libvirt-qcow2  6 xen-boot                fail REGR. vs. 61666
 test-amd64-amd64-xl-rtds      6 xen-boot                  fail REGR. vs. 61666
 test-amd64-i386-libvirt-vhd   6 xen-boot                  fail REGR. vs. 61666
 test-amd64-amd64-libvirt-vhd  6 xen-boot                  fail REGR. vs. 61666
 test-armhf-armhf-libvirt-qcow2  6 xen-boot               fail blocked in 61666
 test-armhf-armhf-libvirt-vhd  6 xen-boot                     fail   like 61666

version targeted for testing:
 qemuu                2752e5bedb26fa0c7291f810f9f534b688b2f1d2
baseline version:
 qemuu                fc04a730b7e60f4a62d6260d4eb9c537d1d3643f

Last test of basis    61666  2015-09-09 03:07:40 Z    8 days
Failing since         61767  2015-09-10 17:49:38 Z    6 days    3 attempts
Testing same since    62028  2015-09-15 08:02:37 Z    2 days    1 attempts

------------------------------------------------------------
People who touched revisions under test:
  Alexandre Derumier <aderum...@odiso.com>
  Alistair Francis <alistair.fran...@xilinx.com>
  Andrey Korolyov <and...@xdel.ru>
  Andrey Smetanin <asmeta...@virtuozzo.com>
  Aníbal Limón <anibal.li...@linux.intel.com>
  Aurelien Jarno <aurel...@aurel32.net>
  Benjamin Herrenschmidt <b...@kernel.crashing.org>
  Carlos L. Torres <carlos.tor...@rackspace.com>
  Cornelia Huck <cornelia.h...@de.ibm.com>
  Daniel P. Berrange <berra...@redhat.com>
  Denis V. Lunev <d...@openvz.org>
  Don Slutz <dsl...@verizon.com>
  Dr. David Alan Gilbert <dgilb...@redhat.com>
  Edgar E. Iglesias <edgar.igles...@xilinx.com>
  Eduardo Habkost <ehabk...@redhat.com>
  Emilio G. Cota <c...@braap.org>
  Fam Zheng <f...@redhat.com>
  Gerd Hoffmann <kra...@redhat.com>
  Gonglei <arei.gong...@huawei.com>
  Guenter Roeck <li...@roeck-us.net>
  Igor Mammedov <imamm...@redhat.com>
  Jan Beulich <jbeul...@suse.com>
  Jean-Christophe Dubois <j...@tribudubois.net>
  John Snow <js...@redhat.com>
  KONRAD Frederic <fred.kon...@greensocs.com>
  Konrad Rzeszutek Wilk <konrad.w...@oracle.com>
  Kővágó, Zoltán <dirty.ice...@gmail.com>
  Laszlo Ersek <ler...@redhat.com>
  Laurent Desnogues <laurent.desnog...@gmail.com>
  Laurent Vivier <lviv...@redhat.com>
  Marc-André Lureau <marcandre.lur...@redhat.com>
  Markus Armbruster <arm...@redhat.com>
  Michael Marineau <michael.marin...@coreos.com>
  Michael S. Tsirkin <m...@redhat.com>
  Michael Tokarev <m...@tls.msk.ru>
  Nathan Rossi <nat...@nathanrossi.com>
  Paolo Bonzini <pbonz...@redhat.com>
  Pavel Dovgalyuk <pavel.dovga...@ispras.ru>
  Peter Crosthwaite <crosthwaite.pe...@gmail.com>
  Peter Crosthwaite <crosthwaitepe...@gmail.com>
  Peter Lieven <p...@kamp.de>
  Peter Maydell <peter.mayd...@linaro.org>
  Richard Henderson <r...@twiddle.net>
  Richard W.M. Jones <rjo...@redhat.com>
  Samuel Thibault <samuel.thiba...@ens-lyon.org>
  Samuel Thibault <samuel.thiba...@gnu.org>
  Shannon Zhao <shannon.z...@linaro.org>
  Shannon Zhao <zhaoshengl...@huawei.com>
  Shraddha Barke <shraddha.6...@gmail.com>
  Stefan Weil <s...@weilnetz.de>
  Stefano Stabellini <stefano.stabell...@eu.citrix.com>
  Tiejun Chen <tiejun.c...@intel.com>
  Veres Lajos <vla...@gmail.com>
  Yang Zhang <yang.z.zh...@intel.com>

jobs:
 build-amd64-xsm                                              pass
 build-armhf-xsm                                              pass
 build-i386-xsm                                               pass
 build-amd64                                                  pass
 build-armhf                                                  pass
 build-i386                                                   pass
 build-amd64-libvirt                                          pass
 build-armhf-libvirt                                          pass
 build-i386-libvirt                                           pass
 build-amd64-pvops                                            pass
 build-armhf-pvops                                            pass
 build-i386-pvops                                             pass
 test-amd64-amd64-xl                                          fail
 test-armhf-armhf-xl                                          fail
 test-amd64-i386-xl                                           fail
 test-amd64-amd64-libvirt-qemuu-debianhvm-amd64-xsm           fail
 test-amd64-i386-libvirt-qemuu-debianhvm-amd64-xsm            fail
 test-amd64-amd64-xl-qemuu-debianhvm-amd64-xsm                fail
 test-amd64-i386-xl-qemuu-debianhvm-amd64-xsm                 fail
 test-amd64-amd64-libvirt-xsm                                 fail
 test-armhf-armhf-libvirt-xsm                                 fail
 test-amd64-i386-libvirt-xsm                                  fail
 test-amd64-amd64-xl-xsm                                      fail
 test-armhf-armhf-xl-xsm                                      fail
 test-amd64-i386-xl-xsm                                       fail
 test-amd64-amd64-xl-pvh-amd                                  fail
 test-amd64-i386-qemuu-rhel6hvm-amd                           fail
 test-amd64-amd64-xl-qemuu-debianhvm-amd64                    fail
 test-amd64-i386-xl-qemuu-debianhvm-amd64                     fail
 test-amd64-i386-freebsd10-amd64                              fail
 test-amd64-amd64-xl-qemuu-ovmf-amd64                         fail
 test-amd64-i386-xl-qemuu-ovmf-amd64                          fail
 test-amd64-amd64-xl-qemuu-win7-amd64                         fail
 test-amd64-i386-xl-qemuu-win7-amd64                          fail
 test-armhf-armhf-xl-arndale                                  fail
 test-amd64-amd64-xl-credit2                                  fail
 test-armhf-armhf-xl-credit2                                  fail
 test-armhf-armhf-xl-cubietruck                               fail
 test-amd64-i386-freebsd10-i386                               fail
 test-amd64-amd64-xl-pvh-intel                                fail
 test-amd64-i386-qemuu-rhel6hvm-intel                         fail
 test-amd64-amd64-libvirt                                     fail
 test-armhf-armhf-libvirt                                     fail
 test-amd64-i386-libvirt                                      fail
 test-amd64-amd64-xl-multivcpu                                fail
 test-armhf-armhf-xl-multivcpu                                fail
 test-amd64-amd64-pair                                        fail
 test-amd64-i386-pair                                         fail
 test-amd64-amd64-libvirt-pair                                fail
 test-amd64-i386-libvirt-pair                                 fail
 test-amd64-amd64-amd64-pvgrub                                fail
 test-amd64-amd64-i386-pvgrub                                 fail
 test-amd64-amd64-pygrub                                      fail
 test-amd64-amd64-libvirt-qcow2                               fail
 test-armhf-armhf-libvirt-qcow2                               fail
 test-amd64-i386-libvirt-qcow2                                fail
 test-amd64-amd64-xl-qcow2                                    fail
 test-armhf-armhf-xl-qcow2                                    fail
 test-amd64-i386-xl-qcow2                                     fail
 test-amd64-amd64-libvirt-raw                                 fail
 test-armhf-armhf-libvirt-raw                                 fail
 test-amd64-i386-libvirt-raw                                  fail
 test-amd64-amd64-xl-raw                                      fail
 test-armhf-armhf-xl-raw                                      fail
 test-amd64-i386-xl-raw                                       fail
 test-amd64-amd64-xl-rtds                                     fail
 test-armhf-armhf-xl-rtds                                     fail
 test-amd64-i386-xl-qemuu-winxpsp3-vcpus1                     fail
 test-amd64-amd64-libvirt-vhd                                 fail
 test-armhf-armhf-libvirt-vhd                                 fail
 test-amd64-i386-libvirt-vhd                                  fail
 test-amd64-amd64-xl-vhd                                      fail
 test-armhf-armhf-xl-vhd                                      fail
 test-amd64-i386-xl-vhd                                       fail
 test-amd64-amd64-xl-qemuu-winxpsp3                           fail
 test-amd64-i386-xl-qemuu-winxpsp3                            fail


------------------------------------------------------------
sg-report-flight on osstest.test-lab.xenproject.org
logs: /home/logs/logs
images: /home/logs/images

Logs, config files, etc. are available at
    http://logs.test-lab.xenproject.org/osstest/logs

Explanation of these reports, and of osstest in general, is at
    http://xenbits.xen.org/gitweb/?p=osstest.git;a=blob;f=README.email;hb=master
    http://xenbits.xen.org/gitweb/?p=osstest.git;a=blob;f=README;hb=master

Test harness code can be found at
    http://xenbits.xen.org/gitweb?p=osstest.git;a=summary


Not pushing.

(No revision log; it would be 2714 lines long.)

_______________________________________________
Xen-devel mailing list
Xen-devel@lists.xen.org
http://lists.xen.org/xen-devel

Reply via email to