This run is configured for baseline tests only. flight 37938 xen-unstable real [real] http://osstest.xs.citrite.net/~osstest/testlogs/logs/37938/
Failures :-/ but no regressions. Regressions which are regarded as allowable (not blocking): test-amd64-i386-xl-qemuu-win7-amd64 17 guest-stop fail REGR. vs. 37590 Tests which did not succeed, but are not blocking: test-armhf-armhf-xl-qcow2 9 debian-di-install fail never pass test-armhf-armhf-xl-vhd 9 debian-di-install fail never pass test-armhf-armhf-libvirt-vhd 9 debian-di-install fail never pass test-armhf-armhf-libvirt-qcow2 9 debian-di-install fail never pass test-armhf-armhf-xl-raw 9 debian-di-install fail never pass test-armhf-armhf-libvirt-raw 9 debian-di-install fail never pass test-armhf-armhf-libvirt 14 guest-saverestore fail never pass test-armhf-armhf-libvirt 12 migrate-support-check fail never pass test-amd64-amd64-rumpuserxen-amd64 15 rumpuserxen-demo-xenstorels/xenstorels.repeat fail never pass test-armhf-armhf-libvirt-xsm 12 migrate-support-check fail never pass test-armhf-armhf-libvirt-xsm 14 guest-saverestore fail never pass test-amd64-amd64-xl-pvh-amd 11 guest-start fail never pass test-amd64-amd64-xl-pvh-intel 11 guest-start fail never pass test-amd64-i386-xl-qemut-stubdom-debianhvm-amd64-xsm 9 debian-hvm-install fail never pass test-armhf-armhf-xl 12 migrate-support-check fail never pass test-armhf-armhf-xl 13 saverestore-support-check fail never pass test-armhf-armhf-xl-xsm 13 saverestore-support-check fail never pass test-armhf-armhf-xl-xsm 12 migrate-support-check fail never pass test-armhf-armhf-xl-multivcpu 13 saverestore-support-check fail never pass test-armhf-armhf-xl-multivcpu 12 migrate-support-check fail never pass test-armhf-armhf-xl-midway 13 saverestore-support-check fail never pass test-armhf-armhf-xl-midway 12 migrate-support-check fail never pass test-armhf-armhf-xl-credit2 13 saverestore-support-check fail never pass test-armhf-armhf-xl-credit2 12 migrate-support-check fail never pass test-armhf-armhf-xl-rtds 13 saverestore-support-check fail never pass test-armhf-armhf-xl-rtds 12 migrate-support-check fail never pass test-amd64-i386-libvirt 12 migrate-support-check fail never pass test-amd64-i386-libvirt-xsm 12 migrate-support-check fail never pass test-amd64-amd64-libvirt-xsm 12 migrate-support-check fail never pass test-amd64-i386-libvirt-raw 11 migrate-support-check fail never pass test-amd64-amd64-libvirt 12 migrate-support-check fail never pass test-amd64-amd64-libvirt-pair 21 guest-migrate/src_host/dst_host fail never pass test-amd64-i386-libvirt-pair 21 guest-migrate/src_host/dst_host fail never pass test-amd64-amd64-libvirt-vhd 11 migrate-support-check fail never pass test-amd64-amd64-libvirt-qcow2 11 migrate-support-check fail never pass test-amd64-i386-libvirt-qcow2 11 migrate-support-check fail never pass test-amd64-amd64-libvirt-raw 11 migrate-support-check fail never pass test-amd64-i386-libvirt-vhd 11 migrate-support-check fail never pass test-amd64-i386-libvirt-qemuu-debianhvm-amd64-xsm 10 migrate-support-check fail never pass test-amd64-amd64-libvirt-qemuu-debianhvm-amd64-xsm 10 migrate-support-check fail never pass test-amd64-amd64-xl-qemuu-win7-amd64 17 guest-stop fail never pass test-amd64-amd64-xl-qemut-win7-amd64 17 guest-stop fail never pass test-amd64-i386-xl-qemut-win7-amd64 17 guest-stop fail never pass version targeted for testing: xen a7b39c8bd6cba3fe1c8012987b9e28bdbac7e92d baseline version: xen e13013dbf1d5997915548a3b5f1c39594d8c1d7b Last test of basis 37590 2015-05-26 15:29:41 Z 113 days Testing same since 37938 2015-09-15 16:29:30 Z 1 days 1 attempts ------------------------------------------------------------ People who touched revisions under test: Alan Robinson <alan.robin...@ts.fujitsu.com> Andres Lagar-Cavilla <and...@lagarcavilla.org> Andrew Cooper <andrew.coop...@citrix.com> Andrew Cooper <andrew.coop...@citrix.com> for the x86 bits. Anshul Makkar <anshul.mak...@citrix.com> Anthony PERARD <anthony.per...@citrix.com> Aravind Gopalakrishnan <aravind.gopalakrish...@amd.com> Ard Biesheuvel <a...@linaro.org> Ben Catterall <ben.catter...@citrix.com> Boris Ostrovsky <boris.ostrov...@oracle.com> Chao Peng <chao.p.p...@linux.intel.com> Charles Arnold <carn...@suse.com> Chen Baozi <baoz...@gmail.com> Chris (Christopher) Brand <chris.br...@broadcom.com> Chris Brand <chris.br...@broadcom.com> Daniel De Graaf <dgde...@tycho.nsa.gov> Daniel Kiper <daniel.ki...@oracle.com> Dario Faggioli <dario.faggi...@citrix.com> Dave Scott <dave.sc...@eu.citrix.com> David Scott <dave.sc...@citrix.com> David Scott <dave.sc...@eu.citrix.com> David Scott <d...@recoil.org> David Vrabel <david.vra...@citrix.com> Dietmar Hahn <dietmar.h...@ts.fujitsu.com> Don Dugger <donald.d.dug...@intel.com> Don Slutz <dsl...@verizon.com> Doug Goldstein <car...@cardoe.com> Ed White <edmund.h.wh...@intel.com> Elena Ufimtseva <elena.ufimts...@oracle.com> Eric Shelton <eshel...@pobox.com> Euan Harris <euan.har...@citrix.com> Fabio Fantoni <fabio.fant...@m2r.biz> Feng Wu <feng...@intel.com> George Dunlap <george.dun...@citrix.com> George Dunlap <george.dun...@eu.citrix.com> Huaitong Han <huaitong....@intel.com> Ian Campbell <ian,campb...@citrix.com> Ian Campbell <ian.campb...@citrix.com> Ian Jackson <ian.jack...@eu.citrix.com> Jan Beulich <jbeul...@suse.com> Jean Delvare <jdelv...@suse.de> Jen Beulich <jbeul...@suse.com> Jennifer Herbert <jennifer.herb...@citrix.com> Jim Fehlig <jfeh...@suse.com> Jonathan Creekmore <jonathan.creekm...@gmail.com> Juergen Gross <jgr...@suse.com> Julien Grall <julien.gr...@citrix.com> Julien Grall <julien.gr...@citrix.com> (ARM) Julien Grall <julien.gr...@linaro.org> Jun Nakajima <jun.nakaj...@intel.com> Kevin Tian <kevin.t...@intel.com> Konrad Rzeszutek Wilk <konrad.w...@oracle.com> Len Brown <len.br...@intel.com> Liang Li <liang.z...@intel.com> Malcolm Crossley <malcolm.cross...@citrix.com> Martin Lucina <mar...@lucina.net> Olaf Hering <o...@aepfle.de> Paul Durrant <paul.durr...@citrix.com> Pranavkumar Sawargaonkar <pranavku...@linaro.org> Ravi Sahita <ravi.sah...@intel.com> Razvan Cojocaru <rcojoc...@bitdefender.com> Rob Hoes <rob.h...@citrix.com> Roger Pau Monne <roger....@citrix.com> Roger Pau Monné <roger....@citrix.com> Ross Lagerwall <ross.lagerw...@citrix.com> Samuel Thibault <samuel.thiba...@ens-lyon.org> Sander Eikelenboom <li...@eikelenboom.it> Shameerali Kolothum Thodi <shameerali.kolothum.th...@huawei.com> Tamas K Lengyel <ta...@tklengyel.com> Tamas K Lengyel <tkleng...@sec.in.tum.de> Tamas K Lengyel <tleng...@novetta.com> Thomas Leonard <tal...@gmail.com> Tiejun Chen <tiejun.c...@intel.com> Tim Deegan <t...@xen.org> Ting-Wei Lan <lant...@gmail.com> Vijaya Kumar K <vijaya.ku...@caviumnetworks.com> Vitaly Kuznetsov <vkuzn...@redhat.com> Wei Liu <wei.l...@citrix.com> Wei Liu <wei.l...@citrix.com> [release + toolstack] Wei Wang <wei.w.w...@intel.com> Wen Congyang <we...@cn.fujitsu.com> Yang Hongyang <yan...@cn.fujitsu.com> Yang Zhang <yang.z.zh...@intel.com> Zhigang Wang <zhigang.x.w...@oracle.com> jobs: build-amd64-xsm pass build-armhf-xsm pass build-i386-xsm pass build-amd64 pass build-armhf pass build-i386 pass build-amd64-libvirt pass build-armhf-libvirt pass build-i386-libvirt pass build-amd64-oldkern pass build-i386-oldkern pass build-amd64-prev pass build-i386-prev pass build-amd64-pvops pass build-armhf-pvops pass build-i386-pvops pass build-amd64-rumpuserxen pass build-i386-rumpuserxen pass test-amd64-amd64-xl pass test-armhf-armhf-xl pass test-amd64-i386-xl pass test-amd64-amd64-xl-qemut-debianhvm-amd64-xsm pass test-amd64-i386-xl-qemut-debianhvm-amd64-xsm pass test-amd64-amd64-libvirt-qemuu-debianhvm-amd64-xsm pass test-amd64-i386-libvirt-qemuu-debianhvm-amd64-xsm pass test-amd64-amd64-xl-qemuu-debianhvm-amd64-xsm pass test-amd64-i386-xl-qemuu-debianhvm-amd64-xsm pass test-amd64-amd64-xl-qemut-stubdom-debianhvm-amd64-xsm pass test-amd64-i386-xl-qemut-stubdom-debianhvm-amd64-xsm fail test-amd64-amd64-libvirt-xsm pass test-armhf-armhf-libvirt-xsm fail test-amd64-i386-libvirt-xsm pass test-amd64-amd64-xl-xsm pass test-armhf-armhf-xl-xsm pass test-amd64-i386-xl-xsm pass test-amd64-amd64-xl-pvh-amd fail test-amd64-i386-qemut-rhel6hvm-amd pass test-amd64-i386-qemuu-rhel6hvm-amd pass test-amd64-amd64-xl-qemut-debianhvm-amd64 pass test-amd64-i386-xl-qemut-debianhvm-amd64 pass test-amd64-amd64-xl-qemuu-debianhvm-amd64 pass test-amd64-i386-xl-qemuu-debianhvm-amd64 pass test-amd64-i386-freebsd10-amd64 pass test-amd64-amd64-xl-qemuu-ovmf-amd64 pass test-amd64-i386-xl-qemuu-ovmf-amd64 pass test-amd64-amd64-rumpuserxen-amd64 fail test-amd64-amd64-xl-qemut-win7-amd64 fail test-amd64-i386-xl-qemut-win7-amd64 fail test-amd64-amd64-xl-qemuu-win7-amd64 fail test-amd64-i386-xl-qemuu-win7-amd64 fail test-amd64-amd64-xl-credit2 pass test-armhf-armhf-xl-credit2 pass test-amd64-i386-freebsd10-i386 pass test-amd64-i386-rumpuserxen-i386 pass test-amd64-amd64-xl-pvh-intel fail test-amd64-i386-qemut-rhel6hvm-intel pass test-amd64-i386-qemuu-rhel6hvm-intel pass test-amd64-amd64-libvirt pass test-armhf-armhf-libvirt fail test-amd64-i386-libvirt pass test-armhf-armhf-xl-midway pass test-amd64-amd64-migrupgrade pass test-amd64-i386-migrupgrade pass test-amd64-amd64-xl-multivcpu pass test-armhf-armhf-xl-multivcpu pass test-amd64-amd64-pair pass test-amd64-i386-pair pass test-amd64-amd64-libvirt-pair fail test-amd64-i386-libvirt-pair fail test-amd64-amd64-amd64-pvgrub pass test-amd64-amd64-i386-pvgrub pass test-amd64-amd64-pygrub pass test-amd64-amd64-libvirt-qcow2 pass test-armhf-armhf-libvirt-qcow2 fail test-amd64-i386-libvirt-qcow2 pass test-amd64-amd64-xl-qcow2 pass test-armhf-armhf-xl-qcow2 fail test-amd64-i386-xl-qcow2 pass test-amd64-amd64-libvirt-raw pass test-armhf-armhf-libvirt-raw fail test-amd64-i386-libvirt-raw pass test-amd64-amd64-xl-raw pass test-armhf-armhf-xl-raw fail test-amd64-i386-xl-raw pass test-amd64-amd64-xl-rtds pass test-armhf-armhf-xl-rtds pass test-amd64-i386-xl-qemut-winxpsp3-vcpus1 pass test-amd64-i386-xl-qemuu-winxpsp3-vcpus1 pass test-amd64-amd64-libvirt-vhd pass test-armhf-armhf-libvirt-vhd fail test-amd64-i386-libvirt-vhd pass test-amd64-amd64-xl-vhd pass test-armhf-armhf-xl-vhd fail test-amd64-i386-xl-vhd pass test-amd64-amd64-xl-qemut-winxpsp3 pass test-amd64-i386-xl-qemut-winxpsp3 pass test-amd64-amd64-xl-qemuu-winxpsp3 pass test-amd64-i386-xl-qemuu-winxpsp3 pass ------------------------------------------------------------ sg-report-flight on osstest.xs.citrite.net logs: /home/osstest/logs images: /home/osstest/images Logs, config files, etc. are available at http://osstest.xs.citrite.net/~osstest/testlogs/logs Test harness code can be found at http://xenbits.xensource.com/gitweb?p=osstest.git;a=summary Push not applicable. (No revision log; it would be 12849 lines long.)
_______________________________________________ Xen-devel mailing list Xen-devel@lists.xen.org http://lists.xen.org/xen-devel