This run is configured for baseline tests only. flight 37940 xen-4.5-testing real [real] http://osstest.xs.citrite.net/~osstest/testlogs/logs/37940/
Regressions :-( Tests which did not succeed and are blocking, including tests which could not be run: test-amd64-amd64-xl-qemuu-winxpsp3 16 guest-localmigrate/x10 fail REGR. vs. 36775 Regressions which are regarded as allowable (not blocking): test-amd64-i386-rumpuserxen-i386 15 rumpuserxen-demo-xenstorels/xenstorels.repeat fail REGR. vs. 36775 test-amd64-i386-xl-qemuu-winxpsp3 13 guest-localmigrate fail REGR. vs. 36775 Tests which did not succeed, but are not blocking: test-amd64-amd64-migrupgrade 1 build-check(1) blocked n/a test-amd64-i386-migrupgrade 1 build-check(1) blocked n/a build-i386-prev 5 xen-build fail never pass test-armhf-armhf-libvirt-vhd 9 debian-di-install fail never pass test-armhf-armhf-libvirt-qcow2 9 debian-di-install fail never pass test-armhf-armhf-xl-qcow2 9 debian-di-install fail never pass build-amd64-prev 5 xen-build fail never pass test-armhf-armhf-xl-raw 9 debian-di-install fail never pass test-armhf-armhf-libvirt-raw 9 debian-di-install fail never pass test-amd64-amd64-xl-pvh-intel 11 guest-start fail never pass test-armhf-armhf-xl-vhd 9 debian-di-install fail never pass test-armhf-armhf-libvirt 14 guest-saverestore fail never pass test-armhf-armhf-libvirt 12 migrate-support-check fail never pass test-amd64-amd64-rumpuserxen-amd64 15 rumpuserxen-demo-xenstorels/xenstorels.repeat fail never pass test-amd64-amd64-xl-pvh-amd 11 guest-start fail never pass test-armhf-armhf-xl 12 migrate-support-check fail never pass test-armhf-armhf-xl 13 saverestore-support-check fail never pass test-armhf-armhf-xl 16 guest-start/debian.repeat fail never pass test-armhf-armhf-xl-credit2 13 saverestore-support-check fail never pass test-armhf-armhf-xl-credit2 12 migrate-support-check fail never pass test-armhf-armhf-xl-multivcpu 13 saverestore-support-check fail never pass test-armhf-armhf-xl-multivcpu 12 migrate-support-check fail never pass test-armhf-armhf-xl-midway 13 saverestore-support-check fail never pass test-armhf-armhf-xl-midway 12 migrate-support-check fail never pass test-amd64-i386-libvirt 12 migrate-support-check fail never pass test-armhf-armhf-xl-rtds 13 saverestore-support-check fail never pass test-armhf-armhf-xl-rtds 12 migrate-support-check fail never pass test-amd64-i386-libvirt-qcow2 11 migrate-support-check fail never pass test-amd64-amd64-libvirt 12 migrate-support-check fail never pass test-amd64-amd64-libvirt-qcow2 11 migrate-support-check fail never pass test-amd64-i386-libvirt-vhd 11 migrate-support-check fail never pass test-amd64-i386-libvirt-raw 11 migrate-support-check fail never pass test-amd64-amd64-libvirt-raw 11 migrate-support-check fail never pass test-amd64-amd64-xl-qemuu-win7-amd64 17 guest-stop fail never pass test-amd64-amd64-libvirt-vhd 11 migrate-support-check fail never pass test-amd64-i386-xl-qemuu-win7-amd64 17 guest-stop fail never pass test-amd64-amd64-xl-qemut-win7-amd64 17 guest-stop fail never pass test-amd64-i386-xl-qemut-win7-amd64 17 guest-stop fail never pass version targeted for testing: xen ef89dc8c00087c8c1819e60bdad5527db70425e1 baseline version: xen 7fe1c1b28581686aca42361d4fee740c643dde1b Last test of basis 36775 2015-03-26 07:37:59 Z 174 days Testing same since 37940 2015-09-15 16:29:08 Z 1 days 1 attempts ------------------------------------------------------------ People who touched revisions under test: Alan Robinson <alan.robin...@ts.fujitsu.com> Andrew Cooper <andrew.coop...@citrix.com> Dario Faggioli <dario.faggi...@citrix.com> David Scott <dave.sc...@citrix.com> denys drozdov <denys.droz...@globallogic.com> Dietmar Hahn <dietmar.h...@ts.fujitsu.com> Don Dugger <donald.d.dug...@intel.com> Elena Ufimtseva <elena.ufimts...@oracle.com> Eugene Korenevsky <ekorenev...@gmail.com> George Dunlap <george.dun...@eu.citrix.com> Ian Campbell <ian,campb...@citrix.com> Ian Campbell <ian.campb...@citrix.com> Ian Jackson <ian.jack...@eu.citrix.com> Jan Beulich <jbeul...@suse.com> JeHyeon Yeon <tom.y...@windriver.com> Jim Fehlig <jfeh...@suse.com> Juergen Gross <jgr...@suse.com> Julien Grall <julien.gr...@citrix.com> Julien Grall <julien.gr...@linaro.org> Kevin Tian <kevin.t...@intel.com> Konrad Rzeszutek Wilk <konrad.w...@oracle.com> Liang Li <liang.z...@intel.com> Paul Durrant <paul.durr...@citrix.com> Roger Pau Monné <roger....@citrix.com> Ross Lagerwall <ross.lagerw...@citrix.com> Stefano Stabellini <stefano.stabell...@eu.citrix.com> Suravee Suthikulpanit <suravee.suthikulpa...@amd.com> Tim Deegan <t...@xen.org> Wei Liu <wei.l...@citrix.com> Yang Zhang <yang.z.zh...@intel.com> jobs: build-amd64 pass build-armhf pass build-i386 pass build-amd64-libvirt pass build-armhf-libvirt pass build-i386-libvirt pass build-amd64-prev fail build-i386-prev fail build-amd64-pvops pass build-armhf-pvops pass build-i386-pvops pass build-amd64-rumpuserxen pass build-i386-rumpuserxen pass test-amd64-amd64-xl pass test-armhf-armhf-xl fail test-amd64-i386-xl pass test-amd64-amd64-xl-pvh-amd fail test-amd64-i386-qemut-rhel6hvm-amd pass test-amd64-i386-qemuu-rhel6hvm-amd pass test-amd64-amd64-xl-qemut-debianhvm-amd64 pass test-amd64-i386-xl-qemut-debianhvm-amd64 pass test-amd64-amd64-xl-qemuu-debianhvm-amd64 pass test-amd64-i386-xl-qemuu-debianhvm-amd64 pass test-amd64-i386-freebsd10-amd64 pass test-amd64-amd64-xl-qemuu-ovmf-amd64 pass test-amd64-i386-xl-qemuu-ovmf-amd64 pass test-amd64-amd64-rumpuserxen-amd64 fail test-amd64-amd64-xl-qemut-win7-amd64 fail test-amd64-i386-xl-qemut-win7-amd64 fail test-amd64-amd64-xl-qemuu-win7-amd64 fail test-amd64-i386-xl-qemuu-win7-amd64 fail test-amd64-amd64-xl-credit2 pass test-armhf-armhf-xl-credit2 pass test-amd64-i386-freebsd10-i386 pass test-amd64-i386-rumpuserxen-i386 fail test-amd64-amd64-xl-pvh-intel fail test-amd64-i386-qemut-rhel6hvm-intel pass test-amd64-i386-qemuu-rhel6hvm-intel pass test-amd64-amd64-libvirt pass test-armhf-armhf-libvirt fail test-amd64-i386-libvirt pass test-armhf-armhf-xl-midway pass test-amd64-amd64-migrupgrade blocked test-amd64-i386-migrupgrade blocked test-amd64-amd64-xl-multivcpu pass test-armhf-armhf-xl-multivcpu pass test-amd64-amd64-pair pass test-amd64-i386-pair pass test-amd64-amd64-libvirt-pair pass test-amd64-i386-libvirt-pair pass test-amd64-amd64-amd64-pvgrub pass test-amd64-amd64-i386-pvgrub pass test-amd64-amd64-pygrub pass test-amd64-amd64-libvirt-qcow2 pass test-armhf-armhf-libvirt-qcow2 fail test-amd64-i386-libvirt-qcow2 pass test-amd64-amd64-xl-qcow2 pass test-armhf-armhf-xl-qcow2 fail test-amd64-i386-xl-qcow2 pass test-amd64-amd64-libvirt-raw pass test-armhf-armhf-libvirt-raw fail test-amd64-i386-libvirt-raw pass test-amd64-amd64-xl-raw pass test-armhf-armhf-xl-raw fail test-amd64-i386-xl-raw pass test-amd64-amd64-xl-rtds pass test-armhf-armhf-xl-rtds pass test-amd64-i386-xl-qemut-winxpsp3-vcpus1 pass test-amd64-i386-xl-qemuu-winxpsp3-vcpus1 pass test-amd64-amd64-libvirt-vhd pass test-armhf-armhf-libvirt-vhd fail test-amd64-i386-libvirt-vhd pass test-amd64-amd64-xl-vhd pass test-armhf-armhf-xl-vhd fail test-amd64-i386-xl-vhd pass test-amd64-amd64-xl-qemut-winxpsp3 pass test-amd64-i386-xl-qemut-winxpsp3 pass test-amd64-amd64-xl-qemuu-winxpsp3 fail test-amd64-i386-xl-qemuu-winxpsp3 fail ------------------------------------------------------------ sg-report-flight on osstest.xs.citrite.net logs: /home/osstest/logs images: /home/osstest/images Logs, config files, etc. are available at http://osstest.xs.citrite.net/~osstest/testlogs/logs Test harness code can be found at http://xenbits.xensource.com/gitweb?p=osstest.git;a=summary Push not applicable. (No revision log; it would be 2041 lines long.)
_______________________________________________ Xen-devel mailing list Xen-devel@lists.xen.org http://lists.xen.org/xen-devel