This run is configured for baseline tests only.

flight 37939 xen-4.4-testing real [real]
http://osstest.xs.citrite.net/~osstest/testlogs/logs/37939/

Regressions :-(

Tests which did not succeed and are blocking,
including tests which could not be run:
 test-amd64-amd64-xl-qemuu-winxpsp3 16 guest-localmigrate/x10 fail REGR. vs. 
36776
 test-amd64-amd64-xl-qemuu-win7-amd64 15 guest-localmigrate.2 fail REGR. vs. 
36776

Regressions which are regarded as allowable (not blocking):
 test-amd64-i386-xl-qemuu-winxpsp3-vcpus1 13 guest-localmigrate fail REGR. vs. 
36776

Tests which did not succeed, but are not blocking:
 test-amd64-amd64-rumpuserxen-amd64  1 build-check(1)               blocked n/a
 test-amd64-i386-rumpuserxen-i386  1 build-check(1)               blocked  n/a
 test-amd64-amd64-migrupgrade  1 build-check(1)               blocked  n/a
 test-amd64-i386-migrupgrade   1 build-check(1)               blocked  n/a
 build-amd64-prev              5 xen-build                    fail   never pass
 build-i386-prev               5 xen-build                    fail   never pass
 build-amd64-rumpuserxen       6 xen-build                    fail   never pass
 test-armhf-armhf-libvirt-qcow2  9 debian-di-install            fail never pass
 test-armhf-armhf-libvirt-vhd  9 debian-di-install            fail   never pass
 test-armhf-armhf-xl-qcow2     9 debian-di-install            fail   never pass
 test-armhf-armhf-xl-vhd       9 debian-di-install            fail   never pass
 test-armhf-armhf-xl-raw       9 debian-di-install            fail   never pass
 build-i386-rumpuserxen        6 xen-build                    fail   never pass
 test-armhf-armhf-libvirt-raw  9 debian-di-install            fail   never pass
 test-armhf-armhf-libvirt     11 guest-start                  fail   never pass
 test-amd64-amd64-libvirt-vhd  6 xen-boot                     fail   never pass
 test-armhf-armhf-xl-credit2  13 saverestore-support-check    fail   never pass
 test-armhf-armhf-xl-credit2  12 migrate-support-check        fail   never pass
 test-armhf-armhf-xl-multivcpu 13 saverestore-support-check    fail  never pass
 test-armhf-armhf-xl-multivcpu 12 migrate-support-check        fail  never pass
 test-armhf-armhf-xl          12 migrate-support-check        fail   never pass
 test-armhf-armhf-xl          13 saverestore-support-check    fail   never pass
 test-armhf-armhf-xl-midway   13 saverestore-support-check    fail   never pass
 test-armhf-armhf-xl-midway   12 migrate-support-check        fail   never pass
 test-amd64-i386-libvirt      12 migrate-support-check        fail   never pass
 test-amd64-i386-libvirt-qcow2 11 migrate-support-check        fail  never pass
 test-amd64-amd64-libvirt     12 migrate-support-check        fail   never pass
 test-amd64-amd64-xl-qemut-win7-amd64 17 guest-stop             fail never pass
 test-amd64-i386-xl-qemut-win7-amd64 17 guest-stop              fail never pass
 test-amd64-i386-libvirt-raw  11 migrate-support-check        fail   never pass
 test-amd64-amd64-libvirt-qcow2 11 migrate-support-check        fail never pass
 test-amd64-amd64-libvirt-raw 11 migrate-support-check        fail   never pass
 test-amd64-i386-xend-qemut-winxpsp3 21 leak-check/check        fail never pass
 test-amd64-i386-libvirt-vhd  11 migrate-support-check        fail   never pass
 test-amd64-i386-xl-qemuu-win7-amd64 17 guest-stop              fail never pass

version targeted for testing:
 xen                  3646b134c1673f09c0a239de10b0da4c9265c8e8
baseline version:
 xen                  fc6fe18f1511d4b393057c60a2e6b05ccd963e90

Last test of basis    36776  2015-03-26 08:06:05 Z  174 days
Testing same since    37939  2015-09-15 16:28:34 Z    1 days    1 attempts

------------------------------------------------------------
People who touched revisions under test:
  Alan Robinson <alan.robin...@ts.fujitsu.com>
  Andrew Cooper <andrew.coop...@citrix.com>
  Dario Faggioli <dario.faggi...@citrix.com>
  David Scott <dave.sc...@citrix.com>
  denys drozdov <denys.droz...@globallogic.com>
  Dietmar Hahn <dietmar.h...@ts.fujitsu.com>
  Don Dugger <donald.d.dug...@intel.com>
  Elena Ufimtseva <elena.ufimts...@oracle.com>
  Eugene Korenevsky <ekorenev...@gmail.com>
  George Dunlap <george.dun...@eu.citrix.com>
  Ian Campbell <ian,campb...@citrix.com>
  Ian Campbell <ian.campb...@citrix.com>
  Ian Jackson <ian.jack...@eu.citrix.com>
  Jan Beulich <jbeul...@suse.com>
  JeHyeon Yeon <tom.y...@windriver.com>
  Jim Fehlig <jfeh...@suse.com>
  Juergen Gross <jgr...@suse.com>
  Kevin Tian <kevin.t...@intel.com>
  Konrad Rzeszutek Wilk <konrad.w...@oracle.com>
  Liang Li <liang.z...@intel.com>
  Roger Pau Monné <roger....@citrix.com>
  Ross Lagerwall <ross.lagerw...@citrix.com>
  Stefano Stabellini <stefano.stabell...@eu.citrix.com>
  Suravee Suthikulpanit <suravee.suthikulpa...@amd.com>
  Tim Deegan <t...@xen.org>
  Wei Liu <wei.l...@citrix.com>
  Yang Zhang <yang.z.zh...@intel.com>

jobs:
 build-amd64-xend                                             pass
 build-i386-xend                                              pass
 build-amd64                                                  pass
 build-armhf                                                  pass
 build-i386                                                   pass
 build-amd64-libvirt                                          pass
 build-armhf-libvirt                                          pass
 build-i386-libvirt                                           pass
 build-amd64-prev                                             fail
 build-i386-prev                                              fail
 build-amd64-pvops                                            pass
 build-armhf-pvops                                            pass
 build-i386-pvops                                             pass
 build-amd64-rumpuserxen                                      fail
 build-i386-rumpuserxen                                       fail
 test-amd64-amd64-xl                                          pass
 test-armhf-armhf-xl                                          pass
 test-amd64-i386-xl                                           pass
 test-amd64-i386-qemut-rhel6hvm-amd                           pass
 test-amd64-i386-qemuu-rhel6hvm-amd                           pass
 test-amd64-amd64-xl-qemut-debianhvm-amd64                    pass
 test-amd64-i386-xl-qemut-debianhvm-amd64                     pass
 test-amd64-amd64-xl-qemuu-debianhvm-amd64                    pass
 test-amd64-i386-xl-qemuu-debianhvm-amd64                     pass
 test-amd64-i386-freebsd10-amd64                              pass
 test-amd64-amd64-xl-qemuu-ovmf-amd64                         pass
 test-amd64-i386-xl-qemuu-ovmf-amd64                          pass
 test-amd64-amd64-rumpuserxen-amd64                           blocked
 test-amd64-amd64-xl-qemut-win7-amd64                         fail
 test-amd64-i386-xl-qemut-win7-amd64                          fail
 test-amd64-amd64-xl-qemuu-win7-amd64                         fail
 test-amd64-i386-xl-qemuu-win7-amd64                          fail
 test-amd64-amd64-xl-credit2                                  pass
 test-armhf-armhf-xl-credit2                                  pass
 test-amd64-i386-freebsd10-i386                               pass
 test-amd64-i386-rumpuserxen-i386                             blocked
 test-amd64-i386-qemut-rhel6hvm-intel                         pass
 test-amd64-i386-qemuu-rhel6hvm-intel                         pass
 test-amd64-amd64-libvirt                                     pass
 test-armhf-armhf-libvirt                                     fail
 test-amd64-i386-libvirt                                      pass
 test-armhf-armhf-xl-midway                                   pass
 test-amd64-amd64-migrupgrade                                 blocked
 test-amd64-i386-migrupgrade                                  blocked
 test-amd64-amd64-xl-multivcpu                                pass
 test-armhf-armhf-xl-multivcpu                                pass
 test-amd64-amd64-pair                                        pass
 test-amd64-i386-pair                                         pass
 test-amd64-amd64-libvirt-pair                                pass
 test-amd64-i386-libvirt-pair                                 pass
 test-amd64-amd64-pv                                          pass
 test-amd64-i386-pv                                           pass
 test-amd64-amd64-amd64-pvgrub                                pass
 test-amd64-amd64-i386-pvgrub                                 pass
 test-amd64-amd64-pygrub                                      pass
 test-amd64-amd64-libvirt-qcow2                               pass
 test-armhf-armhf-libvirt-qcow2                               fail
 test-amd64-i386-libvirt-qcow2                                pass
 test-amd64-amd64-xl-qcow2                                    pass
 test-armhf-armhf-xl-qcow2                                    fail
 test-amd64-i386-xl-qcow2                                     pass
 test-amd64-amd64-libvirt-raw                                 pass
 test-armhf-armhf-libvirt-raw                                 fail
 test-amd64-i386-libvirt-raw                                  pass
 test-amd64-amd64-xl-raw                                      pass
 test-armhf-armhf-xl-raw                                      fail
 test-amd64-i386-xl-raw                                       pass
 test-amd64-i386-xl-qemut-winxpsp3-vcpus1                     pass
 test-amd64-i386-xl-qemuu-winxpsp3-vcpus1                     fail
 test-amd64-amd64-libvirt-vhd                                 fail
 test-armhf-armhf-libvirt-vhd                                 fail
 test-amd64-i386-libvirt-vhd                                  pass
 test-amd64-amd64-xl-vhd                                      pass
 test-armhf-armhf-xl-vhd                                      fail
 test-amd64-i386-xl-vhd                                       pass
 test-amd64-i386-xend-qemut-winxpsp3                          fail
 test-amd64-amd64-xl-qemut-winxpsp3                           pass
 test-amd64-amd64-xl-qemuu-winxpsp3                           fail


------------------------------------------------------------
sg-report-flight on osstest.xs.citrite.net
logs: /home/osstest/logs
images: /home/osstest/images

Logs, config files, etc. are available at
    http://osstest.xs.citrite.net/~osstest/testlogs/logs

Test harness code can be found at
    http://xenbits.xensource.com/gitweb?p=osstest.git;a=summary


Push not applicable.

(No revision log; it would be 1621 lines long.)

_______________________________________________
Xen-devel mailing list
Xen-devel@lists.xen.org
http://lists.xen.org/xen-devel

Reply via email to