flight 61947 linux-4.1 real [real]
http://logs.test-lab.xenproject.org/osstest/logs/61947/

Regressions :-(

Tests which did not succeed and are blocking,
including tests which could not be run:
 test-armhf-armhf-xl-credit2  16 guest-start/debian.repeat fail REGR. vs. 60785

Regressions which are regarded as allowable (not blocking):
 test-amd64-amd64-xl-qemut-stubdom-debianhvm-amd64-xsm 13 guest-localmigrate 
fail like 60785
 test-armhf-armhf-xl-rtds     11 guest-start                  fail   like 60785
 test-amd64-i386-xl-qemut-stubdom-debianhvm-amd64-xsm 15 guest-localmigrate.2 
fail like 60785
 test-amd64-amd64-xl-qemut-win7-amd64 17 guest-stop             fail like 60785
 test-amd64-amd64-xl-qemuu-win7-amd64 17 guest-stop             fail like 60785

Tests which did not succeed, but are not blocking:
 test-amd64-amd64-xl-pvh-intel 14 guest-saverestore            fail  never pass
 test-armhf-armhf-xl-qcow2     9 debian-di-install            fail   never pass
 test-armhf-armhf-libvirt-qcow2  9 debian-di-install            fail never pass
 test-armhf-armhf-libvirt-vhd  9 debian-di-install            fail   never pass
 test-armhf-armhf-xl-vhd       9 debian-di-install            fail   never pass
 test-armhf-armhf-xl-raw       9 debian-di-install            fail   never pass
 test-amd64-amd64-xl-pvh-amd  11 guest-start                  fail   never pass
 test-armhf-armhf-libvirt-raw  9 debian-di-install            fail   never pass
 test-armhf-armhf-libvirt-xsm 12 migrate-support-check        fail   never pass
 test-armhf-armhf-libvirt-xsm 14 guest-saverestore            fail   never pass
 test-armhf-armhf-libvirt     14 guest-saverestore            fail   never pass
 test-armhf-armhf-libvirt     12 migrate-support-check        fail   never pass
 test-amd64-amd64-libvirt-xsm 12 migrate-support-check        fail   never pass
 test-amd64-amd64-libvirt-pair 21 guest-migrate/src_host/dst_host fail never 
pass
 test-amd64-amd64-libvirt     12 migrate-support-check        fail   never pass
 test-amd64-i386-libvirt-xsm  12 migrate-support-check        fail   never pass
 test-amd64-i386-libvirt      12 migrate-support-check        fail   never pass
 test-armhf-armhf-xl-xsm      13 saverestore-support-check    fail   never pass
 test-armhf-armhf-xl-xsm      12 migrate-support-check        fail   never pass
 test-amd64-i386-libvirt-pair 21 guest-migrate/src_host/dst_host fail never pass
 test-armhf-armhf-xl          12 migrate-support-check        fail   never pass
 test-armhf-armhf-xl          13 saverestore-support-check    fail   never pass
 test-armhf-armhf-xl-arndale  12 migrate-support-check        fail   never pass
 test-armhf-armhf-xl-arndale  13 saverestore-support-check    fail   never pass
 test-armhf-armhf-xl-multivcpu 13 saverestore-support-check    fail  never pass
 test-armhf-armhf-xl-multivcpu 12 migrate-support-check        fail  never pass
 test-amd64-i386-libvirt-qemuu-debianhvm-amd64-xsm 10 migrate-support-check 
fail never pass
 test-amd64-i386-libvirt-qcow2 11 migrate-support-check        fail  never pass
 test-amd64-amd64-libvirt-qemuu-debianhvm-amd64-xsm 10 migrate-support-check 
fail never pass
 test-amd64-amd64-libvirt-qcow2 11 migrate-support-check        fail never pass
 test-amd64-amd64-libvirt-vhd 11 migrate-support-check        fail   never pass
 test-amd64-amd64-libvirt-raw 11 migrate-support-check        fail   never pass
 test-amd64-i386-libvirt-vhd  11 migrate-support-check        fail   never pass
 test-armhf-armhf-xl-credit2  13 saverestore-support-check    fail   never pass
 test-armhf-armhf-xl-credit2  12 migrate-support-check        fail   never pass
 test-amd64-i386-libvirt-raw  11 migrate-support-check        fail   never pass
 test-armhf-armhf-xl-cubietruck 12 migrate-support-check        fail never pass
 test-armhf-armhf-xl-cubietruck 13 saverestore-support-check    fail never pass
 test-amd64-i386-xl-qemuu-win7-amd64 17 guest-stop              fail never pass
 test-amd64-i386-xl-qemut-win7-amd64 17 guest-stop              fail never pass

version targeted for testing:
 linux                0c5c1f1a4f991ee015da85cce6d2d9f9c9380b4f
baseline version:
 linux                4ff62ca06c0c0b084f585f7a2cfcf832b21d94fc

Last test of basis    60785  2015-08-19 15:45:37 Z   27 days
Testing same since    61947  2015-09-13 16:40:56 Z    2 days    1 attempts

------------------------------------------------------------
People who touched revisions under test:
  Adrien Schildknecht <adrien+...@schischi.me>
  Al Viro <v...@zeniv.linux.org.uk>
  Alan Stern <st...@rowland.harvard.edu>
  Alban Crequy <alban.cre...@gmail.com>
  Alban Crequy <al...@endocode.com>
  Alex Deucher <alexander.deuc...@amd.com>
  Alexei Potashnik <ale...@purestorage.com>
  Andrew Morton <a...@linux-foundation.org>
  Andy Lutomirski <l...@amacapital.net>
  Anil Chintalapati <achin...@cisco.com>
  Bart Van Assche <bart.vanass...@sandisk.com>
  Baruch Siach <bar...@tkos.co.il>
  Ben Hutchings <b...@decadent.org.uk>
  Bjorn Helgaas <bhelg...@google.com>
  Bob Liu <bob....@oracle.com>
  Boris Brezillon <boris.brezil...@free-electrons.com>
  Borislav Petkov <b...@suse.de>
  Brian King <brk...@linux.vnet.ibm.com>
  Charles Keepax <ckee...@opensource.wolfsonmicro.com>
  Chris Wilson <ch...@chris-wilson.co.uk>
  Dan Carpenter <dan.carpen...@oracle.com>
  Dave Airlie <airl...@redhat.com>
  David Henningsson <david.hennings...@canonical.com>
  David Vrabel <david.vra...@citrix.com>
  Dinh Nguyen <dingu...@opensource.altera.com>
  Dmitry Torokhov <dmitry.torok...@gmail.com>
  Emmanuel Grumbach <emmanuel.grumb...@intel.com>
  Florian Fainelli <f.faine...@gmail.com>
  Geert Uytterhoeven <geert+rene...@glider.be>
  Greg Kroah-Hartman <gre...@linuxfoundation.org>
  Grygorii Strashko <grygorii.stras...@ti.com>
  Guenter Roeck <li...@roeck-us.net>
  Guillermo A. Amaral <g...@maral.me>
  Heiko Stuebner <he...@sntech.de>
  Helge Deller <del...@gmx.de>
  Herbert Xu <herb...@gondor.apana.org.au>
  Herton R. Krzesinski <her...@redhat.com>
  Hiral Shah <his...@cisco.com>
  Horia Geant? <horia.gea...@freescale.com>
  Iago López Galeiras <i...@endocode.com>
  Ilan Cohen <ila...@gmail.com>
  Ingo Molnar <mi...@kernel.org>
  James Bottomley <jbottom...@odin.com>
  Jan Stancek <jstan...@redhat.com>
  Jani Nikula <jani.nik...@intel.com>
  Jason A. Donenfeld <ja...@zx2c4.com>
  Jiri Kosina <jkos...@suse.com>
  Jisheng Zhang <jszh...@marvell.com>
  Joe Thornber <e...@redhat.com>
  Johannes Berg <johannes.b...@intel.com>
  John Soni Jose <sony.j...@avagotech.com>
  Julien Grall <julien.gr...@citrix.com>
  Jurgen Kramer <gtmkra...@xs4all.nl>
  Kalle Valo <kv...@codeaurora.org>
  Kishon Vijay Abraham I <kis...@ti.com>
  Konrad Rzeszutek Wilk <konrad.w...@oracle.com>
  Krzysztof Kozlowski <k.kozlow...@samsung.com>
  Larry Finger <larry.fin...@lwfinger.net>
  Lee Jones <lee.jo...@linaro.org>
  Li Zefan <lize...@huawei.com>
  Linus Torvalds <torva...@linux-foundation.org>
  Lucas Stach <l.st...@pengutronix.de>
  Luis Felipe Dominguez Vega <lfdoming...@nauta.cu>
  Manfred Spraul <manf...@colorfullife.com>
  Marc Kleine-Budde <m...@pengutronix.de>
  Marc Zyngier <marc.zyng...@arm.com>
  Mark Brown <broo...@kernel.org>
  Markos Chandras <markos.chand...@imgtec.com>
  Markus Osterhoff <linux-ker...@k-raum.org>
  Martin K. Petersen <martin.peter...@oracle.com>
  Michael Walle <mich...@walle.cc>
  Michal Simek <michal.si...@xilinx.com>
  Mike Looijmans <mike.looijm...@topic.nl>
  Mike Snitzer <snit...@redhat.com>
  Naoya Horiguchi <n-horigu...@ah.jp.nec.com>
  Nathan Lynch <nathan_ly...@mentor.com>
  Nicholas Bellinger <n...@linux-iscsi.org>
  Oliver Hartkopp <socket...@hartkopp.net>
  Peter Zijlstra (Intel) <pet...@infradead.org>
  Peter Zijlstra <pet...@infradead.org>
  Ralf Baechle <r...@linux-mips.org>
  Raphaël Poggi <poggi.r...@gmail.com>
  Richard Weinberger <rich...@nod.at>
  Robert Jarzmik <robert.jarz...@free.fr>
  Roger Pau Monné <roger....@citrix.com>
  Russell King <rmk+ker...@arm.linux.org.uk>
  Sebastian Hesselbarth <sebastian.hesselba...@gmail.com>
  Sesidhar Baddela <sebad...@cisco.com>
  Shannon Zhao <shannon.z...@linaro.org>
  Shawn Guo <shawn....@linaro.org>
  Shawn Guo <shawn...@kernel.org>
  Sivakumar Thulasimani <sivakumar.thulasim...@intel.com>
  Spencer Baugh <sba...@catern.com>
  Stephen Boyd <sb...@codeaurora.org>
  Steven Rostedt <rost...@goodmis.org>
  Takashi Iwai <ti...@suse.de>
  Tejun Heo <t...@kernel.org>
  Thierry Reding <tred...@nvidia.com>
  Thomas Gleixner <t...@linutronix.de>
  Thomas Hellstrom <thellst...@vmware.com>
  Thulasimani,Sivakumar <sivakumar.thulasim...@intel.com>
  Tony Lindgren <t...@atomide.com>
  Vasu Dev <vasu....@intel.com>
  Vincent Bernat <vinc...@bernat.im>
  Vincent Pelletier <plr.vinc...@gmail.com>
  Wanpeng Li <wanpeng...@hotmail.com>
  Wei Xu <xuw...@hisilicon.com>
  Will Deacon <will.dea...@arm.com>
  Woodrow Shen <woodrow.s...@canonical.com>
  Yinghai Lu <ying...@kernel.org>

jobs:
 build-amd64-xsm                                              pass
 build-armhf-xsm                                              pass
 build-i386-xsm                                               pass
 build-amd64                                                  pass
 build-armhf                                                  pass
 build-i386                                                   pass
 build-amd64-libvirt                                          pass
 build-armhf-libvirt                                          pass
 build-i386-libvirt                                           pass
 build-amd64-pvops                                            pass
 build-armhf-pvops                                            pass
 build-i386-pvops                                             pass
 build-amd64-rumpuserxen                                      pass
 build-i386-rumpuserxen                                       pass
 test-amd64-amd64-xl                                          pass
 test-armhf-armhf-xl                                          pass
 test-amd64-i386-xl                                           pass
 test-amd64-amd64-xl-qemut-debianhvm-amd64-xsm                pass
 test-amd64-i386-xl-qemut-debianhvm-amd64-xsm                 pass
 test-amd64-amd64-libvirt-qemuu-debianhvm-amd64-xsm           pass
 test-amd64-i386-libvirt-qemuu-debianhvm-amd64-xsm            pass
 test-amd64-amd64-xl-qemuu-debianhvm-amd64-xsm                pass
 test-amd64-i386-xl-qemuu-debianhvm-amd64-xsm                 pass
 test-amd64-amd64-xl-qemut-stubdom-debianhvm-amd64-xsm        fail
 test-amd64-i386-xl-qemut-stubdom-debianhvm-amd64-xsm         fail
 test-amd64-amd64-libvirt-xsm                                 pass
 test-armhf-armhf-libvirt-xsm                                 fail
 test-amd64-i386-libvirt-xsm                                  pass
 test-amd64-amd64-xl-xsm                                      pass
 test-armhf-armhf-xl-xsm                                      pass
 test-amd64-i386-xl-xsm                                       pass
 test-amd64-amd64-xl-pvh-amd                                  fail
 test-amd64-i386-qemut-rhel6hvm-amd                           pass
 test-amd64-i386-qemuu-rhel6hvm-amd                           pass
 test-amd64-amd64-xl-qemut-debianhvm-amd64                    pass
 test-amd64-i386-xl-qemut-debianhvm-amd64                     pass
 test-amd64-amd64-xl-qemuu-debianhvm-amd64                    pass
 test-amd64-i386-xl-qemuu-debianhvm-amd64                     pass
 test-amd64-i386-freebsd10-amd64                              pass
 test-amd64-amd64-xl-qemuu-ovmf-amd64                         pass
 test-amd64-i386-xl-qemuu-ovmf-amd64                          pass
 test-amd64-amd64-rumpuserxen-amd64                           pass
 test-amd64-amd64-xl-qemut-win7-amd64                         fail
 test-amd64-i386-xl-qemut-win7-amd64                          fail
 test-amd64-amd64-xl-qemuu-win7-amd64                         fail
 test-amd64-i386-xl-qemuu-win7-amd64                          fail
 test-armhf-armhf-xl-arndale                                  pass
 test-amd64-amd64-xl-credit2                                  pass
 test-armhf-armhf-xl-credit2                                  fail
 test-armhf-armhf-xl-cubietruck                               pass
 test-amd64-i386-freebsd10-i386                               pass
 test-amd64-i386-rumpuserxen-i386                             pass
 test-amd64-amd64-xl-pvh-intel                                fail
 test-amd64-i386-qemut-rhel6hvm-intel                         pass
 test-amd64-i386-qemuu-rhel6hvm-intel                         pass
 test-amd64-amd64-libvirt                                     pass
 test-armhf-armhf-libvirt                                     fail
 test-amd64-i386-libvirt                                      pass
 test-amd64-amd64-xl-multivcpu                                pass
 test-armhf-armhf-xl-multivcpu                                pass
 test-amd64-amd64-pair                                        pass
 test-amd64-i386-pair                                         pass
 test-amd64-amd64-libvirt-pair                                fail
 test-amd64-i386-libvirt-pair                                 fail
 test-amd64-amd64-amd64-pvgrub                                pass
 test-amd64-amd64-i386-pvgrub                                 pass
 test-amd64-amd64-pygrub                                      pass
 test-amd64-amd64-libvirt-qcow2                               pass
 test-armhf-armhf-libvirt-qcow2                               fail
 test-amd64-i386-libvirt-qcow2                                pass
 test-amd64-amd64-xl-qcow2                                    pass
 test-armhf-armhf-xl-qcow2                                    fail
 test-amd64-i386-xl-qcow2                                     pass
 test-amd64-amd64-libvirt-raw                                 pass
 test-armhf-armhf-libvirt-raw                                 fail
 test-amd64-i386-libvirt-raw                                  pass
 test-amd64-amd64-xl-raw                                      pass
 test-armhf-armhf-xl-raw                                      fail
 test-amd64-i386-xl-raw                                       pass
 test-amd64-amd64-xl-rtds                                     pass
 test-armhf-armhf-xl-rtds                                     fail
 test-amd64-i386-xl-qemut-winxpsp3-vcpus1                     pass
 test-amd64-i386-xl-qemuu-winxpsp3-vcpus1                     pass
 test-amd64-amd64-libvirt-vhd                                 pass
 test-armhf-armhf-libvirt-vhd                                 fail
 test-amd64-i386-libvirt-vhd                                  pass
 test-amd64-amd64-xl-vhd                                      pass
 test-armhf-armhf-xl-vhd                                      fail
 test-amd64-i386-xl-vhd                                       pass
 test-amd64-amd64-xl-qemut-winxpsp3                           pass
 test-amd64-i386-xl-qemut-winxpsp3                            pass
 test-amd64-amd64-xl-qemuu-winxpsp3                           pass
 test-amd64-i386-xl-qemuu-winxpsp3                            pass


------------------------------------------------------------
sg-report-flight on osstest.test-lab.xenproject.org
logs: /home/logs/logs
images: /home/logs/images

Logs, config files, etc. are available at
    http://logs.test-lab.xenproject.org/osstest/logs

Explanation of these reports, and of osstest in general, is at
    http://xenbits.xen.org/gitweb/?p=osstest.git;a=blob;f=README.email;hb=master
    http://xenbits.xen.org/gitweb/?p=osstest.git;a=blob;f=README;hb=master

Test harness code can be found at
    http://xenbits.xen.org/gitweb?p=osstest.git;a=summary


Not pushing.

(No revision log; it would be 2264 lines long.)

_______________________________________________
Xen-devel mailing list
Xen-devel@lists.xen.org
http://lists.xen.org/xen-devel

Reply via email to