flight 61939 linux-3.16 real [real] http://logs.test-lab.xenproject.org/osstest/logs/61939/
Regressions :-( Tests which did not succeed and are blocking, including tests which could not be run: build-armhf-pvops 4 host-build-prep fail REGR. vs. 60836 Regressions which are regarded as allowable (not blocking): test-amd64-i386-rumpuserxen-i386 15 rumpuserxen-demo-xenstorels/xenstorels.repeat fail REGR. vs. 60836 test-amd64-i386-xl-qemut-stubdom-debianhvm-amd64-xsm 13 guest-localmigrate fail like 60803 test-amd64-amd64-xl-qemut-stubdom-debianhvm-amd64-xsm 13 guest-localmigrate fail like 60803 test-amd64-amd64-xl-credit2 18 guest-localmigrate/x10 fail like 60836 test-amd64-amd64-xl-qemut-win7-amd64 17 guest-stop fail like 60836 Tests which did not succeed, but are not blocking: test-armhf-armhf-xl-vhd 1 build-check(1) blocked n/a test-armhf-armhf-libvirt-qcow2 1 build-check(1) blocked n/a test-armhf-armhf-xl-qcow2 1 build-check(1) blocked n/a test-armhf-armhf-libvirt-vhd 1 build-check(1) blocked n/a test-armhf-armhf-libvirt-raw 1 build-check(1) blocked n/a test-armhf-armhf-xl-raw 1 build-check(1) blocked n/a test-armhf-armhf-libvirt-xsm 1 build-check(1) blocked n/a test-armhf-armhf-libvirt 1 build-check(1) blocked n/a test-armhf-armhf-xl-xsm 1 build-check(1) blocked n/a test-armhf-armhf-xl 1 build-check(1) blocked n/a test-armhf-armhf-xl-rtds 1 build-check(1) blocked n/a test-armhf-armhf-xl-multivcpu 1 build-check(1) blocked n/a test-armhf-armhf-xl-arndale 1 build-check(1) blocked n/a test-armhf-armhf-xl-cubietruck 1 build-check(1) blocked n/a test-armhf-armhf-xl-credit2 1 build-check(1) blocked n/a test-amd64-amd64-xl-pvh-intel 11 guest-start fail never pass test-amd64-amd64-xl-pvh-amd 11 guest-start fail never pass test-amd64-amd64-xl-multivcpu 18 guest-localmigrate/x10 fail never pass test-amd64-amd64-libvirt-pair 21 guest-migrate/src_host/dst_host fail never pass test-amd64-amd64-xl-rtds 18 guest-localmigrate/x10 fail never pass test-amd64-i386-libvirt-xsm 12 migrate-support-check fail never pass test-amd64-i386-libvirt-pair 21 guest-migrate/src_host/dst_host fail never pass test-amd64-amd64-libvirt-xsm 12 migrate-support-check fail never pass test-amd64-i386-libvirt-qemuu-debianhvm-amd64-xsm 10 migrate-support-check fail never pass test-amd64-amd64-libvirt-raw 11 migrate-support-check fail never pass test-amd64-amd64-libvirt-qcow2 11 migrate-support-check fail never pass test-amd64-i386-libvirt-qcow2 11 migrate-support-check fail never pass test-amd64-i386-libvirt-vhd 11 migrate-support-check fail never pass test-amd64-amd64-libvirt-vhd 11 migrate-support-check fail never pass test-amd64-i386-libvirt-raw 11 migrate-support-check fail never pass test-amd64-amd64-libvirt-qemuu-debianhvm-amd64-xsm 10 migrate-support-check fail never pass test-amd64-i386-libvirt 12 migrate-support-check fail never pass test-amd64-amd64-libvirt 12 migrate-support-check fail never pass test-amd64-i386-xl-qemut-win7-amd64 17 guest-stop fail never pass test-amd64-amd64-xl-qemuu-win7-amd64 17 guest-stop fail never pass test-amd64-i386-xl-qemuu-win7-amd64 17 guest-stop fail never pass version targeted for testing: linux 76aee4f56fe6a10b449327f83989474be1d8224c baseline version: linux 72388a1322d01750228f7852c80c7f9547bd63a8 Last test of basis 60836 2015-08-22 23:20:54 Z 23 days Testing same since 61786 2015-09-11 09:43:46 Z 4 days 2 attempts ------------------------------------------------------------ People who touched revisions under test: "Eric W. Biederman" <ebied...@xmission.com> Al Viro <v...@zeniv.linux.org.uk> Alan Stern <st...@rowland.harvard.edu> Alex Deucher <alexander.deuc...@amd.com> Alexander Drozdov <al.droz...@gmail.com> Alexei Potashnik <ale...@purestorage.com> Amanieu d'Antras <aman...@gmail.com> Andrew Morton <a...@linux-foundation.org> Andy Lutomirski <l...@kernel.org> Andy Shevchenko <andriy.shevche...@linux.intel.com> Antonio Quartulli <anto...@meshcoding.com> Ard Biesheuvel <ard.biesheu...@linaro.org> Arkadiusz MiÅkiewicz <ar...@maven.pl> Axel Lin <axel....@ingics.com> Bart Van Assche <bart.vanass...@sandisk.com> Benjamin Randazzo <benja...@randazzo.fr> Bjorn Helgaas <bhelg...@google.com> Bob Liu <bob....@oracle.com> Borislav Petkov <b...@suse.de> Brenden Blanco <bbla...@plumgrid.com> Brian King <brk...@linux.vnet.ibm.com> Catalin Marinas <catalin.mari...@arm.com> Chad Dupuis <chad.dup...@qlogic.com> Charles Keepax <ckee...@opensource.wolfsonmicro.com> Chris Wilson <ch...@chris-wilson.co.uk> Christoph Hellwig <h...@infradead.org> Christoph Hellwig <h...@lst.de> Cong Wang <cw...@twopensource.com> Cong Wang <xiyou.wangc...@gmail.com> Dan Carpenter <dan.carpen...@oracle.com> Daniel Borkmann <dan...@iogearbox.net> Daniel Vetter <daniel.vet...@ffwll.ch> Dave Airlie <airl...@redhat.com> Dave Chinner <da...@fromorbit.com> Dave Chinner <dchin...@redhat.com> David Ahern <d...@cumulusnetworks.com> David Daney <david.da...@cavium.com> David S. Miller <da...@davemloft.net> David Vrabel <david.vra...@citrix.com> Davidlohr Bueso <dbu...@suse.de> Denis Carikli <de...@eukrea.com> Ding Tianhong <dingtianh...@huawei.com> dingtianhong <dingtianh...@huawei.com> Dirk Behme <dirk.be...@de.bosch.com> Dmitry Skorodumov <sdmi...@parallels.com> Doug Ledford <dledf...@redhat.com> Dr. Greg Wettstein <g...@idfusion.org> Eduardo Valentin <edubez...@gmail.com> Eric Dumazet <eduma...@google.com> Eric W. Biederman <ebied...@xmission.com> Felix Fietkau <n...@openwrt.org> Florian Westphal <f...@strlen.de> Gavin Shan <gws...@linux.vnet.ibm.com> Gioh Kim <gioh....@lge.com> Greg Kroah-Hartman <gre...@linuxfoundation.org> Gregory Hoggarth <gregory.hogga...@alliedtelesis.co.nz> Guenter Roeck <li...@roeck-us.net> Guillermo A. Amaral <g...@maral.me> Hans-Christian Egtvedt <egtv...@samfundet.no> Haozhong Zhang <haozhong.zh...@intel.com> Herbert Xu <herb...@gondor.apana.org.au> Herton R. Krzesinski <her...@redhat.com> Horia Geant? <horia.gea...@freescale.com> huaibin Wang <huaibin.w...@6wind.com> Hugh Dickins <hu...@google.com> Ilan Cohen <ila...@gmail.com> Ilya Dryomov <idryo...@gmail.com> Ingo Molnar <mi...@kernel.org> Ivan Vecera <ivec...@redhat.com> J. Bruce Fields <bfie...@redhat.com> Jack Morgenstein <ja...@dev.mellanox.co.il> James Bottomley <jbottom...@odin.com> James Hogan <james.ho...@imgtec.com> Jan Kara <j...@suse.com> Jason Gunthorpe <jguntho...@obsidianresearch.com> Jiri Kosina <jkos...@suse.cz> Jiri Pirko <j...@resnulli.us> Joe Stringer <joestrin...@nicira.com> Joe Thornber <e...@redhat.com> Johan Hovold <jo...@kernel.org> Johannes Oertei <johannes.oer...@uni-due.de> John Soni Jose <sony.j...@avagotech.com> Joseph Qi <joseph...@huawei.com> Juergen Gross <jgr...@suse.com> Julian Anastasov <j...@ssi.bg> Kinglong Mee <kinglong...@gmail.com> Konrad Rzeszutek Wilk <konrad.w...@oracle.com> Krzysztof Kozlowski <k.kozlow...@samsung.com> Lars Westerhoff <lars.westerh...@newtec.eu> Lee Jones <lee.jo...@linaro.org> Linus Torvalds <torva...@linux-foundation.org> Luis Henriques <luis.henriq...@canonical.com> Lukasz Majewski <l.majew...@samsung.com> Manfred Spraul <manf...@colorfullife.com> Marc Zyngier <marc.zyng...@arm.com> Marc-André Lureau <marcandre.lur...@redhat.com> Marcus Gelderie <redm...@gmail.com> Marek Belisko <marek.beli...@streamunlimited.com> Marek Lindner <mareklind...@neomailbox.ch> Marek Marczykowski-Górecki <marma...@invisiblethingslab.com> Mark Brown <broo...@kernel.org> Markos Chandras <markos.chand...@imgtec.com> Martin Schwidefsky <schwidef...@de.ibm.com> Matan Barak <mat...@mellanox.com> Mathias Nyman <mathias.ny...@linux.intel.com> Matt Fleming <matt.flem...@intel.com> Michael Kerrisk <mtk.manpa...@gmail.com> Michael S. Tsirkin <m...@redhat.com> Michael Walle <mich...@walle.cc> Michal Hocko <mho...@suse.cz> Mike Snitzer <snit...@redhat.com> Mimi Zohar <zo...@linux.vnet.ibm.com> Ming Lei <ming....@canonical.com> Naoya Horiguchi <n-horigu...@ah.jp.nec.com> NeilBrown <ne...@suse.com> Nicholas Bellinger <n...@linux-iscsi.org> Nicolas Dichtel <nicolas.dich...@6wind.com> Nikolay Aleksandrov <niko...@cumulusnetworks.com> Nikolay Borisov <ker...@kyup.com> Oleg Nesterov <o...@redhat.com> Or Gerlitz <ogerl...@mellanox.com> Pablo Neira Ayuso <pa...@netfilter.org> Paolo Bonzini <pbonz...@redhat.com> Paul E. McKenney <paul...@linux.vnet.ibm.com> Paul Moore <p...@paul-moore.com> Paul Walmsley <p...@pwsan.com> Peter Zijlstra (Intel) <pet...@infradead.org> Peter Zijlstra <pet...@infradead.org> Pieter Hollants <pie...@hollants.com> Rafael Aquini <aqu...@redhat.com> Ralf Baechle <r...@linux-mips.org> Rasesh Mody <rasesh.m...@qlogic.com> Reinhard Speyerer <rs...@arcor.de> Richard Weinberger <rich...@nod.at> Roger Pau Monné <roger....@citrix.com> Roger Quadros <rog...@ti.com> Roland Dreier <rol...@purestorage.com> Russell King <rmk+ker...@arm.linux.org.uk> Rusty Russell <ru...@rustcorp.com.au> Saurav Kashyap <saurav.kash...@qlogic.com> Sebastian Ott <seb...@linux.vnet.ibm.com> Seth Forshee <seth.fors...@canonical.com> Shawn Guo <shawn...@kernel.org> Simon Horman <ho...@verge.net.au> Spencer Baugh <sba...@catern.com> Stephen Smalley <s...@tycho.nsa.gov> Steven Rostedt <rost...@goodmis.org> Sumit Saxena <sumit.sax...@avagotech.com> Takashi Iwai <ti...@suse.de> Takashi Sakamoto <o-taka...@sakamocchi.jp> Tejun Heo <t...@kernel.org> Theodore Ts'o <ty...@mit.edu> Thomas Hellstrom <thellst...@vmware.com> Trond Myklebust <trond.mykleb...@primarydata.com> Vasu Dev <vasu....@intel.com> Vlad Zolotarov <vl...@cloudius-systems.com> WANG Cong <xiyou.wangc...@gmail.com> Wanpeng Li <wanpeng...@hotmail.com> Wen Xiong <wenxi...@linux.vnet.ibm.com> Will Deacon <will.dea...@arm.com> Yao-Wen Mao <yao...@google.com> Ying Xue <ying....@windriver.com> jobs: build-amd64-xsm pass build-armhf-xsm pass build-i386-xsm pass build-amd64 pass build-armhf pass build-i386 pass build-amd64-libvirt pass build-armhf-libvirt pass build-i386-libvirt pass build-amd64-pvops pass build-armhf-pvops broken build-i386-pvops pass build-amd64-rumpuserxen pass build-i386-rumpuserxen pass test-amd64-amd64-xl pass test-armhf-armhf-xl blocked test-amd64-i386-xl pass test-amd64-amd64-xl-qemut-debianhvm-amd64-xsm pass test-amd64-i386-xl-qemut-debianhvm-amd64-xsm pass test-amd64-amd64-libvirt-qemuu-debianhvm-amd64-xsm pass test-amd64-i386-libvirt-qemuu-debianhvm-amd64-xsm pass test-amd64-amd64-xl-qemuu-debianhvm-amd64-xsm pass test-amd64-i386-xl-qemuu-debianhvm-amd64-xsm pass test-amd64-amd64-xl-qemut-stubdom-debianhvm-amd64-xsm fail test-amd64-i386-xl-qemut-stubdom-debianhvm-amd64-xsm fail test-amd64-amd64-libvirt-xsm pass test-armhf-armhf-libvirt-xsm blocked test-amd64-i386-libvirt-xsm pass test-amd64-amd64-xl-xsm pass test-armhf-armhf-xl-xsm blocked test-amd64-i386-xl-xsm pass test-amd64-amd64-xl-pvh-amd fail test-amd64-i386-qemut-rhel6hvm-amd pass test-amd64-i386-qemuu-rhel6hvm-amd pass test-amd64-amd64-xl-qemut-debianhvm-amd64 pass test-amd64-i386-xl-qemut-debianhvm-amd64 pass test-amd64-amd64-xl-qemuu-debianhvm-amd64 pass test-amd64-i386-xl-qemuu-debianhvm-amd64 pass test-amd64-i386-freebsd10-amd64 pass test-amd64-amd64-xl-qemuu-ovmf-amd64 pass test-amd64-i386-xl-qemuu-ovmf-amd64 pass test-amd64-amd64-rumpuserxen-amd64 pass test-amd64-amd64-xl-qemut-win7-amd64 fail test-amd64-i386-xl-qemut-win7-amd64 fail test-amd64-amd64-xl-qemuu-win7-amd64 fail test-amd64-i386-xl-qemuu-win7-amd64 fail test-armhf-armhf-xl-arndale blocked test-amd64-amd64-xl-credit2 fail test-armhf-armhf-xl-credit2 blocked test-armhf-armhf-xl-cubietruck blocked test-amd64-i386-freebsd10-i386 pass test-amd64-i386-rumpuserxen-i386 fail test-amd64-amd64-xl-pvh-intel fail test-amd64-i386-qemut-rhel6hvm-intel pass test-amd64-i386-qemuu-rhel6hvm-intel pass test-amd64-amd64-libvirt pass test-armhf-armhf-libvirt blocked test-amd64-i386-libvirt pass test-amd64-amd64-xl-multivcpu fail test-armhf-armhf-xl-multivcpu blocked test-amd64-amd64-pair pass test-amd64-i386-pair pass test-amd64-amd64-libvirt-pair fail test-amd64-i386-libvirt-pair fail test-amd64-amd64-amd64-pvgrub pass test-amd64-amd64-i386-pvgrub pass test-amd64-amd64-pygrub pass test-amd64-amd64-libvirt-qcow2 pass test-armhf-armhf-libvirt-qcow2 blocked test-amd64-i386-libvirt-qcow2 pass test-amd64-amd64-xl-qcow2 pass test-armhf-armhf-xl-qcow2 blocked test-amd64-i386-xl-qcow2 pass test-amd64-amd64-libvirt-raw pass test-armhf-armhf-libvirt-raw blocked test-amd64-i386-libvirt-raw pass test-amd64-amd64-xl-raw pass test-armhf-armhf-xl-raw blocked test-amd64-i386-xl-raw pass test-amd64-amd64-xl-rtds fail test-armhf-armhf-xl-rtds blocked test-amd64-i386-xl-qemut-winxpsp3-vcpus1 pass test-amd64-i386-xl-qemuu-winxpsp3-vcpus1 pass test-amd64-amd64-libvirt-vhd pass test-armhf-armhf-libvirt-vhd blocked test-amd64-i386-libvirt-vhd pass test-amd64-amd64-xl-vhd pass test-armhf-armhf-xl-vhd blocked test-amd64-i386-xl-vhd pass test-amd64-amd64-xl-qemut-winxpsp3 pass test-amd64-i386-xl-qemut-winxpsp3 pass test-amd64-amd64-xl-qemuu-winxpsp3 pass test-amd64-i386-xl-qemuu-winxpsp3 pass ------------------------------------------------------------ sg-report-flight on osstest.test-lab.xenproject.org logs: /home/logs/logs images: /home/logs/images Logs, config files, etc. are available at http://logs.test-lab.xenproject.org/osstest/logs Explanation of these reports, and of osstest in general, is at http://xenbits.xen.org/gitweb/?p=osstest.git;a=blob;f=README.email;hb=master http://xenbits.xen.org/gitweb/?p=osstest.git;a=blob;f=README;hb=master Test harness code can be found at http://xenbits.xen.org/gitweb?p=osstest.git;a=summary Not pushing. (No revision log; it would be 4590 lines long.)
_______________________________________________ Xen-devel mailing list Xen-devel@lists.xen.org http://lists.xen.org/xen-devel