flight 61742 linux-3.14 real [real] http://logs.test-lab.xenproject.org/osstest/logs/61742/
Regressions :-( Tests which did not succeed and are blocking, including tests which could not be run: test-amd64-i386-xl-vhd 13 guest-saverestore fail REGR. vs. 60666 test-amd64-i386-xl-qcow2 13 guest-saverestore fail REGR. vs. 60666 test-amd64-amd64-xl-qcow2 19 guest-start.2 fail REGR. vs. 60666 test-amd64-amd64-xl-vhd 19 guest-start.2 fail in 61263 REGR. vs. 60666 Tests which are failing intermittently (not blocking): test-armhf-armhf-libvirt-xsm 3 host-install(3) broken in 61522 pass in 61742 test-amd64-i386-libvirt 18 guest-start/debian.repeat fail in 61263 pass in 61742 test-amd64-i386-xl-qemuu-ovmf-amd64 12 guest-saverestore fail in 61263 pass in 61742 test-amd64-i386-xl-qemuu-debianhvm-amd64 19 guest-start/debianhvm.repeat fail in 61263 pass in 61742 test-amd64-i386-xl-qemut-debianhvm-amd64 18 guest-start.2 fail in 61263 pass in 61742 test-amd64-i386-xl-qemuu-winxpsp3-vcpus1 19 guest-start/win.repeat fail in 61263 pass in 61742 test-amd64-amd64-xl-qcow2 10 guest-start fail in 61522 pass in 61742 test-amd64-amd64-libvirt-qcow2 13 guest-saverestore fail in 61641 pass in 61522 test-armhf-armhf-xl-vhd 5 xen-install fail in 61641 pass in 61742 test-amd64-amd64-libvirt-xsm 17 guest-start.2 fail in 61641 pass in 61742 test-amd64-i386-qemut-rhel6hvm-amd 12 guest-start/redhat.repeat fail in 61641 pass in 61742 test-amd64-i386-rumpuserxen-i386 15 rumpuserxen-demo-xenstorels/xenstorels.repeat fail in 61641 pass in 61742 test-amd64-i386-xl-qemut-debianhvm-amd64-xsm 19 guest-start/debianhvm.repeat fail in 61641 pass in 61742 test-amd64-amd64-xl-qcow2 13 guest-saverestore fail in 61641 pass in 61742 test-amd64-amd64-xl-vhd 13 guest-saverestore fail pass in 61263 test-amd64-i386-libvirt-qemuu-debianhvm-amd64-xsm 16 guest-start/debianhvm.repeat fail pass in 61263 test-amd64-amd64-libvirt-xsm 18 guest-start/debian.repeat fail pass in 61522 test-amd64-amd64-xl-qemut-stubdom-debianhvm-amd64-xsm 13 guest-localmigrate fail pass in 61522 test-amd64-amd64-libvirt-qemuu-debianhvm-amd64-xsm 16 guest-start/debianhvm.repeat fail pass in 61641 test-amd64-amd64-libvirt-qcow2 10 guest-start fail pass in 61641 test-amd64-amd64-xl-qemuu-debianhvm-amd64 18 guest-start.2 fail pass in 61641 test-amd64-amd64-xl-qemuu-ovmf-amd64 19 guest-start/debianhvm.repeat fail pass in 61641 Regressions which are regarded as allowable (not blocking): test-amd64-amd64-libvirt-vhd 16 guest-start.2 fail REGR. vs. 60666 test-amd64-i386-libvirt-vhd 13 guest-saverestore fail REGR. vs. 60666 test-amd64-i386-libvirt-qcow2 13 guest-saverestore fail REGR. vs. 60666 test-amd64-amd64-xl-qemut-stubdom-debianhvm-amd64-xsm 16 guest-localmigrate/x10 fail in 61263 blocked in 60666 test-amd64-amd64-libvirt-qcow2 14 guest-saverestore.2 fail in 61522 REGR. vs. 60666 test-amd64-amd64-rumpuserxen-amd64 15 rumpuserxen-demo-xenstorels/xenstorels.repeat fail in 61641 like 60666 test-armhf-armhf-xl 6 xen-boot fail like 60666 test-armhf-armhf-xl-multivcpu 6 xen-boot fail like 60666 test-armhf-armhf-libvirt 6 xen-boot fail like 60666 test-armhf-armhf-xl-credit2 6 xen-boot fail like 60666 test-amd64-i386-xl-qemut-win7-amd64 17 guest-stop fail like 60666 test-amd64-amd64-xl-qemuu-win7-amd64 17 guest-stop fail like 60666 test-amd64-amd64-xl-qemut-win7-amd64 17 guest-stop fail like 60666 Tests which did not succeed, but are not blocking: test-amd64-amd64-libvirt-qcow2 11 migrate-support-check fail in 61641 never pass test-armhf-armhf-xl-raw 6 xen-boot fail never pass test-armhf-armhf-libvirt-vhd 6 xen-boot fail never pass test-armhf-armhf-xl-arndale 6 xen-boot fail never pass test-armhf-armhf-xl-rtds 6 xen-boot fail never pass test-armhf-armhf-libvirt-qcow2 6 xen-boot fail never pass test-armhf-armhf-libvirt-raw 6 xen-boot fail never pass test-armhf-armhf-xl-cubietruck 6 xen-boot fail never pass test-armhf-armhf-xl-vhd 6 xen-boot fail never pass test-armhf-armhf-xl-xsm 6 xen-boot fail never pass test-amd64-amd64-libvirt-qemuu-debianhvm-amd64-xsm 10 migrate-support-check fail never pass test-amd64-amd64-libvirt-xsm 12 migrate-support-check fail never pass test-armhf-armhf-libvirt-xsm 6 xen-boot fail never pass test-armhf-armhf-xl-qcow2 6 xen-boot fail never pass test-amd64-i386-libvirt 12 migrate-support-check fail never pass test-amd64-amd64-xl-pvh-intel 11 guest-start fail never pass test-amd64-i386-xl-qemut-stubdom-debianhvm-amd64-xsm 9 debian-hvm-install fail never pass test-amd64-amd64-libvirt-raw 11 migrate-support-check fail never pass test-amd64-i386-xl-qemuu-win7-amd64 17 guest-stop fail never pass test-amd64-amd64-xl-pvh-amd 11 guest-start fail never pass test-amd64-amd64-libvirt-vhd 11 migrate-support-check fail never pass test-amd64-i386-libvirt-xsm 12 migrate-support-check fail never pass test-amd64-i386-libvirt-vhd 11 migrate-support-check fail never pass test-amd64-amd64-libvirt 12 migrate-support-check fail never pass test-amd64-i386-libvirt-raw 11 migrate-support-check fail never pass test-amd64-i386-libvirt-qemuu-debianhvm-amd64-xsm 10 migrate-support-check fail never pass test-amd64-i386-libvirt-qcow2 11 migrate-support-check fail never pass test-amd64-amd64-libvirt-pair 21 guest-migrate/src_host/dst_host fail never pass test-amd64-i386-libvirt-pair 21 guest-migrate/src_host/dst_host fail never pass version targeted for testing: linux 318ff69ca4c275bae4b875b87df5bdbd7988486a baseline version: linux 9b8b905951bde404f20a7bd4b37a5134f3484569 Last test of basis 60666 2015-08-12 06:12:25 Z 30 days Testing same since 60747 2015-08-17 05:56:00 Z 25 days 14 attempts ------------------------------------------------------------ People who touched revisions under test: Al Viro <v...@zeniv.linux.org.uk> Alex Deucher <alexander.deuc...@amd.com> Amanieu d'Antras <aman...@gmail.com> Andrew Morton <a...@linux-foundation.org> Andy Lutomirski <l...@kernel.org> Arkadiusz MiÅkiewicz <ar...@maven.pl> Arnd Bergmann <a...@arndb.de> Axel Lin <axel....@ingics.com> Benjamin Randazzo <benja...@randazzo.fr> Bjorn Helgaas <bhelg...@google.com> Brian King <brk...@linux.vnet.ibm.com> Dan Carpenter <dan.carpen...@oracle.com> David Daney <david.da...@cavium.com> David S. Miller <da...@davemloft.net> David Vrabel <david.vra...@citrix.com> Davidlohr Bueso <dbu...@suse.de> Dirk Behme <dirk.be...@de.bosch.com> Doug Ledford <dledf...@redhat.com> Dr. Greg Wettstein <g...@idfusion.org> Felix Fietkau <n...@openwrt.org> Greg Kroah-Hartman <gre...@linuxfoundation.org> Herbert Xu <herb...@gondor.apana.org.au> Hugh Dickins <hu...@google.com> Ilya Dryomov <idryo...@gmail.com> Ingo Molnar <mi...@kernel.org> James Bottomley <jbottom...@odin.com> James Hogan <james.ho...@imgtec.com> Jan Kara <j...@suse.com> Johan Hovold <jo...@kernel.org> Joseph Qi <joseph...@huawei.com> Kevin Hilman <khil...@linaro.org> Linus Torvalds <torva...@linux-foundation.org> Marcus Gelderie <redm...@gmail.com> Marek Belisko <marek.beli...@streamunlimited.com> Marek Marczykowski-Górecki <marma...@invisiblethingslab.com> Mark Brown <broo...@kernel.org> Mathias Nyman <mathias.ny...@linux.intel.com> Michael Kerrisk <mtk.manpa...@gmail.com> Michael S. Tsirkin <m...@redhat.com> Michal Hocko <mho...@suse.cz> Miklos Szeredi <mszer...@suse.cz> Mimi Zohar <zo...@linux.vnet.ibm.com> NeilBrown <ne...@suse.com> Nicholas Bellinger <n...@daterainc.com> Nicholas Bellinger <n...@linux-iscsi.org> Paolo Bonzini <pbonz...@redhat.com> Paul Walmsley <p...@pwsan.com> Ralf Baechle <r...@linux-mips.org> Roger Quadros <rog...@ti.com> Takashi Iwai <ti...@suse.de> Wang Kai <morgan.w...@huawei.com> Wen Xiong <wenxi...@linux.vnet.ibm.com> jobs: build-amd64-xsm pass build-armhf-xsm pass build-i386-xsm pass build-amd64 pass build-armhf pass build-i386 pass build-amd64-libvirt pass build-armhf-libvirt pass build-i386-libvirt pass build-amd64-pvops pass build-armhf-pvops pass build-i386-pvops pass build-amd64-rumpuserxen pass build-i386-rumpuserxen pass test-amd64-amd64-xl pass test-armhf-armhf-xl fail test-amd64-i386-xl pass test-amd64-amd64-xl-qemut-debianhvm-amd64-xsm pass test-amd64-i386-xl-qemut-debianhvm-amd64-xsm pass test-amd64-amd64-libvirt-qemuu-debianhvm-amd64-xsm fail test-amd64-i386-libvirt-qemuu-debianhvm-amd64-xsm fail test-amd64-amd64-xl-qemuu-debianhvm-amd64-xsm pass test-amd64-i386-xl-qemuu-debianhvm-amd64-xsm pass test-amd64-amd64-xl-qemut-stubdom-debianhvm-amd64-xsm fail test-amd64-i386-xl-qemut-stubdom-debianhvm-amd64-xsm fail test-amd64-amd64-libvirt-xsm fail test-armhf-armhf-libvirt-xsm fail test-amd64-i386-libvirt-xsm pass test-amd64-amd64-xl-xsm pass test-armhf-armhf-xl-xsm fail test-amd64-i386-xl-xsm pass test-amd64-amd64-xl-pvh-amd fail test-amd64-i386-qemut-rhel6hvm-amd pass test-amd64-i386-qemuu-rhel6hvm-amd pass test-amd64-amd64-xl-qemut-debianhvm-amd64 pass test-amd64-i386-xl-qemut-debianhvm-amd64 pass test-amd64-amd64-xl-qemuu-debianhvm-amd64 fail test-amd64-i386-xl-qemuu-debianhvm-amd64 pass test-amd64-i386-freebsd10-amd64 pass test-amd64-amd64-xl-qemuu-ovmf-amd64 fail test-amd64-i386-xl-qemuu-ovmf-amd64 pass test-amd64-amd64-rumpuserxen-amd64 pass test-amd64-amd64-xl-qemut-win7-amd64 fail test-amd64-i386-xl-qemut-win7-amd64 fail test-amd64-amd64-xl-qemuu-win7-amd64 fail test-amd64-i386-xl-qemuu-win7-amd64 fail test-armhf-armhf-xl-arndale fail test-amd64-amd64-xl-credit2 pass test-armhf-armhf-xl-credit2 fail test-armhf-armhf-xl-cubietruck fail test-amd64-i386-freebsd10-i386 pass test-amd64-i386-rumpuserxen-i386 pass test-amd64-amd64-xl-pvh-intel fail test-amd64-i386-qemut-rhel6hvm-intel pass test-amd64-i386-qemuu-rhel6hvm-intel pass test-amd64-amd64-libvirt pass test-armhf-armhf-libvirt fail test-amd64-i386-libvirt pass test-amd64-amd64-xl-multivcpu pass test-armhf-armhf-xl-multivcpu fail test-amd64-amd64-pair pass test-amd64-i386-pair pass test-amd64-amd64-libvirt-pair fail test-amd64-i386-libvirt-pair fail test-amd64-amd64-amd64-pvgrub pass test-amd64-amd64-i386-pvgrub pass test-amd64-amd64-pygrub pass test-amd64-amd64-libvirt-qcow2 fail test-armhf-armhf-libvirt-qcow2 fail test-amd64-i386-libvirt-qcow2 fail test-amd64-amd64-xl-qcow2 fail test-armhf-armhf-xl-qcow2 fail test-amd64-i386-xl-qcow2 fail test-amd64-amd64-libvirt-raw pass test-armhf-armhf-libvirt-raw fail test-amd64-i386-libvirt-raw pass test-amd64-amd64-xl-raw pass test-armhf-armhf-xl-raw fail test-amd64-i386-xl-raw pass test-amd64-amd64-xl-rtds pass test-armhf-armhf-xl-rtds fail test-amd64-i386-xl-qemut-winxpsp3-vcpus1 pass test-amd64-i386-xl-qemuu-winxpsp3-vcpus1 pass test-amd64-amd64-libvirt-vhd fail test-armhf-armhf-libvirt-vhd fail test-amd64-i386-libvirt-vhd fail test-amd64-amd64-xl-vhd fail test-armhf-armhf-xl-vhd fail test-amd64-i386-xl-vhd fail test-amd64-amd64-xl-qemut-winxpsp3 pass test-amd64-i386-xl-qemut-winxpsp3 pass test-amd64-amd64-xl-qemuu-winxpsp3 pass test-amd64-i386-xl-qemuu-winxpsp3 pass ------------------------------------------------------------ sg-report-flight on osstest.test-lab.xenproject.org logs: /home/logs/logs images: /home/logs/images Logs, config files, etc. are available at http://logs.test-lab.xenproject.org/osstest/logs Explanation of these reports, and of osstest in general, is at http://xenbits.xen.org/gitweb/?p=osstest.git;a=blob;f=README.email;hb=master http://xenbits.xen.org/gitweb/?p=osstest.git;a=blob;f=README;hb=master Test harness code can be found at http://xenbits.xen.org/gitweb?p=osstest.git;a=summary Not pushing. (No revision log; it would be 1572 lines long.)
_______________________________________________ Xen-devel mailing list Xen-devel@lists.xen.org http://lists.xen.org/xen-devel