This report didn't make it to the list (SPAM filter, fix in progress) but I
wanted to refer to it, so forwarding.

-------- Forwarded Message --------
From: osstest service owner <osstest-ad...@xenproject.org>
To: xen-de...@lists.xensource.com, osstest-ad...@xenproject.org
Subject: [linux-4.1 test] 60654: tolerable FAIL - PUSHED
Date: Wed, 12 Aug 2015 03:49:38 +0000
Message-id: <osstest-60654-mainrep...@xen.org>

flight 60654 linux-4.1 real [real]
http://logs.test-lab.xenproject.org/osstest/logs/60654/

Failures :-/ but no regressions.

Regressions which are regarded as allowable (not blocking):
 test-armhf-armhf-libvirt-vhd  6 xen-boot                  fail REGR. vs. 60547
 test-amd64-i386-xl-qemut-stubdom-debianhvm-amd64-xsm 13 guest-localmigrate 
fail blocked in 60547
 test-amd64-i386-xl-xsm       14 guest-saverestore            fail   like 60547
 test-amd64-i386-xl           14 guest-saverestore            fail   like 60547
 test-amd64-i386-pair        21 guest-migrate/src_host/dst_host fail like 60547
 test-armhf-armhf-xl-rtds     11 guest-start                  fail   like 60547
 test-amd64-amd64-xl-qemut-win7-amd64 17 guest-stop             fail like 60547
 test-amd64-amd64-xl-qemuu-win7-amd64 17 guest-stop             fail like 60547

Tests which did not succeed, but are not blocking:
 test-amd64-amd64-xl-pvh-intel 14 guest-saverestore            fail  never pass
 test-armhf-armhf-libvirt-qcow2  9 debian-di-install            fail never pass
 test-armhf-armhf-xl-raw       9 debian-di-install            fail   never pass
 test-armhf-armhf-xl-qcow2     9 debian-di-install            fail   never pass
 test-amd64-amd64-xl-pvh-amd  11 guest-start                  fail   never pass
 test-armhf-armhf-libvirt-raw  9 debian-di-install            fail   never pass
 test-amd64-i386-libvirt-xsm  12 migrate-support-check        fail   never pass
 test-amd64-i386-libvirt-xsm  14 guest-saverestore            fail   never pass
 test-amd64-amd64-libvirt-pair 21 guest-migrate/src_host/dst_host fail never 
pass
 test-amd64-amd64-libvirt-xsm 12 migrate-support-check        fail   never pass
 test-amd64-amd64-libvirt     12 migrate-support-check        fail   never pass
 test-amd64-i386-libvirt-pair 21 guest-migrate/src_host/dst_host fail never pass
 test-amd64-i386-libvirt      14 guest-saverestore            fail   never pass
 test-amd64-i386-libvirt      12 migrate-support-check        fail   never pass
 test-amd64-i386-libvirt-qemuu-debianhvm-amd64-xsm 10 migrate-support-check 
fail never pass
 test-armhf-armhf-xl          12 migrate-support-check        fail   never pass
 test-armhf-armhf-xl          13 saverestore-support-check    fail   never pass
 test-amd64-amd64-libvirt-qemuu-debianhvm-amd64-xsm 10 migrate-support-check 
fail never pass
 test-amd64-i386-libvirt-qcow2 11 migrate-support-check        fail  never pass
 test-amd64-amd64-libvirt-qcow2 11 migrate-support-check        fail never pass
 test-amd64-amd64-libvirt-raw 11 migrate-support-check        fail   never pass
 test-armhf-armhf-xl-cubietruck 12 migrate-support-check        fail never pass
 test-armhf-armhf-xl-cubietruck 13 saverestore-support-check    fail never pass
 test-armhf-armhf-xl-arndale  12 migrate-support-check        fail   never pass
 test-armhf-armhf-xl-arndale  13 saverestore-support-check    fail   never pass
 test-amd64-i386-libvirt-vhd  11 migrate-support-check        fail   never pass
 test-armhf-armhf-xl-credit2  13 saverestore-support-check    fail   never pass
 test-armhf-armhf-xl-credit2  12 migrate-support-check        fail   never pass
 test-amd64-amd64-libvirt-vhd 11 migrate-support-check        fail   never pass
 test-armhf-armhf-xl-multivcpu 13 saverestore-support-check    fail  never pass
 test-armhf-armhf-xl-multivcpu 12 migrate-support-check        fail  never pass
 test-armhf-armhf-libvirt     14 guest-saverestore            fail   never pass
 test-armhf-armhf-libvirt     12 migrate-support-check        fail   never pass
 test-armhf-armhf-libvirt-xsm 12 migrate-support-check        fail   never pass
 test-armhf-armhf-libvirt-xsm 14 guest-saverestore            fail   never pass
 test-amd64-i386-libvirt-raw  11 migrate-support-check        fail   never pass
 test-amd64-i386-xl-qemuu-win7-amd64 17 guest-stop              fail never pass
 test-armhf-armhf-xl-vhd       9 debian-di-install            fail   never pass
 test-armhf-armhf-xl-xsm      13 saverestore-support-check    fail   never pass
 test-armhf-armhf-xl-xsm      12 migrate-support-check        fail   never pass
 test-amd64-i386-xl-qemut-win7-amd64 17 guest-stop              fail never pass

version targeted for testing:
 linux                352cb8677f83a6cf2139151578c8c79785d2d4bf
baseline version:
 linux                89e419960fb6a260f6a112821507d516117d5aa1

Last test of basis    60547  2015-08-03 16:41:21 Z    8 days
Testing same since    60654  2015-08-10 20:42:06 Z    1 days    1 attempts

------------------------------------------------------------
People who touched revisions under test:
  "Eric W. Biederman" <ebied...@xmission.com>
  Aaron Plattner <aplatt...@nvidia.com>
  Adrian Hunter <adrian.hun...@intel.com>
  Al Viro <v...@zeniv.linux.org.uk>
  Albert Huitsing <alb...@huitsing.nl>
  Alex Williamson <alex.william...@redhat.com>
  Alexander Popov <alpo...@ptsecurity.com>
  Alexander Usyskin <alexander.usys...@intel.com>
  Alexei Potashnik <ale...@purestorage.com>
  Alexey Brodkin <abrod...@synopsys.com>
  Andreas Fenkart <afenk...@gmail.com>
  Andrew Morton <a...@linux-foundation.org>
  Andrey Ryabinin <a.ryabi...@samsung.com>
  Andy Shevchenko <andriy.shevche...@linux.intel.com>
  Antonio Borneo <borneo.anto...@gmail.com>
  Ard Biesheuvel <ard.biesheu...@linaro.org>
  Arnaldo Carvalho de Melo <a...@redhat.com>
  Ben Skeggs <bske...@redhat.com>
  Benjamin Tissoires <benjamin.tissoi...@redhat.com>
  Bernhard Bender <bernhard.ben...@bytecmed.com>
  Brian Campbell <ba...@z273.org.uk>
  Catalin Marinas <catalin.mari...@arm.com>
  Chris Metcalf <cmetc...@ezchip.com>
  Christophe JAILLET <christophe.jail...@wanadoo.fr>
  Clemens Ladisch <clem...@ladisch.de>
  Daniel Axtens <d...@axtens.net>
  Darren Lavender <darren.laven...@hp.com>
  Dasaratharaman Chandramouli <dasaratharaman.chandramo...@intel.com>
  Dave Chinner <da...@fromorbit.com>
  Dave Chinner <dchin...@redhat.com>
  Dave Hansen <dave.han...@linux.intel.com>
  David Henningsson <david.hennings...@canonical.com>
  David Jander <da...@protonic.nl>
  Dmitry Skorodumov <sdmi...@parallels.com>
  Dmitry Torokhov <dmitry.torok...@gmail.com>
  Dominic Sacré <dominic.sa...@gmx.de>
  Doug Ledford <dledf...@redhat.com>
  Ellen Wang <el...@cumulusnetworks.com>
  Emmanuel Grumbach <emmanuel.grumb...@intel.com>
  Eric W. Biederman <ebied...@xmission.com>
  Gabriel Fernandez <gabriel.fernan...@linaro.org>
  Giridhar Malavali <giridhar.malav...@qlogic.com>
  Giuseppe Cavallaro <peppe.cavall...@st.com>
  Greg Kroah-Hartman <gre...@linuxfoundation.org>
  Guenter Roeck <li...@roeck-us.net>
  Haggai Eran <hagg...@mellanox.com>
  Hans-Christian Egtvedt <egtv...@samfundet.no>
  Heiko Carstens <heiko.carst...@de.ibm.com>
  Helge Deller <del...@gmx.de>
  Herbert Xu <herb...@gondor.apana.org.au>
  Himanshu Madhani <himanshu.madh...@qlogic.com>
  Ian Munsie <imun...@au1.ibm.com>
  Igor Grinberg <grinb...@compulab.co.il>
  Ilia Mirkin <imir...@alum.mit.edu>
  Ingo Molnar <mi...@kernel.org>
  J. Bruce Fields <bfie...@fieldses.org>
  J.D. Schroeder <jay.schroe...@garmin.com>
  James Bottomley <jbottom...@odin.com>
  Jason Gunthorpe <jguntho...@obsidianresearch.com>
  Jeeja Kp <jeeja...@intel.com>
  Jens Axboe <ax...@fb.com>
  Jingju Hou <houji...@marvell.com>
  Jiri Kosina <jkos...@suse.com>
  Joakim Tjernlund <joakim.tjernl...@transmode.se>
  Joerg Roedel <jroe...@suse.de>
  Johannes Berg <johannes.b...@intel.com>
  John David Anglin <dave.ang...@bell.net>
  Kai Mäkisara <kai.makis...@kolumbus.fi>
  Kamil Dudka <kdu...@redhat.com>
  Kanoj Sarcar <kanoj.sar...@qlogic.com>
  Kirill A. Shutemov <kirill.shute...@linux.intel.com>
  Kishon Vijay Abraham I <kis...@ti.com>
  Kristen Carlson Accardi <kris...@linux.intel.com>
  Krzysztof Kozlowski <k.kozlow...@samsung.com>
  Liad Kaufman <liad.kauf...@intel.com>
  Linus Torvalds <torva...@linux-foundation.org>
  Linus Walleij <linus.wall...@linaro.org>
  Lior Amsalem <al...@marvell.com>
  Lokesh Vutla <lokeshvu...@ti.com>
  Lucas Stach <l.st...@pengutronix.de>
  Luck, Tony <tony.l...@intel.com>
  Lukasz Anaczkowski <lukasz.anaczkow...@intel.com>
  Marc Kleine-Budde <m...@pengutronix.de>
  Marc Zyngier <marc.zyng...@arm.com>
  Marc-André Lureau <marcandre.lur...@redhat.com>
  Marek Szyprowski <m.szyprow...@samsung.com>
  Mark Brown <broo...@kernel.org>
  Markos Chandras <markos.chand...@imgtec.com>
  Martin Schwidefsky <schwidef...@de.ibm.com>
  Maruthi Bayyavarapu <maruthi.bayyavar...@amd.com>
  Maruthi Srinivas Bayyavarapu <maruthi.bayyavar...@amd.com>
  Mateusz Sylwestrzak <matis...@gmail.com>
  Mathias Nyman <mathias.ny...@linux.intel.com>
  Matt Fleming <matt.flem...@intel.com>
  Matt Fleming <m...@console-pimps.org>
  Michael Ellerman <m...@ellerman.id.au>
  Michael Holzheu <holz...@linux.vnet.ibm.com>
  Michael Neuling <mi...@neuling.org>
  Michael S. Tsirkin <m...@redhat.com>
  Michal Marek <mma...@suse.com>
  Michal Marek <mma...@suse.cz>
  Mike Snitzer <snit...@redhat.com>
  Mikulas Patocka <mpato...@redhat.com>
  Ming Lei <ming....@canonical.com>
  NeilBrown <ne...@suse.com>
  Nicholas Bellinger <n...@linux-iscsi.org>
  Oliver Hartkopp <socket...@hartkopp.net>
  Oliver Neukum <oneu...@suse.com>
  Pankaj Dev <pankaj....@st.com>
  Paul Burton <paul.bur...@imgtec.com>
  Peng Fan <van.free...@gmail.com>
  Peter Hurley <pe...@hurleysoftware.com>
  Peter Zijlstra (Intel) <pet...@infradead.org>
  Peter Zijlstra <pet...@infradead.org>
  Philipp Zabel <p.za...@pengutronix.de>
  Quinn Tran <quinn.t...@qlogic.com>
  Rafael J. Wysocki <rafael.j.wyso...@intel.com>
  Ralf Baechle <r...@linux-mips.org>
  Ricardo Neri <ricardo.neri-calde...@linux.intel.com>
  Robert Jarzmik <robert.jarz...@free.fr>
  Roger Quadros <rog...@ti.com>
  Roland Dreier <rol...@purestorage.com>
  Russell King <rmk+ker...@arm.linux.org.uk>
  Sascha Hauer <s.ha...@pengutronix.de>
  Saurav Kashyap <saurav.kash...@qlogic.com>
  Sergei Shtylyov <sergei.shtyl...@cogentembedded.com>
  Seymour, Shane M <shane.seym...@hp.com>
  Shane Seymour <shane.seym...@hp.com>
  Shawn Guo <shawn....@linaro.org>
  Shreyas B. Prabhu <shre...@linux.vnet.ibm.com>
  Sifan Naeem <sifan.na...@imgtec.com>
  Stefan Agner <ste...@agner.ch>
  Stephen Boyd <sb...@codeaurora.org>
  Steven Rostedt (Red Hat) <rost...@goodmis.org>
  Steven Rostedt <rost...@goodmis.org>
  Takashi Iwai <ti...@suse.de>
  Tejun Heo <t...@kernel.org>
  Thomas Gleixner <t...@linutronix.de>
  Thomas Petazzoni <thomas.petazz...@free-electrons.com>
  Tom Hughes <t...@compton.nu>
  Tomas Winkler <tomas.wink...@intel.com>
  Tony Battersby <to...@cybernetics.com>
  Tony Lindgren <t...@atomide.com>
  Tony Luck <tony.l...@intel.com>
  Trond Myklebust <trond.mykleb...@primarydata.com>
  Ulf Hansson <ulf.hans...@linaro.org>
  Uwe Kleine-König <u.kleine-koe...@pengutronix.de>
  Vignesh R <vigne...@ti.com>
  Vineet Gupta <vgu...@synopsys.com>
  Vutla, Lokesh <lokeshvu...@ti.com>
  Wengang Wang <wen.gang.w...@oracle.com>
  Yao-Wen Mao <yao...@google.com>
  Zhuang Jin Can <jin.can.zhu...@intel.com>

jobs:
 build-amd64-xsm                                              pass    
 build-armhf-xsm                                              pass    
 build-i386-xsm                                               pass    
 build-amd64                                                  pass    
 build-armhf                                                  pass    
 build-i386                                                   pass    
 build-amd64-libvirt                                          pass    
 build-armhf-libvirt                                          pass    
 build-i386-libvirt                                           pass    
 build-amd64-pvops                                            pass    
 build-armhf-pvops                                            pass    
 build-i386-pvops                                             pass    
 build-amd64-rumpuserxen                                      pass    
 build-i386-rumpuserxen                                       pass    
 test-amd64-amd64-xl                                          pass    
 test-armhf-armhf-xl                                          pass    
 test-amd64-i386-xl                                           fail    
 test-amd64-amd64-xl-qemut-debianhvm-amd64-xsm                pass    
 test-amd64-i386-xl-qemut-debianhvm-amd64-xsm                 pass    
 test-amd64-amd64-libvirt-qemuu-debianhvm-amd64-xsm           pass    
 test-amd64-i386-libvirt-qemuu-debianhvm-amd64-xsm            pass    
 test-amd64-amd64-xl-qemuu-debianhvm-amd64-xsm                pass    
 test-amd64-i386-xl-qemuu-debianhvm-amd64-xsm                 pass    
 test-amd64-amd64-xl-qemut-stubdom-debianhvm-amd64-xsm        pass    
 test-amd64-i386-xl-qemut-stubdom-debianhvm-amd64-xsm         fail    
 test-amd64-amd64-libvirt-xsm                                 pass    
 test-armhf-armhf-libvirt-xsm                                 fail    
 test-amd64-i386-libvirt-xsm                                  fail    
 test-amd64-amd64-xl-xsm                                      pass    
 test-armhf-armhf-xl-xsm                                      pass    
 test-amd64-i386-xl-xsm                                       fail    
 test-amd64-amd64-xl-pvh-amd                                  fail    
 test-amd64-i386-qemut-rhel6hvm-amd                           pass    
 test-amd64-i386-qemuu-rhel6hvm-amd                           pass    
 test-amd64-amd64-xl-qemut-debianhvm-amd64                    pass    
 test-amd64-i386-xl-qemut-debianhvm-amd64                     pass    
 test-amd64-amd64-xl-qemuu-debianhvm-amd64                    pass    
 test-amd64-i386-xl-qemuu-debianhvm-amd64                     pass    
 test-amd64-i386-freebsd10-amd64                              pass    
 test-amd64-amd64-xl-qemuu-ovmf-amd64                         pass    
 test-amd64-i386-xl-qemuu-ovmf-amd64                          pass    
 test-amd64-amd64-rumpuserxen-amd64                           pass    
 test-amd64-amd64-xl-qemut-win7-amd64                         fail    
 test-amd64-i386-xl-qemut-win7-amd64                          fail    
 test-amd64-amd64-xl-qemuu-win7-amd64                         fail    
 test-amd64-i386-xl-qemuu-win7-amd64                          fail    
 test-armhf-armhf-xl-arndale                                  pass    
 test-amd64-amd64-xl-credit2                                  pass    
 test-armhf-armhf-xl-credit2                                  pass    
 test-armhf-armhf-xl-cubietruck                               pass    
 test-amd64-i386-freebsd10-i386                               pass    
 test-amd64-i386-rumpuserxen-i386                             pass    
 test-amd64-amd64-xl-pvh-intel                                fail    
 test-amd64-i386-qemut-rhel6hvm-intel                         pass    
 test-amd64-i386-qemuu-rhel6hvm-intel                         pass    
 test-amd64-amd64-libvirt                                     pass    
 test-armhf-armhf-libvirt                                     fail    
 test-amd64-i386-libvirt                                      fail    
 test-amd64-amd64-xl-multivcpu                                pass    
 test-armhf-armhf-xl-multivcpu                                pass    
 test-amd64-amd64-pair                                        pass    
 test-amd64-i386-pair                                         fail    
 test-amd64-amd64-libvirt-pair                                fail    
 test-amd64-i386-libvirt-pair                                 fail    
 test-amd64-amd64-amd64-pvgrub                                pass    
 test-amd64-amd64-i386-pvgrub                                 pass    
 test-amd64-amd64-pygrub                                      pass    
 test-amd64-amd64-libvirt-qcow2                               pass    
 test-armhf-armhf-libvirt-qcow2                               fail    
 test-amd64-i386-libvirt-qcow2                                pass    
 test-amd64-amd64-xl-qcow2                                    pass    
 test-armhf-armhf-xl-qcow2                                    fail    
 test-amd64-i386-xl-qcow2                                     pass    
 test-amd64-amd64-libvirt-raw                                 pass    
 test-armhf-armhf-libvirt-raw                                 fail    
 test-amd64-i386-libvirt-raw                                  pass    
 test-amd64-amd64-xl-raw                                      pass    
 test-armhf-armhf-xl-raw                                      fail    
 test-amd64-i386-xl-raw                                       pass    
 test-amd64-amd64-xl-rtds                                     pass    
 test-armhf-armhf-xl-rtds                                     fail    
 test-amd64-i386-xl-qemut-winxpsp3-vcpus1                     pass    
 test-amd64-i386-xl-qemuu-winxpsp3-vcpus1                     pass    
 test-amd64-amd64-libvirt-vhd                                 pass    
 test-armhf-armhf-libvirt-vhd                                 fail    
 test-amd64-i386-libvirt-vhd                                  pass    
 test-amd64-amd64-xl-vhd                                      pass    
 test-armhf-armhf-xl-vhd                                      fail    
 test-amd64-i386-xl-vhd                                       pass    
 test-amd64-amd64-xl-qemut-winxpsp3                           pass    
 test-amd64-i386-xl-qemut-winxpsp3                            pass    
 test-amd64-amd64-xl-qemuu-winxpsp3                           pass    
 test-amd64-i386-xl-qemuu-winxpsp3                            pass    


------------------------------------------------------------
sg-report-flight on osstest.test-lab.xenproject.org
logs: /home/logs/logs
images: /home/logs/images

Logs, config files, etc. are available at
    http://logs.test-lab.xenproject.org/osstest/logs

Explanation of these reports, and of osstest in general, is at
    http://xenbits.xen.org/gitweb/?p=osstest.git;a=blob;f=README.email;hb=master
    http://xenbits.xen.org/gitweb/?p=osstest.git;a=blob;f=README;hb=master

Test harness code can be found at
    http://xenbits.xen.org/gitweb?p=osstest.git;a=summary


Pushing revision :

+ branch=linux-4.1
+ revision=352cb8677f83a6cf2139151578c8c79785d2d4bf
+ . cri-lock-repos
++ . cri-common
+++ . cri-getconfig
+++ umask 002
+++ getrepos
++++ getconfig Repos
++++ perl -e '
                use Osstest;
                readglobalconfig();
                print $c{"Repos"} or die $!;
        '
+++ local repos=/home/osstest/repos
+++ '[' -z /home/osstest/repos ']'
+++ '[' '!' -d /home/osstest/repos ']'
+++ echo /home/osstest/repos
++ repos=/home/osstest/repos
++ repos_lock=/home/osstest/repos/lock
++ '[' x '!=' x/home/osstest/repos/lock ']'
++ OSSTEST_REPOS_LOCK_LOCKED=/home/osstest/repos/lock
++ exec with-lock-ex -w /home/osstest/repos/lock ./ap-push linux-4.1 
352cb8677f83a6cf2139151578c8c79785d2d4bf
+ branch=linux-4.1
+ revision=352cb8677f83a6cf2139151578c8c79785d2d4bf
+ . cri-lock-repos
++ . cri-common
+++ . cri-getconfig
+++ umask 002
+++ getrepos
++++ getconfig Repos
++++ perl -e '
                use Osstest;
                readglobalconfig();
                print $c{"Repos"} or die $!;
        '
+++ local repos=/home/osstest/repos
+++ '[' -z /home/osstest/repos ']'
+++ '[' '!' -d /home/osstest/repos ']'
+++ echo /home/osstest/repos
++ repos=/home/osstest/repos
++ repos_lock=/home/osstest/repos/lock
++ '[' x/home/osstest/repos/lock '!=' x/home/osstest/repos/lock ']'
+ . cri-common
++ . cri-getconfig
++ umask 002
+ select_xenbranch
+ case "$branch" in
+ tree=linux
+ xenbranch=xen-unstable
+ '[' xlinux = xlinux ']'
+ linuxbranch=linux-4.1
+ '[' x = x ']'
+ qemuubranch=qemu-upstream-unstable
+ : tested/2.6.39.x
+ . ap-common
++ : osst...@xenbits.xen.org
+++ getconfig OsstestUpstream
+++ perl -e '
                use Osstest;
                readglobalconfig();
                print $c{"OsstestUpstream"} or die $!;
        '
++ :
++ : git://xenbits.xen.org/xen.git
++ : osst...@xenbits.xen.org:/home/xen/git/xen.git
++ : git://xenbits.xen.org/staging/qemu-xen-unstable.git
++ : git://git.kernel.org
++ : git://git.kernel.org/pub/scm/linux/kernel/git
++ : git
++ : git://xenbits.xen.org/libvirt.git
++ : osst...@xenbits.xen.org:/home/xen/git/libvirt.git
++ : git://xenbits.xen.org/libvirt.git
++ : git://xenbits.xen.org/rumpuser-xen.git
++ : git
++ : git://xenbits.xen.org/rumpuser-xen.git
++ : osst...@xenbits.xen.org:/home/xen/git/rumpuser-xen.git
+++ besteffort_repo https://github.com/rumpkernel/rumpkernel-netbsd-src
+++ local repo=https://github.com/rumpkernel/rumpkernel-netbsd-src
+++ cached_repo https://github.com/rumpkernel/rumpkernel-netbsd-src 
'[fetch=try]'
+++ local repo=https://github.com/rumpkernel/rumpkernel-netbsd-src
+++ local 'options=[fetch=try]'
++++ getconfig GitCacheProxy
++++ perl -e '
                use Osstest;
                readglobalconfig();
                print $c{"GitCacheProxy"} or die $!;
        '
+++ local cache=git://cache:9419/
+++ '[' xgit://cache:9419/ '!=' x ']'
+++ echo 
'git://cache:9419/https://github.com/rumpkernel/rumpkernel-netbsd-src%20[fetch=try]'
++ : 
'git://cache:9419/https://github.com/rumpkernel/rumpkernel-netbsd-src%20[fetch=try]'
++ : git
++ : git://git.seabios.org/seabios.git
++ : osst...@xenbits.xen.org:/home/xen/git/osstest/seabios.git
++ : git://xenbits.xen.org/osstest/seabios.git
++ : https://github.com/tianocore/edk2.git
++ : osst...@xenbits.xen.org:/home/xen/git/osstest/ovmf.git
++ : git://xenbits.xen.org/osstest/ovmf.git
++ : git://xenbits.xen.org/osstest/linux-firmware.git
++ : osst...@xenbits.xen.org:/home/osstest/ext/linux-firmware.git
++ : git://git.kernel.org/pub/scm/linux/kernel/git/firmware/linux-firmware.git
++ : osst...@xenbits.xen.org:/home/xen/git/linux-pvops.git
++ : git://xenbits.xen.org/linux-pvops.git
++ : tested/linux-3.14
++ : tested/linux-arm-xen
++ '[' xgit://git.kernel.org/pub/scm/linux/kernel/git/stable/linux-stable.git = 
x ']'
++ '[' xgit://git.kernel.org/pub/scm/linux/kernel/git/stable/linux-stable.git = 
x ']'
++ : git://git.kernel.org/pub/scm/linux/kernel/git/konrad/xen.git
++ : tested/2.6.39.x
++ : daily-cron.linux-4.1
++ : daily-cron.linux-4.1
++ : daily-cron.linux-4.1
++ : daily-cron.linux-4.1
++ : daily-cron.linux-4.1
++ : daily-cron.linux-4.1
++ : http://hg.uk.xensource.com/carbon/trunk/linux-2.6.27
++ : git://xenbits.xen.org/staging/qemu-upstream-unstable.git
++ : daily-cron.linux-4.1
++ : git://git.qemu.org/qemu.git
++ : git://xenbits.xen.org/osstest/qemu.git
++ : osst...@xenbits.xen.org:/home/xen/git/osstest/qemu.git
++ : daily-cron.linux-4.1
+ TREE_LINUX=osst...@xenbits.xen.org:/home/xen/git/linux-pvops.git
+ TREE_QEMU_MAINLINE=osst...@xenbits.xen.org:/home/xen/git/osstest/qemu.git
+ 
TREE_QEMU_UPSTREAM=osst...@xenbits.xen.org:/home/xen/git/qemu-upstream-unstable.git
+ TREE_XEN=osst...@xenbits.xen.org:/home/xen/git/xen.git
+ TREE_LIBVIRT=osst...@xenbits.xen.org:/home/xen/git/libvirt.git
+ TREE_RUMPUSERXEN=osst...@xenbits.xen.org:/home/xen/git/rumpuser-xen.git
+ TREE_SEABIOS=osst...@xenbits.xen.org:/home/xen/git/osstest/seabios.git
+ TREE_OVMF=osst...@xenbits.xen.org:/home/xen/git/osstest/ovmf.git
+ info_linux_tree linux-4.1
+ case $1 in
+ : git://git.kernel.org/pub/scm/linux/kernel/git/stable/linux-stable.git
+ : linux-4.1.y
+ : linux-4.1.y
+ : git
+ : git
+ : git://xenbits.xen.org/linux-pvops.git
+ : osst...@xenbits.xen.org:/home/xen/git/linux-pvops.git
+ : tested/linux-4.1
+ : refs/heads/tested/linux-4.1
+ return 0
+ cd /home/osstest/repos/linux
+ git push osst...@xenbits.xen.org:/home/xen/git/linux-pvops.git 
352cb8677f83a6cf2139151578c8c79785d2d4bf:refs/heads/tested/linux-4.1
To osst...@xenbits.xen.org:/home/xen/git/linux-pvops.git
   89e4199..352cb86  352cb8677f83a6cf2139151578c8c79785d2d4bf -> 
tested/linux-4.1
+ exit 0

_______________________________________________
Xen-devel mailing list
Xen-devel@lists.xen.org
http://lists.xen.org/xen-devel

Reply via email to