flight 61129 libvirt real [real] http://logs.test-lab.xenproject.org/osstest/logs/61129/
Regressions :-( Tests which did not succeed and are blocking, including tests which could not be run: build-i386-pvops 5 kernel-build fail REGR. vs. 60848 build-i386 5 xen-build fail REGR. vs. 60848 build-amd64-xsm 5 xen-build fail REGR. vs. 60848 build-i386-xsm 5 xen-build fail REGR. vs. 60848 build-amd64 5 xen-build fail REGR. vs. 60848 Tests which did not succeed, but are not blocking: build-amd64-libvirt 1 build-check(1) blocked n/a build-i386-libvirt 1 build-check(1) blocked n/a test-amd64-amd64-libvirt 1 build-check(1) blocked n/a test-amd64-amd64-libvirt-pair 1 build-check(1) blocked n/a test-amd64-i386-libvirt-pair 1 build-check(1) blocked n/a test-amd64-amd64-libvirt-qemuu-debianhvm-amd64-xsm 1 build-check(1) blocked n/a test-amd64-amd64-libvirt-qcow2 1 build-check(1) blocked n/a test-amd64-i386-libvirt-qemuu-debianhvm-amd64-xsm 1 build-check(1) blocked n/a test-amd64-i386-libvirt 1 build-check(1) blocked n/a test-amd64-i386-libvirt-xsm 1 build-check(1) blocked n/a test-amd64-amd64-libvirt-vhd 1 build-check(1) blocked n/a test-amd64-amd64-libvirt-xsm 1 build-check(1) blocked n/a test-amd64-i386-libvirt-vhd 1 build-check(1) blocked n/a test-amd64-i386-libvirt-qcow2 1 build-check(1) blocked n/a test-amd64-i386-libvirt-raw 1 build-check(1) blocked n/a test-amd64-amd64-libvirt-raw 1 build-check(1) blocked n/a test-armhf-armhf-libvirt-vhd 9 debian-di-install fail never pass test-armhf-armhf-libvirt-qcow2 9 debian-di-install fail never pass test-armhf-armhf-libvirt 14 guest-saverestore fail never pass test-armhf-armhf-libvirt 12 migrate-support-check fail never pass test-armhf-armhf-libvirt-raw 9 debian-di-install fail never pass test-armhf-armhf-libvirt-xsm 12 migrate-support-check fail never pass test-armhf-armhf-libvirt-xsm 14 guest-saverestore fail never pass version targeted for testing: libvirt a0d2ceb32fe477adbc81fe415549bf495b0c529f baseline version: libvirt 7dc52241b314adb19ca4f0af156d772e3d5a29a5 Last test of basis 60848 2015-08-23 18:44:07 Z 8 days Failing since 60880 2015-08-25 23:18:39 Z 6 days 4 attempts Testing same since 61129 2015-09-01 00:33:38 Z 0 days 1 attempts ------------------------------------------------------------ People who touched revisions under test: Daniel P. Berrange <berra...@redhat.com> Erik Skultety <eskul...@redhat.com> Guido Günther <a...@sigxcpu.org> ik.nitk <ik.n...@gmail.com> intrigeri <intrig...@debian.org> Jim Fehlig <jfeh...@suse.com> John Ferlan <jfer...@redhat.com> Laine Stump <la...@laine.org> Luyao Huang <lhu...@redhat.com> Martin Kletzander <mklet...@redhat.com> Michal Privoznik <mpriv...@redhat.com> Moshe Levi <mosh...@mellanox.com> Peter Kieser <pe...@kieser.ca> Sergey Bronnikov <serg...@openvz.org> Tomas Meszaros <e...@tty.sk> Vasiliy Tolstov <v.tols...@selfip.ru> jobs: build-amd64-xsm fail build-armhf-xsm pass build-i386-xsm fail build-amd64 fail build-armhf pass build-i386 fail build-amd64-libvirt blocked build-armhf-libvirt pass build-i386-libvirt blocked build-amd64-pvops pass build-armhf-pvops pass build-i386-pvops fail test-amd64-amd64-libvirt-qemuu-debianhvm-amd64-xsm blocked test-amd64-i386-libvirt-qemuu-debianhvm-amd64-xsm blocked test-amd64-amd64-libvirt-xsm blocked test-armhf-armhf-libvirt-xsm fail test-amd64-i386-libvirt-xsm blocked test-amd64-amd64-libvirt blocked test-armhf-armhf-libvirt fail test-amd64-i386-libvirt blocked test-amd64-amd64-libvirt-pair blocked test-amd64-i386-libvirt-pair blocked test-amd64-amd64-libvirt-qcow2 blocked test-armhf-armhf-libvirt-qcow2 fail test-amd64-i386-libvirt-qcow2 blocked test-amd64-amd64-libvirt-raw blocked test-armhf-armhf-libvirt-raw fail test-amd64-i386-libvirt-raw blocked test-amd64-amd64-libvirt-vhd blocked test-armhf-armhf-libvirt-vhd fail test-amd64-i386-libvirt-vhd blocked ------------------------------------------------------------ sg-report-flight on osstest.test-lab.xenproject.org logs: /home/logs/logs images: /home/logs/images Logs, config files, etc. are available at http://logs.test-lab.xenproject.org/osstest/logs Explanation of these reports, and of osstest in general, is at http://xenbits.xen.org/gitweb/?p=osstest.git;a=blob;f=README.email;hb=master http://xenbits.xen.org/gitweb/?p=osstest.git;a=blob;f=README;hb=master Test harness code can be found at http://xenbits.xen.org/gitweb?p=osstest.git;a=summary Not pushing. (No revision log; it would be 676 lines long.)
_______________________________________________ Xen-devel mailing list Xen-devel@lists.xen.org http://lists.xen.org/xen-devel