flight 60547 linux-4.1 real [real]
http://logs.test-lab.xenproject.org/osstest/logs/60547/

Failures :-/ but no regressions.

Regressions which are regarded as allowable (not blocking):
 test-armhf-armhf-xl-rtds     11 guest-start                  fail   like 59909
 test-amd64-i386-xl-qemut-stubdom-debianhvm-amd64-xsm 9 debian-hvm-install fail 
like 59909
 test-amd64-amd64-rumpuserxen-amd64 15 
rumpuserxen-demo-xenstorels/xenstorels.repeat fail like 59960
 test-amd64-i386-xl-xsm       13 guest-saverestore            fail   like 60030
 test-amd64-amd64-xl-qemut-win7-amd64 16 guest-stop             fail like 60030
 test-amd64-amd64-xl-qemuu-win7-amd64 16 guest-stop             fail like 60030
 test-amd64-i386-pair        21 guest-migrate/src_host/dst_host fail like 60030
 test-amd64-i386-xl           13 guest-saverestore            fail   like 60030

Tests which did not succeed, but are not blocking:
 test-armhf-armhf-libvirt-qcow2  9 debian-di-install            fail never pass
 test-amd64-amd64-xl-pvh-intel 13 guest-saverestore            fail  never pass
 test-armhf-armhf-xl-raw       9 debian-di-install            fail   never pass
 test-armhf-armhf-libvirt-vhd  9 debian-di-install            fail   never pass
 test-armhf-armhf-xl-qcow2     9 debian-di-install            fail   never pass
 test-armhf-armhf-libvirt-raw  9 debian-di-install            fail   never pass
 test-amd64-i386-libvirt-xsm  12 migrate-support-check        fail   never pass
 test-amd64-amd64-libvirt-xsm 12 migrate-support-check        fail   never pass
 test-amd64-i386-libvirt-qcow2 11 migrate-support-check        fail  never pass
 test-armhf-armhf-xl-arndale  12 migrate-support-check        fail   never pass
 test-amd64-i386-libvirt      12 migrate-support-check        fail   never pass
 test-amd64-amd64-libvirt     12 migrate-support-check        fail   never pass
 test-amd64-amd64-libvirt-qcow2 11 migrate-support-check        fail never pass
 test-amd64-i386-libvirt-vhd  11 migrate-support-check        fail   never pass
 test-amd64-amd64-libvirt-raw 11 migrate-support-check        fail   never pass
 test-armhf-armhf-xl          12 migrate-support-check        fail   never pass
 test-armhf-armhf-xl-xsm      12 migrate-support-check        fail   never pass
 test-armhf-armhf-xl-cubietruck 12 migrate-support-check        fail never pass
 test-amd64-amd64-xl-pvh-amd  11 guest-start                  fail   never pass
 test-amd64-amd64-libvirt-vhd 11 migrate-support-check        fail   never pass
 test-armhf-armhf-xl-multivcpu 12 migrate-support-check        fail  never pass
 test-armhf-armhf-libvirt-xsm 12 migrate-support-check        fail   never pass
 test-amd64-i386-libvirt-raw  11 migrate-support-check        fail   never pass
 test-armhf-armhf-xl-vhd       9 debian-di-install            fail   never pass
 test-armhf-armhf-libvirt     12 migrate-support-check        fail   never pass
 test-armhf-armhf-xl-credit2  12 migrate-support-check        fail   never pass
 test-amd64-i386-xl-qemut-win7-amd64 16 guest-stop              fail never pass
 test-amd64-i386-xl-qemuu-win7-amd64 16 guest-stop              fail never pass

version targeted for testing:
 linux                89e419960fb6a260f6a112821507d516117d5aa1
baseline version:
 linux                c8bde72f9af412de57f0ceae218d648640118b0b

Last test of basis    60030  2015-07-27 16:52:24 Z    8 days
Testing same since    60547  2015-08-03 16:41:21 Z    1 days    1 attempts

------------------------------------------------------------
People who touched revisions under test:
  Aaro Koskinen <aaro.koski...@nokia.com>
  Aaron Brown <aaron.f.br...@intel.com>
  Adriana Reus <adriana.r...@intel.com>
  Al Viro <v...@zeniv.linux.org.uk>
  Alan Stern <st...@rowland.harvard.edu>
  Aleksei Mamlin <mamli...@gmail.com>
  Aleksei Volkov <i...@dv2c.ru>
  Alex Deucher <alexander.deuc...@amd.com>
  Alexander Aring <alex.ar...@gmail.com>
  Alexander Duyck <alexander.h.du...@redhat.com>
  Alexander Sverdlin <alexander.sverd...@nokia.com>
  Alexandre Belloni <alexandre.bell...@free-electrons.com>
  Alexandre Courbot <acour...@nvidia.com>
  Alexei Starovoitov <a...@plumgrid.com>
  Alexey Khoroshilov <khoroshi...@ispras.ru>
  Aman Deep <aman.d...@samsung.com>
  Andrew Morton <a...@linux-foundation.org>
  Andrey Ryabinin <a.ryabi...@samsung.com>
  Archit Taneja <arch...@codeaurora.org>
  Ard Biesheuvel <ard.biesheu...@linaro.org>
  Arnaldo Carvalho de Melo <a...@redhat.com>
  Arnd Bergmann <a...@arndb.de>
  Arne Fitzenreiter <arn...@ipfire.org>
  Axel Lin <axel....@ingics.com>
  Bo Shen <voice.s...@atmel.com>
  Bob Moore <robert.mo...@intel.com>
  Boris Brezillon <boris.brezil...@free-electrons.com>
  Borislav Petkov <b...@suse.de>
  Brian Foster <bfos...@redhat.com>
  Bryan Wu <coolo...@gmail.com>
  Catalin Marinas <catalin.mari...@arm.com>
  Charles Keepax <ckee...@opensource.wolfsonmicro.com>
  Chris Mason <c...@fb.com>
  Chris Metcalf <cmetc...@ezchip.com>
  Chris Wilson <ch...@chris-wilson.co.uk>
  Christian König <christian.koe...@amd.com>
  Christoffer Dall <christoffer.d...@linaro.org>
  Christophe Ricard <christophe-h.ric...@st.com>
  Christophe Ricard <christophe.ric...@gmail.com>
  Chuck Lever <chuck.le...@oracle.com>
  Chun-Yeow Yeoh <yeohchuny...@gmail.com>
  Claudio Cappelli <claudio.cappelli.li...@gmail.com>
  Colin Ian King <colin.k...@canonical.com>
  Constantine Shulyupin <co...@ctera.com>
  Constantine Shulyupin <co...@makelinux.com>
  Cyrille Pitchen <cyrille.pitc...@atmel.com>
  Damian Eppel <d.ep...@samsung.com>
  Dan Carpenter <dan.carpen...@oracle.com>
  Daniel Baluta <daniel.bal...@intel.com>
  Daniel Borkmann <dan...@iogearbox.net>
  Daniel Kurtz <djku...@chromium.org>
  Daniel Vetter <daniel.vet...@ffwll.ch>
  Daniel Vetter <daniel.vet...@intel.com>
  Darren Hart <dvh...@linux.intel.com>
  Darrick J. Wong <darrick.w...@oracle.com>
  Dave Airlie <airl...@redhat.com>
  Dave Chinner <da...@fromorbit.com>
  Dave Hansen <dave.han...@linux.intel.com>
  David Daney <david.da...@cavium.com>
  David Fries <da...@fries.net>
  David Howells <dhowe...@redhat.com>
  David Härdeman <da...@hardeman.nu>
  David Milburn <dmilb...@redhat.com>
  Dennis Yang <shinrai...@gmail.com>
  Devesh Sharma <devesh.sha...@avagotech.com>
  Ding Wang <justin.w...@spreadtrum.com>
  Dmitry Monakhov <dmonak...@openvz.org>
  Dmitry Torokhov <dmitry.torok...@gmail.com>
  Dmitry Tunin <hanipouspi...@gmail.com>
  Doug Ledford <dledf...@redhat.com>
  Dr. Greg Wettstein <g...@idfusion.org>
  Eliad Peller <el...@wizery.com>
  Eliad Peller <eliadx.pel...@intel.com>
  Emmanuel Grumbach <emmanuel.grumb...@intel.com>
  Eric Sandeen <sand...@redhat.com>
  Eryu Guan <guane...@gmail.com>
  Evgeniy Polyakov <z...@ioremap.net>
  Fabio Estevam <fabio.este...@freescale.com>
  Felipe Balbi <ba...@ti.com>
  Felix Fietkau <n...@openwrt.org>
  Fengguang Wu <fengguang...@intel.com>
  Filipe Manana <fdman...@suse.com>
  Firo Yang <fir...@gmail.com>
  Frediano Ziglio <fzig...@redhat.com>
  Geert Uytterhoeven <geert+rene...@glider.be>
  Geert Uytterhoeven <ge...@linux-m68k.org>
  Goldwyn Rodrigues <rgold...@suse.com>
  Grant Likely <grant.lik...@linaro.org>
  Greg Kroah-Hartman <gre...@linuxfoundation.org>
  Greg Ungerer <g...@uclinux.org>
  Gregory CLEMENT <gregory.clem...@free-electrons.com>
  Grigori Goronzy <g...@chown.ath.cx>
  Guenter Roeck <li...@roeck-us.net>
  Haggai Eran <haggai.e...@gmail.com>
  Hai Li <h...@codeaurora.org>
  Hans Verkuil <hans.verk...@cisco.com>
  Hans Verkuil <hverk...@xs4all.nl>
  Hartmut Knaack <knaac...@gmx.de>
  Heiko Przybyl <lil_...@web.de>
  Heiko Stuebner <he...@sntech.de>
  Hon Ching \\(Vicky\\) Lo <hon...@linux.vnet.ibm.com>
  Hon Ching(Vicky) Lo <hon...@linux.vnet.ibm.com>
  Huang Rui <ray.hu...@amd.com>
  Ian Abbott <abbo...@mev.co.uk>
  Ilya Dryomov <idryo...@gmail.com>
  Ingo Molnar <mi...@kernel.org>
  James Morris <james.l.mor...@oracle.com>
  Jan Leupold <leup...@rsi-elektrotechnik.de>
  Jani Nikula <jani.nik...@intel.com>
  Jarkko Sakkinen <jarkko.sakki...@linux.intel.com>
  Jason Gunthorpe <jguntho...@obsidianresearch.com>
  Jean Delvare <jdelv...@suse.de>
  Jeff Kirsher <jeffrey.t.kirs...@intel.com>
  Jeff Layton <jeff.lay...@primarydata.com>
  Jeff Layton <jlay...@poochiereds.net>
  Jens Axboe <ax...@fb.com>
  Jiang Liu <jiang....@linux.intel.com>
  Jingoo Han <jingooh...@gmail.com>
  JM Friedt <jmfri...@femto-st.fr>
  Joe Perches <j...@perches.com>
  Joe Thornber <e...@redhat.com>
  Johan Hedberg <johan.hedb...@intel.com>
  Johan Hovold <jo...@kernel.org>
  Johannes Berg <johannes.b...@intel.com>
  Johannes Thumshirn <jthumsh...@suse.de>
  John Stultz <john.stu...@linaro.org>
  John Youn <john.y...@synopsys.com>
  John Youn <johny...@synopsys.com>
  Jonathan Cameron <ji...@kernel.org>
  Joseph Qi <joseph...@huawei.com>
  Joy Latten <jmlat...@linux.vnet.ibm.com>
  Jérôme Glisse <jgli...@redhat.com>
  Kalle Valo <kv...@codeaurora.org>
  Kevin Hilman <khil...@linaro.org>
  Kirill A. Shutemov <kirill.shute...@linux.intel.com>
  Kishon Vijay Abraham I <kis...@ti.com>
  Konstantin Khlebnikov <khlebni...@yandex-team.ru>
  Krzysztof Kozlowski <k.kozlow...@samsung.com>
  Larry Finger <larry.fin...@lwfinger.net>
  Lars-Peter Clausen <l...@metafoo.de>
  Laurent Pinchart <laurent.pinchart+rene...@ideasonboard.com>
  Laurent Pinchart <laurent.pinch...@ideasonboard.com>
  Len Brown <len.br...@intel.com>
  Lennert Buytenhek <buyt...@wantstofly.org>
  Linus Torvalds <torva...@linux-foundation.org>
  Linus Walleij <linus.wall...@linaro.org>
  Lior Amsalem <al...@marvell.com>
  Lu Baolu <baolu...@linux.intel.com>
  Ludovic Desroches <ludovic.desroc...@atmel.com>
  ludovic.desroc...@atmel.com <ludovic.desroc...@atmel.com>
  Lukas Czerner <lczer...@redhat.com>
  Lv Zheng <lv.zh...@intel.com>
  Malcolm Priestley <tvbox...@gmail.com>
  Marc Zyngier <marc.zyng...@arm.com>
  Marcel Holtmann <mar...@holtmann.org>
  Marcin Jabrzyk <m.jabr...@samsung.com>
  Mario Kleiner <mario.kleiner...@gmail.com>
  Mark Brown <broo...@kernel.org>
  Martin K. Petersen <martin.peter...@oracle.com>
  Masahiro Yamada <yamada.masah...@socionext.com>
  Mathias Nyman <mathias.ny...@linux.intel.com>
  Mauro Carvalho Chehab <mche...@osg.samsung.com>
  Maxime Ripard <maxime.rip...@free-electrons.com>
  Michal Hocko <mho...@suse.cz>
  Michal Kazior <michal.kaz...@tieto.com>
  Michal Nazarewicz <min...@mina86.com>
  Michał Winiarski <michal.winiar...@intel.com>
  Michel Dänzer <michel.daen...@amd.com>
  Michel Thierry <michel.thie...@intel.com>
  Mike Snitzer <snit...@redhat.com>
  Miklos Szeredi <mszer...@suse.cz>
  Mikulas Patocka <miku...@twibright.com>
  Mikulas Patocka <mpato...@redhat.com>
  Mimi Zohar <zo...@linux.vnet.ibm.com>
  Ming Lei <ming....@canonical.com>
  Naoya Horiguchi <n-horigu...@ah.jp.nec.com>
  Nathan Lynch <nathan_ly...@mentor.com>
  NeilBrown <n...@brown.name>
  NeilBrown <ne...@suse.com>
  NeilBrown <ne...@suse.de>
  Nick Stevens <nick.stev...@digi.com>
  Nicolas Boichat <drink...@chromium.org>
  Nicolas Ferre <nicolas.fe...@atmel.com>
  Nikolay Borisov <ker...@kyup.com>
  Oleg Nesterov <o...@redhat.com>
  Olga Kornievskaia <ko...@netapp.com>
  Omar Sandoval <osan...@osandov.com>
  Pali Rohár <pali.ro...@gmail.com>
  Paul Moore <pmo...@redhat.com>
  Pawel Moll <pawel.m...@arm.com>
  Peter Chen <peter.c...@freescale.com>
  Peter Huewe <peterhu...@gmx.de>
  Peter Meerwald <pme...@pmeerw.net>
  Peter Sanford <pe...@sanford.io>
  Peter Ujfalusi <peter.ujfal...@ti.com>
  Philippe Coval <philippe.co...@open.eurogiciel.org>
  Rafael J. Wysocki <rafael.j.wyso...@intel.com>
  Richard Fitzgerald <r...@opensource.wolfsonmicro.com>
  Rob Clark <robdcl...@gmail.com>
  Rob Herring <r...@kernel.org>
  Robert Schlabbach <robert.schlabb...@gmx.net>
  Robert Schlabbach <rober...@gmx.net>
  Roberto Sassu <rsa...@suse.de>
  Rodrigo Vivi <rodrigo.v...@intel.com>
  Rui Miguel Silva <rui.si...@linaro.org>
  Rui Tiago Cação Matos <tiagoma...@gmail.com>
  Russell King <rmk+ker...@arm.linux.org.uk>
  Samuel Ortiz <sa...@linux.intel.com>
  Sanidhya Kashyap <sanidhya.gat...@gmail.com>
  Sekhar Nori <nsek...@ti.com>
  Sergey Senozhatsky <sergey.senozhat...@gmail.com>
  Seunguk Shin <seunguk.s...@samsung.com>
  Shao Fu <sha...@realtek.com>
  Shawn Guo <shawn....@linaro.org>
  Srikar Dronamraju <sri...@linux.vnet.ibm.com>
  Srinivas Pandruvada <srinivas.pandruv...@linux.intel.com>
  Stefan Agner <ste...@agner.ch>
  Stefan Wahren <stefan.wah...@i2se.com>
  Stephen Boyd <sb...@codeaurora.org>
  Stephen Smalley <s...@tycho.nsa.gov>
  Steven Rostedt (Red Hat) <rost...@goodmis.org>
  Steven Rostedt <rost...@goodmis.org>
  Stevens, Nick <nick.stev...@digi.com>
  Subbaraya Sundeep Bhatta <sbha...@xilinx.com>
  Subbaraya Sundeep Bhatta <subbaraya.sundeep.bha...@xilinx.com>
  sundeep subbaraya <sundeep.l...@gmail.com>
  Szabolcs Nagy <szabolcs.n...@arm.com>
  Takashi Iwai <ti...@suse.de>
  Tedd Ho-Jeong An <tedd...@intel.com>
  Tejun Heo <t...@kernel.org>
  Theodore Ts'o <ty...@mit.edu>
  Thierry Reding <tred...@nvidia.com>
  Thomas Gleixner <t...@linutronix.de>
  Thomas Hebb <tommyh...@gmail.com>
  Thomas Petazzoni <thomas.petazz...@free-electrons.com>
  Thomas Reitmayr <treitm...@devbase.at>
  Thorsten Bschorr <thors...@bschorr.de>
  Tomas Elf <tomas....@intel.com>
  Tomas Winkler <tomas.wink...@intel.com>
  Trond Myklebust <trond.mykleb...@primarydata.com>
  Tvrtko Ursulin <tvrtko.ursu...@intel.com>
  Ulf Hansson <ulf.hans...@linaro.org>
  Uwe Kleine-König <u.kleine-koe...@pengutronix.de>
  Vasily Averin <v...@virtuozzo.com>
  Vincent Fann <vincent_f...@realtek.com>
  Vinod Koul <vinod.k...@intel.com>
  Will Deacon <will.dea...@arm.com>
  Wim Van Sebroeck <w...@iguana.be>
  Wolfram Sang <w...@the-dreams.de>
  Xi Wang <xi.w...@gmail.com>
  Yiwen Jiang <jiangyi...@huawei.com>
  Zhao Junwang <zhjw...@gmail.com>
  Zidan Wang <zidan.w...@freescale.com>
  Łukasz Gemborowski <lukasz.gemborow...@nokia.com>

jobs:
 build-amd64-xsm                                              pass
 build-armhf-xsm                                              pass
 build-i386-xsm                                               pass
 build-amd64                                                  pass
 build-armhf                                                  pass
 build-i386                                                   pass
 build-amd64-libvirt                                          pass
 build-armhf-libvirt                                          pass
 build-i386-libvirt                                           pass
 build-amd64-pvops                                            pass
 build-armhf-pvops                                            pass
 build-i386-pvops                                             pass
 build-amd64-rumpuserxen                                      pass
 build-i386-rumpuserxen                                       pass
 test-amd64-amd64-xl                                          pass
 test-armhf-armhf-xl                                          pass
 test-amd64-i386-xl                                           fail
 test-amd64-amd64-xl-qemut-debianhvm-amd64-xsm                pass
 test-amd64-i386-xl-qemut-debianhvm-amd64-xsm                 pass
 test-amd64-amd64-xl-qemuu-debianhvm-amd64-xsm                pass
 test-amd64-i386-xl-qemuu-debianhvm-amd64-xsm                 pass
 test-amd64-amd64-xl-qemut-stubdom-debianhvm-amd64-xsm        pass
 test-amd64-i386-xl-qemut-stubdom-debianhvm-amd64-xsm         fail
 test-amd64-amd64-libvirt-xsm                                 pass
 test-armhf-armhf-libvirt-xsm                                 pass
 test-amd64-i386-libvirt-xsm                                  pass
 test-amd64-amd64-xl-xsm                                      pass
 test-armhf-armhf-xl-xsm                                      pass
 test-amd64-i386-xl-xsm                                       fail
 test-amd64-amd64-xl-pvh-amd                                  fail
 test-amd64-i386-qemut-rhel6hvm-amd                           pass
 test-amd64-i386-qemuu-rhel6hvm-amd                           pass
 test-amd64-amd64-xl-qemut-debianhvm-amd64                    pass
 test-amd64-i386-xl-qemut-debianhvm-amd64                     pass
 test-amd64-amd64-xl-qemuu-debianhvm-amd64                    pass
 test-amd64-i386-xl-qemuu-debianhvm-amd64                     pass
 test-amd64-i386-freebsd10-amd64                              pass
 test-amd64-amd64-xl-qemuu-ovmf-amd64                         pass
 test-amd64-i386-xl-qemuu-ovmf-amd64                          pass
 test-amd64-amd64-rumpuserxen-amd64                           fail
 test-amd64-amd64-xl-qemut-win7-amd64                         fail
 test-amd64-i386-xl-qemut-win7-amd64                          fail
 test-amd64-amd64-xl-qemuu-win7-amd64                         fail
 test-amd64-i386-xl-qemuu-win7-amd64                          fail
 test-armhf-armhf-xl-arndale                                  pass
 test-amd64-amd64-xl-credit2                                  pass
 test-armhf-armhf-xl-credit2                                  pass
 test-armhf-armhf-xl-cubietruck                               pass
 test-amd64-i386-freebsd10-i386                               pass
 test-amd64-i386-rumpuserxen-i386                             pass
 test-amd64-amd64-xl-pvh-intel                                fail
 test-amd64-i386-qemut-rhel6hvm-intel                         pass
 test-amd64-i386-qemuu-rhel6hvm-intel                         pass
 test-amd64-amd64-libvirt                                     pass
 test-armhf-armhf-libvirt                                     pass
 test-amd64-i386-libvirt                                      pass
 test-amd64-amd64-xl-multivcpu                                pass
 test-armhf-armhf-xl-multivcpu                                pass
 test-amd64-amd64-pair                                        pass
 test-amd64-i386-pair                                         fail
 test-amd64-amd64-amd64-pvgrub                                pass
 test-amd64-amd64-i386-pvgrub                                 pass
 test-amd64-amd64-pygrub                                      pass
 test-amd64-amd64-libvirt-qcow2                               pass
 test-armhf-armhf-libvirt-qcow2                               fail
 test-amd64-i386-libvirt-qcow2                                pass
 test-amd64-amd64-xl-qcow2                                    pass
 test-armhf-armhf-xl-qcow2                                    fail
 test-amd64-i386-xl-qcow2                                     pass
 test-amd64-amd64-libvirt-raw                                 pass
 test-armhf-armhf-libvirt-raw                                 fail
 test-amd64-i386-libvirt-raw                                  pass
 test-amd64-amd64-xl-raw                                      pass
 test-armhf-armhf-xl-raw                                      fail
 test-amd64-i386-xl-raw                                       pass
 test-amd64-amd64-xl-rtds                                     pass
 test-armhf-armhf-xl-rtds                                     fail
 test-amd64-i386-xl-qemut-winxpsp3-vcpus1                     pass
 test-amd64-i386-xl-qemuu-winxpsp3-vcpus1                     pass
 test-amd64-amd64-libvirt-vhd                                 pass
 test-armhf-armhf-libvirt-vhd                                 fail
 test-amd64-i386-libvirt-vhd                                  pass
 test-amd64-amd64-xl-vhd                                      pass
 test-armhf-armhf-xl-vhd                                      fail
 test-amd64-i386-xl-vhd                                       pass
 test-amd64-amd64-xl-qemut-winxpsp3                           pass
 test-amd64-i386-xl-qemut-winxpsp3                            pass
 test-amd64-amd64-xl-qemuu-winxpsp3                           pass
 test-amd64-i386-xl-qemuu-winxpsp3                            pass


------------------------------------------------------------
sg-report-flight on osstest.test-lab.xenproject.org
logs: /home/logs/logs
images: /home/logs/images

Logs, config files, etc. are available at
    http://logs.test-lab.xenproject.org/osstest/logs

Explanation of these reports, and of osstest in general, is at
    http://xenbits.xen.org/gitweb/?p=osstest.git;a=blob;f=README.email;hb=master
    http://xenbits.xen.org/gitweb/?p=osstest.git;a=blob;f=README;hb=master

Test harness code can be found at
    http://xenbits.xen.org/gitweb?p=osstest.git;a=summary


Pushing revision :

+ branch=linux-4.1
+ revision=89e419960fb6a260f6a112821507d516117d5aa1
+ . cri-lock-repos
++ . cri-common
+++ . cri-getconfig
+++ umask 002
+++ getrepos
++++ getconfig Repos
++++ perl -e '
                use Osstest;
                readglobalconfig();
                print $c{"Repos"} or die $!;
        '
+++ local repos=/home/osstest/repos
+++ '[' -z /home/osstest/repos ']'
+++ '[' '!' -d /home/osstest/repos ']'
+++ echo /home/osstest/repos
++ repos=/home/osstest/repos
++ repos_lock=/home/osstest/repos/lock
++ '[' x '!=' x/home/osstest/repos/lock ']'
++ OSSTEST_REPOS_LOCK_LOCKED=/home/osstest/repos/lock
++ exec with-lock-ex -w /home/osstest/repos/lock ./ap-push linux-4.1 
89e419960fb6a260f6a112821507d516117d5aa1
+ branch=linux-4.1
+ revision=89e419960fb6a260f6a112821507d516117d5aa1
+ . cri-lock-repos
++ . cri-common
+++ . cri-getconfig
+++ umask 002
+++ getrepos
++++ getconfig Repos
++++ perl -e '
                use Osstest;
                readglobalconfig();
                print $c{"Repos"} or die $!;
        '
+++ local repos=/home/osstest/repos
+++ '[' -z /home/osstest/repos ']'
+++ '[' '!' -d /home/osstest/repos ']'
+++ echo /home/osstest/repos
++ repos=/home/osstest/repos
++ repos_lock=/home/osstest/repos/lock
++ '[' x/home/osstest/repos/lock '!=' x/home/osstest/repos/lock ']'
+ . cri-common
++ . cri-getconfig
++ umask 002
+ select_xenbranch
+ case "$branch" in
+ tree=linux
+ xenbranch=xen-unstable
+ '[' xlinux = xlinux ']'
+ linuxbranch=linux-4.1
+ '[' x = x ']'
+ qemuubranch=qemu-upstream-unstable
+ : tested/2.6.39.x
+ . ap-common
++ : osst...@xenbits.xen.org
+++ getconfig OsstestUpstream
+++ perl -e '
                use Osstest;
                readglobalconfig();
                print $c{"OsstestUpstream"} or die $!;
        '
++ :
++ : git://xenbits.xen.org/xen.git
++ : osst...@xenbits.xen.org:/home/xen/git/xen.git
++ : git://xenbits.xen.org/staging/qemu-xen-unstable.git
++ : git://git.kernel.org
++ : git://git.kernel.org/pub/scm/linux/kernel/git
++ : git
++ : git://xenbits.xen.org/libvirt.git
++ : osst...@xenbits.xen.org:/home/xen/git/libvirt.git
++ : git://xenbits.xen.org/libvirt.git
++ : git://xenbits.xen.org/rumpuser-xen.git
++ : git
++ : git://xenbits.xen.org/rumpuser-xen.git
++ : osst...@xenbits.xen.org:/home/xen/git/rumpuser-xen.git
+++ besteffort_repo https://github.com/rumpkernel/rumpkernel-netbsd-src
+++ local repo=https://github.com/rumpkernel/rumpkernel-netbsd-src
+++ cached_repo https://github.com/rumpkernel/rumpkernel-netbsd-src 
'[fetch=try]'
+++ local repo=https://github.com/rumpkernel/rumpkernel-netbsd-src
+++ local 'options=[fetch=try]'
++++ getconfig GitCacheProxy
++++ perl -e '
                use Osstest;
                readglobalconfig();
                print $c{"GitCacheProxy"} or die $!;
        '
+++ local cache=git://cache:9419/
+++ '[' xgit://cache:9419/ '!=' x ']'
+++ echo 
'git://cache:9419/https://github.com/rumpkernel/rumpkernel-netbsd-src%20[fetch=try]'
++ : 
'git://cache:9419/https://github.com/rumpkernel/rumpkernel-netbsd-src%20[fetch=try]'
++ : git
++ : git://git.seabios.org/seabios.git
++ : osst...@xenbits.xen.org:/home/xen/git/osstest/seabios.git
++ : git://xenbits.xen.org/osstest/seabios.git
++ : https://github.com/tianocore/edk2.git
++ : osst...@xenbits.xen.org:/home/xen/git/osstest/ovmf.git
++ : git://xenbits.xen.org/osstest/ovmf.git
++ : git://xenbits.xen.org/osstest/linux-firmware.git
++ : osst...@xenbits.xen.org:/home/osstest/ext/linux-firmware.git
++ : git://git.kernel.org/pub/scm/linux/kernel/git/firmware/linux-firmware.git
++ : osst...@xenbits.xen.org:/home/xen/git/linux-pvops.git
++ : git://xenbits.xen.org/linux-pvops.git
++ : tested/linux-3.14
++ : tested/linux-arm-xen
++ '[' xgit://git.kernel.org/pub/scm/linux/kernel/git/stable/linux-stable.git = 
x ']'
++ '[' xgit://git.kernel.org/pub/scm/linux/kernel/git/stable/linux-stable.git = 
x ']'
++ : git://git.kernel.org/pub/scm/linux/kernel/git/konrad/xen.git
++ : tested/2.6.39.x
++ : daily-cron.linux-4.1
++ : daily-cron.linux-4.1
++ : daily-cron.linux-4.1
++ : daily-cron.linux-4.1
++ : daily-cron.linux-4.1
++ : daily-cron.linux-4.1
++ : http://hg.uk.xensource.com/carbon/trunk/linux-2.6.27
++ : git://xenbits.xen.org/staging/qemu-upstream-unstable.git
++ : daily-cron.linux-4.1
++ : git://git.qemu.org/qemu.git
++ : git://xenbits.xen.org/osstest/qemu.git
++ : osst...@xenbits.xen.org:/home/xen/git/osstest/qemu.git
++ : daily-cron.linux-4.1
+ TREE_LINUX=osst...@xenbits.xen.org:/home/xen/git/linux-pvops.git
+ TREE_QEMU_MAINLINE=osst...@xenbits.xen.org:/home/xen/git/osstest/qemu.git
+ 
TREE_QEMU_UPSTREAM=osst...@xenbits.xen.org:/home/xen/git/qemu-upstream-unstable.git
+ TREE_XEN=osst...@xenbits.xen.org:/home/xen/git/xen.git
+ TREE_LIBVIRT=osst...@xenbits.xen.org:/home/xen/git/libvirt.git
+ TREE_RUMPUSERXEN=osst...@xenbits.xen.org:/home/xen/git/rumpuser-xen.git
+ TREE_SEABIOS=osst...@xenbits.xen.org:/home/xen/git/osstest/seabios.git
+ TREE_OVMF=osst...@xenbits.xen.org:/home/xen/git/osstest/ovmf.git
+ info_linux_tree linux-4.1
+ case $1 in
+ : git://git.kernel.org/pub/scm/linux/kernel/git/stable/linux-stable.git
+ : linux-4.1.y
+ : linux-4.1.y
+ : git
+ : git
+ : git://xenbits.xen.org/linux-pvops.git
+ : osst...@xenbits.xen.org:/home/xen/git/linux-pvops.git
+ : tested/linux-4.1
+ : refs/heads/tested/linux-4.1
+ return 0
+ cd /home/osstest/repos/linux
+ git push osst...@xenbits.xen.org:/home/xen/git/linux-pvops.git 
89e419960fb6a260f6a112821507d516117d5aa1:refs/heads/tested/linux-4.1
To osst...@xenbits.xen.org:/home/xen/git/linux-pvops.git
   c8bde72..89e4199  89e419960fb6a260f6a112821507d516117d5aa1 -> 
tested/linux-4.1
+ exit 0

_______________________________________________
Xen-devel mailing list
Xen-devel@lists.xen.org
http://lists.xen.org/xen-devel

Reply via email to