flight 59908 qemu-mainline real [real] http://logs.test-lab.xenproject.org/osstest/logs/59908/
Regressions :-( Tests which did not succeed and are blocking, including tests which could not be run: test-amd64-i386-freebsd10-i386 12 guest-saverestore fail REGR. vs. 59059 test-amd64-i386-xl-qemuu-ovmf-amd64 11 guest-saverestore fail REGR. vs. 59059 test-amd64-i386-xl-qemuu-debianhvm-amd64 11 guest-saverestore fail REGR. vs. 59059 test-amd64-i386-xl-qemuu-debianhvm-amd64-xsm 11 guest-saverestore fail REGR. vs. 59059 test-amd64-i386-xl-qemuu-winxpsp3-vcpus1 11 guest-saverestore fail REGR. vs. 59059 test-amd64-amd64-xl-qemuu-debianhvm-amd64 11 guest-saverestore fail REGR. vs. 59059 test-amd64-amd64-xl-qemuu-ovmf-amd64 11 guest-saverestore fail REGR. vs. 59059 test-amd64-amd64-xl-qemuu-winxpsp3 11 guest-saverestore fail REGR. vs. 59059 test-amd64-i386-freebsd10-amd64 12 guest-saverestore fail REGR. vs. 59059 test-amd64-i386-xl-qemuu-winxpsp3 11 guest-saverestore fail REGR. vs. 59059 test-amd64-amd64-xl-qemuu-debianhvm-amd64-xsm 11 guest-saverestore fail REGR. vs. 59059 test-amd64-amd64-xl-qemuu-win7-amd64 11 guest-saverestore fail REGR. vs. 59059 test-amd64-i386-xl-qemuu-win7-amd64 11 guest-saverestore fail REGR. vs. 59059 Regressions which are regarded as allowable (not blocking): test-armhf-armhf-xl-rtds 14 guest-start.2 fail REGR. vs. 59059 Tests which did not succeed, but are not blocking: test-amd64-i386-libvirt 12 migrate-support-check fail never pass test-amd64-amd64-xl-pvh-intel 11 guest-start fail never pass test-amd64-amd64-libvirt 12 migrate-support-check fail never pass test-armhf-armhf-xl-multivcpu 12 migrate-support-check fail never pass test-amd64-i386-libvirt-xsm 12 migrate-support-check fail never pass test-amd64-amd64-libvirt-xsm 12 migrate-support-check fail never pass test-armhf-armhf-xl-cubietruck 12 migrate-support-check fail never pass test-armhf-armhf-xl-rtds 12 migrate-support-check fail never pass test-armhf-armhf-xl-arndale 12 migrate-support-check fail never pass test-amd64-amd64-xl-pvh-amd 11 guest-start fail never pass test-armhf-armhf-libvirt-xsm 12 migrate-support-check fail never pass test-armhf-armhf-libvirt 12 migrate-support-check fail never pass test-armhf-armhf-xl-xsm 12 migrate-support-check fail never pass test-armhf-armhf-xl 12 migrate-support-check fail never pass test-armhf-armhf-xl-credit2 12 migrate-support-check fail never pass version targeted for testing: qemuu f793d97e454a56d17e404004867985622ca1a63b baseline version: qemuu 35360642d043c2a5366e8a04a10e5545e7353bd5 Last test of basis 59059 2015-07-05 10:39:20 Z 20 days Failing since 59109 2015-07-06 14:58:21 Z 19 days 27 attempts Testing same since 59877 2015-07-24 18:03:38 Z 0 days 2 attempts ------------------------------------------------------------ People who touched revisions under test: Alberto Garcia <be...@igalia.com> Alex Williamson <alex.william...@redhat.com> Alexander Graf <ag...@suse.de> Alexey Kardashevskiy <a...@ozlabs.ru> Alvise Rigo <a.r...@virtualopensystems.com> Amit Shah <amit.s...@redhat.com> Andreas Färber <afaer...@suse.de> Andrew Bennett <andrew.benn...@imgtec.com> Andrew Jones <drjo...@redhat.com> Artyom Tarasenko <atar4q...@gmail.com> Aurelien Jarno <aurel...@aurel32.net> Benjamin Herrenschmidt <b...@kernel.crashing.org> Bharata B Rao <bhar...@linux.vnet.com> Bharata B Rao <bhar...@linux.vnet.ibm.com> Brian Kress <kre...@moose.net> Chen Hanxiao <chenhanx...@cn.fujitsu.com> Christian Borntraeger <borntrae...@de.ibm.com> Christoffer Dall <christoffer.d...@linaro.org> Christoph Hellwig <h...@lst.de> Christophe Fergeau <cferg...@redhat.com> Claudio Fontana <claudio.font...@huawei.com> Cormac O'Brien <i.am.cormac.obr...@gmail.com> Cornelia Huck <cornelia.h...@de.ibm.com> Dana Rubin <dana.ru...@ravellosystems.com> Daniel P. Berrange <berra...@redhat.com> David Gibson <da...@gibson.dropbear.id.au> Denis V. Lunev <d...@openvz.org> Dmitry Osipenko <dig...@gmail.com> Dmitry Poletaev <poletaev-q...@yandex.ru> Dr. David Alan Gilbert <dgilb...@redhat.com> Eduardo Habkost <ehabk...@redhat.com> Eric Auger <eric.au...@linaro.org> Fam Zheng <f...@redhat.com> Frediano Ziglio <fzig...@redhat.com> Gabriel Laupre <glau...@chelsio.com> Gavin Shan <gws...@linux.vnet.ibm.com> Gerd Hoffmann <kra...@redhat.com> Gonglei <arei.gong...@huawei.com> Greg Kurz <gk...@linux.vnet.ibm.com> Hannes Reinecke <h...@suse.de> Hervé Poussineau <hpous...@reactos.org> Igor Mammedov <imamm...@redhat.com> James Hogan <james.ho...@imgtec.com> Jan Kiszka <jan.kis...@siemens.com> Jason Wang <jasow...@redhat.com> Jeff Cody <jc...@redhat.com> Johannes Schlatow <schla...@ida.ing.tu-bs.de> John Snow <js...@redhat.com> Josh Durgin <jdur...@redhat.com> Juan Quintela <quint...@redhat.com> Justin Ossevoort <jus...@quarantainenet.nl> Keith Busch <keith.bu...@intel.com> Kevin Wolf <kw...@redhat.com> Kirk Allan <kal...@suse.com> Laszlo Ersek <ler...@redhat.com> Laurent Vivier <laur...@vivier.eu> Laurent Vivier <lviv...@redhat.com> Leon Alrae <leon.al...@imgtec.com> Li Zhijian <lizhij...@cn.fujitsu.com> Liang Li <liang.z...@intel.com> Lin Ma <l...@suse.com> Marc-André Lureau <marcandre.lur...@redhat.com> Markus Armbruster <arm...@redhat.com> Martin Kletzander <mklet...@redhat.com> Matthew Rosato <mjros...@linux.vnet.ibm.com> Max Filippov <jcmvb...@gmail.com> Michael Roth <mdr...@linux.vnet.ibm.com> Michael S. Tsirkin <m...@redhat.com> Nikunj A Dadhania <nik...@linux.vnet.ibm.com> Nils Carlson <pyssl...@ludd.ltu.se> Olga Krishtal <okrish...@parallels.com> Olga Krishtal <okrish...@virtuozzo.com> Pankaj Gupta <pagu...@redhat.com> Paolo Bonzini <pbonz...@redhat.com> Paul Durrant <paul.durr...@citrix.com> Paulo Alcantara <pca...@gmail.com> Paulo Alcantara <pca...@zytor.com> Peter Crosthwaite <crosthwaite.pe...@gmail.com> Peter Crosthwaite <crosthwaitepe...@gmail.com> Peter Maydell <peter.mayd...@linaro.org> Radim KrÄmáŠ<rkrc...@redhat.com> Richard Henderson <r...@twiddle.net> Richard W.M. Jones <rjo...@redhat.com> Scott Feldman <sfel...@gmail.com> Sergey Fedorov <serge.f...@gmail.com> Shmulik Ladkani <shmulik.ladk...@ravellosystems.com> Stefan Fritsch <s...@sfritsch.de> Stefan Hajnoczi <stefa...@redhat.com> Stefan Weil <s...@weilnetz.de> Ting Wang <kathy.wangt...@huawei.com> Vikram Sethi <vikr...@codeaurora.org> Wen Congyang <we...@cn.fujitsu.com> Wenshuang Ma <kevin...@tencent.com> Wolfgang Bumiller <w.bumil...@proxmox.com> Xu Wang <gesa...@linux.vnet.ibm.com> Yongbok Kim <yongbok....@imgtec.com> 马æé <kevin...@tencent.com> jobs: build-amd64-xsm pass build-armhf-xsm pass build-i386-xsm pass build-amd64 pass build-armhf pass build-i386 pass build-amd64-libvirt pass build-armhf-libvirt pass build-i386-libvirt pass build-amd64-pvops pass build-armhf-pvops pass build-i386-pvops pass test-amd64-amd64-xl pass test-armhf-armhf-xl pass test-amd64-i386-xl pass test-amd64-amd64-xl-qemuu-debianhvm-amd64-xsm fail test-amd64-i386-xl-qemuu-debianhvm-amd64-xsm fail test-amd64-amd64-libvirt-xsm pass test-armhf-armhf-libvirt-xsm pass test-amd64-i386-libvirt-xsm pass test-amd64-amd64-xl-xsm pass test-armhf-armhf-xl-xsm pass test-amd64-i386-xl-xsm pass test-amd64-amd64-xl-pvh-amd fail test-amd64-i386-qemuu-rhel6hvm-amd pass test-amd64-amd64-xl-qemuu-debianhvm-amd64 fail test-amd64-i386-xl-qemuu-debianhvm-amd64 fail test-amd64-i386-freebsd10-amd64 fail test-amd64-amd64-xl-qemuu-ovmf-amd64 fail test-amd64-i386-xl-qemuu-ovmf-amd64 fail test-amd64-amd64-xl-qemuu-win7-amd64 fail test-amd64-i386-xl-qemuu-win7-amd64 fail test-armhf-armhf-xl-arndale pass test-amd64-amd64-xl-credit2 pass test-armhf-armhf-xl-credit2 pass test-armhf-armhf-xl-cubietruck pass test-amd64-i386-freebsd10-i386 fail test-amd64-amd64-xl-pvh-intel fail test-amd64-i386-qemuu-rhel6hvm-intel pass test-amd64-amd64-libvirt pass test-armhf-armhf-libvirt pass test-amd64-i386-libvirt pass test-amd64-amd64-xl-multivcpu pass test-armhf-armhf-xl-multivcpu pass test-amd64-amd64-pair pass test-amd64-i386-pair pass test-amd64-amd64-xl-rtds pass test-armhf-armhf-xl-rtds fail test-amd64-i386-xl-qemuu-winxpsp3-vcpus1 fail test-amd64-amd64-xl-qemuu-winxpsp3 fail test-amd64-i386-xl-qemuu-winxpsp3 fail ------------------------------------------------------------ sg-report-flight on osstest.test-lab.xenproject.org logs: /home/logs/logs images: /home/logs/images Logs, config files, etc. are available at http://logs.test-lab.xenproject.org/osstest/logs Explanation of these reports, and of osstest in general, is at http://xenbits.xen.org/gitweb/?p=osstest.git;a=blob;f=README.email;hb=master http://xenbits.xen.org/gitweb/?p=osstest.git;a=blob;f=README;hb=master Test harness code can be found at http://xenbits.xen.org/gitweb?p=osstest.git;a=summary Not pushing. (No revision log; it would be 7694 lines long.)
_______________________________________________ Xen-devel mailing list Xen-devel@lists.xen.org http://lists.xen.org/xen-devel