flight 59837 linux-4.1 real [real] http://logs.test-lab.xenproject.org/osstest/logs/59837/
Regressions :-( Tests which did not succeed and are blocking, including tests which could not be run: test-amd64-i386-xl-xsm 13 guest-saverestore fail REGR. vs. 59393 test-amd64-i386-pair 21 guest-migrate/src_host/dst_host fail REGR. vs. 59393 test-amd64-i386-xl 13 guest-saverestore fail REGR. vs. 59393 Tests which are failing intermittently (not blocking): test-amd64-i386-xl-qemut-win7-amd64 3 host-install(3) broken pass in 59811 test-amd64-amd64-xl-pvh-amd 9 debian-install fail pass in 59811 Regressions which are regarded as allowable (not blocking): test-amd64-amd64-xl-qemuu-win7-amd64 16 guest-stop fail REGR. vs. 59393 test-amd64-i386-xl-qemut-stubdom-debianhvm-amd64-xsm 11 guest-saverestore fail in 59811 like 59893-bisect test-amd64-amd64-xl-qemut-win7-amd64 16 guest-stop fail like 59393 test-amd64-i386-xl-qemut-stubdom-debianhvm-amd64-xsm 9 debian-hvm-install fail like 59863-bisect Tests which did not succeed, but are not blocking: test-amd64-amd64-xl-pvh-amd 11 guest-start fail in 59811 never pass test-amd64-i386-xl-qemut-win7-amd64 16 guest-stop fail in 59811 never pass test-amd64-amd64-xl-pvh-intel 13 guest-saverestore fail never pass test-amd64-amd64-libvirt-xsm 12 migrate-support-check fail never pass test-amd64-amd64-libvirt 12 migrate-support-check fail never pass test-armhf-armhf-xl-arndale 12 migrate-support-check fail never pass test-armhf-armhf-xl-xsm 12 migrate-support-check fail never pass test-armhf-armhf-xl-multivcpu 12 migrate-support-check fail never pass test-armhf-armhf-xl-rtds 11 guest-start fail never pass test-armhf-armhf-libvirt 12 migrate-support-check fail never pass test-armhf-armhf-libvirt-xsm 12 migrate-support-check fail never pass test-armhf-armhf-xl 12 migrate-support-check fail never pass test-amd64-i386-libvirt-xsm 12 migrate-support-check fail never pass test-armhf-armhf-xl-cubietruck 12 migrate-support-check fail never pass test-armhf-armhf-xl-credit2 12 migrate-support-check fail never pass test-amd64-i386-libvirt 12 migrate-support-check fail never pass test-amd64-i386-xl-qemuu-win7-amd64 16 guest-stop fail never pass version targeted for testing: linux c8bde72f9af412de57f0ceae218d648640118b0b baseline version: linux 5cf9896dc5c72a6c68c36140568b755f697f7760 Last test of basis 59393 2015-07-10 17:14:15 Z 14 days Testing same since 59811 2015-07-22 00:43:01 Z 3 days 2 attempts ------------------------------------------------------------ People who touched revisions under test: "Eric W. Biederman" <ebied...@xmission.com> Aaron Lu <aaron...@intel.com> Alex Deucher <alexander.deuc...@amd.com> Alex Williamson <alex.william...@redhat.com> Alexander Sverdlin <alexander.sverd...@nokia.com> Alexander Usyskin <alexander.usys...@intel.com> Andrew Morton <a...@linux-foundation.org> Antonio Ospite <a...@ao2.it> Arnaldo Carvalho de Melo <a...@kernel.org> Arnaldo Carvalho de Melo <a...@redhat.com> Arun Chandran <achand...@mvista.com> Axel Lin <axel....@ingics.com> Barak Yoresh <barak.yor...@intel.com> Bart Van Assche <bart.vanass...@sandisk.com> Bjorn Helgaas <bhelg...@google.com> Brian King <brk...@linux.vnet.ibm.com> Brian Norris <computersforpe...@gmail.com> Catalin Marinas <catalin.mari...@arm.com> Dave Martin <dave.mar...@arm.com> Dave P Martin <dave.mar...@arm.com> David Ahern <david.ah...@oracle.com> David Henningsson <david.hennings...@canonical.com> David Rientjes <rient...@google.com> David S. Miller <da...@davemloft.net> Dmitry Torokhov <dmitry.torok...@gmail.com> Dominik Brodowski <li...@dominikbrodowski.net> Doug Ledford <dledf...@redhat.com> Dr. H. Nikolaus Schaller <h...@goldelico.com> Eric W. Biederman <ebied...@xmission.com> Ezequiel Garcia <ezequ...@vanguardiasur.com.ar> Frodo Lai <frodo....@gmail.com> Frodo Lai <frodo_...@bcmcom.com> Gabriele Mazzotta <gabriele....@gmail.com> Geert Uytterhoeven <geert+rene...@glider.be> Giuseppe Cantavenera <giuseppe.cantavenera....@nokia.com> Greg Kroah-Hartman <gre...@linuxfoundation.org> Gregory CLEMENT <gregory.clem...@free-electrons.com> Grygorii Strashko <grygorii.stras...@linaro.org> Hui Wang <hui.w...@canonical.com> Jacek Anaszewski <j.anaszew...@samsung.com> James Bottomley <jbottom...@odin.com> Jiri Kosina <jkos...@suse.cz> Joe Perches <j...@perches.com> Jonathan Cameron <ji...@kernel.org> Josh Poimboeuf <jpoim...@redhat.com> Krzysztof Kozlowski <k.kozlow...@samsung.com> Larry Finger <larry.fin...@lwfinger.net> Linus Torvalds <torva...@linux-foundation.org> Linus Walleij <linus.wall...@linaro.org> Liu Ying <ying....@freescale.com> Liviu Dudau <liviu.du...@arm.com> Mark Brown <broo...@kernel.org> Mark Rutland <mark.rutl...@arm.com> Martin KaFai Lau <ka...@fb.com> Martin Sperl <ker...@martin.sperl.org> Max Filippov <jcmvb...@gmail.com> Maxime Coquelin <maxime.coque...@st.com> Miroslav Benes <mbe...@suse.cz> Noralf Trønnes <nor...@tronnes.org> Paul E. McKenney <paul...@linux.vnet.ibm.com> Peter Chen <peter.c...@freescale.com> Peter Zijlstra (Intel) <pet...@infradead.org> Rafael J. Wysocki <rafael.j.wyso...@intel.com> Ryan C. Underwood <neme...@icequake.net> Ryan Underwood <neme...@icequake.net> Sebastian Reichel <s...@kernel.org> Shuah Khan <shua...@osg.samsung.com> Stefan Wahren <stefan.wah...@i2se.com> Takashi Iwai <ti...@suse.de> Thomas Gleixner <t...@linutronix.de> Tomas Winkler <tomas.wink...@intel.com> Tomi Valkeinen <tomi.valkei...@ti.com> Toshi Kani <toshi.k...@hp.com> Uwe Kleine-König <u.kleine-koe...@pengutronix.de> Vignesh Radhakrishnan <vigne...@codeaurora.org> Vineet Gupta <vgu...@synopsys.com> Vlastimil Babka <vba...@suse.cz> Will Deacon <will.dea...@arm.com> Yinghai Lu <ying...@kernel.org> Zhichang Yuan <yuanzhich...@hisilicon.com> jobs: build-amd64-xsm pass build-armhf-xsm pass build-i386-xsm pass build-amd64 pass build-armhf pass build-i386 pass build-amd64-libvirt pass build-armhf-libvirt pass build-i386-libvirt pass build-amd64-pvops pass build-armhf-pvops pass build-i386-pvops pass build-amd64-rumpuserxen pass build-i386-rumpuserxen pass test-amd64-amd64-xl pass test-armhf-armhf-xl pass test-amd64-i386-xl fail test-amd64-amd64-xl-qemut-debianhvm-amd64-xsm pass test-amd64-i386-xl-qemut-debianhvm-amd64-xsm pass test-amd64-amd64-xl-qemuu-debianhvm-amd64-xsm pass test-amd64-i386-xl-qemuu-debianhvm-amd64-xsm pass test-amd64-amd64-xl-qemut-stubdom-debianhvm-amd64-xsm pass test-amd64-i386-xl-qemut-stubdom-debianhvm-amd64-xsm fail test-amd64-amd64-libvirt-xsm pass test-armhf-armhf-libvirt-xsm pass test-amd64-i386-libvirt-xsm pass test-amd64-amd64-xl-xsm pass test-armhf-armhf-xl-xsm pass test-amd64-i386-xl-xsm fail test-amd64-amd64-xl-pvh-amd fail test-amd64-i386-qemut-rhel6hvm-amd pass test-amd64-i386-qemuu-rhel6hvm-amd pass test-amd64-amd64-xl-qemut-debianhvm-amd64 pass test-amd64-i386-xl-qemut-debianhvm-amd64 pass test-amd64-amd64-xl-qemuu-debianhvm-amd64 pass test-amd64-i386-xl-qemuu-debianhvm-amd64 pass test-amd64-i386-freebsd10-amd64 pass test-amd64-amd64-xl-qemuu-ovmf-amd64 pass test-amd64-i386-xl-qemuu-ovmf-amd64 pass test-amd64-amd64-rumpuserxen-amd64 pass test-amd64-amd64-xl-qemut-win7-amd64 fail test-amd64-i386-xl-qemut-win7-amd64 broken test-amd64-amd64-xl-qemuu-win7-amd64 fail test-amd64-i386-xl-qemuu-win7-amd64 fail test-armhf-armhf-xl-arndale pass test-amd64-amd64-xl-credit2 pass test-armhf-armhf-xl-credit2 pass test-armhf-armhf-xl-cubietruck pass test-amd64-i386-freebsd10-i386 pass test-amd64-i386-rumpuserxen-i386 pass test-amd64-amd64-xl-pvh-intel fail test-amd64-i386-qemut-rhel6hvm-intel pass test-amd64-i386-qemuu-rhel6hvm-intel pass test-amd64-amd64-libvirt pass test-armhf-armhf-libvirt pass test-amd64-i386-libvirt pass test-amd64-amd64-xl-multivcpu pass test-armhf-armhf-xl-multivcpu pass test-amd64-amd64-pair pass test-amd64-i386-pair fail test-amd64-amd64-xl-rtds pass test-armhf-armhf-xl-rtds fail test-amd64-i386-xl-qemut-winxpsp3-vcpus1 pass test-amd64-i386-xl-qemuu-winxpsp3-vcpus1 pass test-amd64-amd64-xl-qemut-winxpsp3 pass test-amd64-i386-xl-qemut-winxpsp3 pass test-amd64-amd64-xl-qemuu-winxpsp3 pass test-amd64-i386-xl-qemuu-winxpsp3 pass ------------------------------------------------------------ sg-report-flight on osstest.test-lab.xenproject.org logs: /home/logs/logs images: /home/logs/images Logs, config files, etc. are available at http://logs.test-lab.xenproject.org/osstest/logs Explanation of these reports, and of osstest in general, is at http://xenbits.xen.org/gitweb/?p=osstest.git;a=blob;f=README.email;hb=master http://xenbits.xen.org/gitweb/?p=osstest.git;a=blob;f=README;hb=master Test harness code can be found at http://xenbits.xen.org/gitweb?p=osstest.git;a=summary broken-step test-amd64-i386-xl-qemut-win7-amd64 host-install(3) Not pushing. (No revision log; it would be 1762 lines long.)
_______________________________________________ Xen-devel mailing list Xen-devel@lists.xen.org http://lists.xen.org/xen-devel