flight 59834 libvirt real [real] http://logs.test-lab.xenproject.org/osstest/logs/59834/
Failures :-/ but no regressions. Tests which did not succeed, but are not blocking: test-amd64-amd64-libvirt 12 migrate-support-check fail never pass test-amd64-amd64-libvirt-xsm 12 migrate-support-check fail never pass test-amd64-i386-libvirt-xsm 12 migrate-support-check fail never pass test-armhf-armhf-libvirt 12 migrate-support-check fail never pass test-amd64-i386-libvirt 12 migrate-support-check fail never pass test-armhf-armhf-libvirt-xsm 12 migrate-support-check fail never pass version targeted for testing: libvirt f86c45ca0c10c84c954ed201531ab31129d9c9c3 baseline version: libvirt d10a5f58c75e7eb5943b44cc36a1e768adb2cdb0 Last test of basis 58842 2015-06-23 04:23:54 Z 32 days Failing since 58870 2015-06-24 04:20:11 Z 31 days 27 attempts Testing same since 59834 2015-07-23 10:55:07 Z 1 days 1 attempts ------------------------------------------------------------ People who touched revisions under test: Andrea Bolognani <abolo...@redhat.com> Boris Fiuczynski <fiu...@linux.vnet.ibm.com> Christophe Fergeau <cferg...@redhat.com> Cole Robinson <crobi...@redhat.com> Cédric Bosdonnat <cbosdon...@suse.com> Daniel P. Berrange <berra...@redhat.com> Daniel Veillard <veill...@redhat.com> Dmitry Guryanov <dgurya...@parallels.com> Eric Blake <ebl...@redhat.com> Erik Skultety <eskul...@redhat.com> Frediano Ziglio <fzig...@redhat.com> Guido Günther <a...@sigxcpu.org> Jim Fehlig <jfeh...@suse.com> Jiri Denemark <jdene...@redhat.com> John Ferlan <jfer...@redhat.com> Ján Tomko <jto...@redhat.com> Kothapally Madhu Pavan <k...@linux.vnet.ibm.com> Laine Stump <la...@laine.org> Luyao Huang <lhu...@redhat.com> Martin Kletzander <mklet...@redhat.com> Maxim Nestratov <mnestra...@virtuozzo.com> Michal Dubiel <m...@semihalf.com> Michal Privoznik <mpriv...@redhat.com> Mikhail Feoktistov <mfeoktis...@virtuozzo.com> Moshe Levi <mosh...@mellanox.com> Nikolay Shirokovskiy <nshirokovs...@parallels.com> Nikolay Shirokovskiy <nshirokovs...@virtuozzo.com> Pavel Fedin <p.fe...@samsung.com> Pavel Hrdina <phrd...@redhat.com> Peter Krempa <pkre...@redhat.com> Prerna Saxena <pre...@linux.vnet.ibm.com> Roman Bogorodskiy <bogorods...@gmail.com> Serge Hallyn <serge.hal...@ubuntu.com> Wido den Hollander <w...@widodh.nl> jobs: build-amd64-xsm pass build-armhf-xsm pass build-i386-xsm pass build-amd64 pass build-armhf pass build-i386 pass build-amd64-libvirt pass build-armhf-libvirt pass build-i386-libvirt pass build-amd64-pvops pass build-armhf-pvops pass build-i386-pvops pass test-amd64-amd64-libvirt-xsm pass test-armhf-armhf-libvirt-xsm pass test-amd64-i386-libvirt-xsm pass test-amd64-amd64-libvirt pass test-armhf-armhf-libvirt pass test-amd64-i386-libvirt pass ------------------------------------------------------------ sg-report-flight on osstest.test-lab.xenproject.org logs: /home/logs/logs images: /home/logs/images Logs, config files, etc. are available at http://logs.test-lab.xenproject.org/osstest/logs Explanation of these reports, and of osstest in general, is at http://xenbits.xen.org/gitweb/?p=osstest.git;a=blob;f=README.email;hb=master http://xenbits.xen.org/gitweb/?p=osstest.git;a=blob;f=README;hb=master Test harness code can be found at http://xenbits.xen.org/gitweb?p=osstest.git;a=summary Pushing revision : + branch=libvirt + revision=f86c45ca0c10c84c954ed201531ab31129d9c9c3 + . cri-lock-repos ++ . cri-common +++ . cri-getconfig +++ umask 002 +++ getrepos ++++ getconfig Repos ++++ perl -e ' use Osstest; readglobalconfig(); print $c{"Repos"} or die $!; ' +++ local repos=/home/osstest/repos +++ '[' -z /home/osstest/repos ']' +++ '[' '!' -d /home/osstest/repos ']' +++ echo /home/osstest/repos ++ repos=/home/osstest/repos ++ repos_lock=/home/osstest/repos/lock ++ '[' x '!=' x/home/osstest/repos/lock ']' ++ OSSTEST_REPOS_LOCK_LOCKED=/home/osstest/repos/lock ++ exec with-lock-ex -w /home/osstest/repos/lock ./ap-push libvirt f86c45ca0c10c84c954ed201531ab31129d9c9c3 + branch=libvirt + revision=f86c45ca0c10c84c954ed201531ab31129d9c9c3 + . cri-lock-repos ++ . cri-common +++ . cri-getconfig +++ umask 002 +++ getrepos ++++ getconfig Repos ++++ perl -e ' use Osstest; readglobalconfig(); print $c{"Repos"} or die $!; ' +++ local repos=/home/osstest/repos +++ '[' -z /home/osstest/repos ']' +++ '[' '!' -d /home/osstest/repos ']' +++ echo /home/osstest/repos ++ repos=/home/osstest/repos ++ repos_lock=/home/osstest/repos/lock ++ '[' x/home/osstest/repos/lock '!=' x/home/osstest/repos/lock ']' + . cri-common ++ . cri-getconfig ++ umask 002 + select_xenbranch + case "$branch" in + tree=libvirt + xenbranch=xen-unstable + '[' xlibvirt = xlinux ']' + linuxbranch= + '[' x = x ']' + qemuubranch=qemu-upstream-unstable + : tested/2.6.39.x + . ap-common ++ : osst...@xenbits.xen.org +++ getconfig OsstestUpstream +++ perl -e ' use Osstest; readglobalconfig(); print $c{"OsstestUpstream"} or die $!; ' ++ : ++ : git://xenbits.xen.org/xen.git ++ : osst...@xenbits.xen.org:/home/xen/git/xen.git ++ : git://xenbits.xen.org/staging/qemu-xen-unstable.git ++ : git://git.kernel.org ++ : git://git.kernel.org/pub/scm/linux/kernel/git ++ : git ++ : git://libvirt.org/libvirt.git ++ : osst...@xenbits.xen.org:/home/xen/git/libvirt.git ++ : git://xenbits.xen.org/libvirt.git ++ : git://xenbits.xen.org/rumpuser-xen.git ++ : git ++ : git://xenbits.xen.org/rumpuser-xen.git ++ : osst...@xenbits.xen.org:/home/xen/git/rumpuser-xen.git +++ besteffort_repo https://github.com/rumpkernel/rumpkernel-netbsd-src +++ local repo=https://github.com/rumpkernel/rumpkernel-netbsd-src +++ cached_repo https://github.com/rumpkernel/rumpkernel-netbsd-src '[fetch=try]' +++ local repo=https://github.com/rumpkernel/rumpkernel-netbsd-src +++ local 'options=[fetch=try]' ++++ getconfig GitCacheProxy ++++ perl -e ' use Osstest; readglobalconfig(); print $c{"GitCacheProxy"} or die $!; ' +++ local cache=git://cache:9419/ +++ '[' xgit://cache:9419/ '!=' x ']' +++ echo 'git://cache:9419/https://github.com/rumpkernel/rumpkernel-netbsd-src%20[fetch=try]' ++ : 'git://cache:9419/https://github.com/rumpkernel/rumpkernel-netbsd-src%20[fetch=try]' ++ : git ++ : git://git.seabios.org/seabios.git ++ : osst...@xenbits.xen.org:/home/xen/git/osstest/seabios.git ++ : git://xenbits.xen.org/osstest/seabios.git ++ : https://github.com/tianocore/edk2.git ++ : osst...@xenbits.xen.org:/home/xen/git/osstest/ovmf.git ++ : git://xenbits.xen.org/osstest/ovmf.git ++ : git://xenbits.xen.org/osstest/linux-firmware.git ++ : osst...@xenbits.xen.org:/home/osstest/ext/linux-firmware.git ++ : git://git.kernel.org/pub/scm/linux/kernel/git/firmware/linux-firmware.git ++ : osst...@xenbits.xen.org:/home/xen/git/linux-pvops.git ++ : git://xenbits.xen.org/linux-pvops.git ++ : tested/linux-3.14 ++ : tested/linux-arm-xen ++ '[' xgit://xenbits.xen.org/linux-pvops.git = x ']' ++ '[' x = x ']' ++ : git://xenbits.xen.org/linux-pvops.git ++ : tested/linux-arm-xen ++ : git://git.kernel.org/pub/scm/linux/kernel/git/konrad/xen.git ++ : tested/2.6.39.x ++ : daily-cron.libvirt ++ : daily-cron.libvirt ++ : daily-cron.libvirt ++ : daily-cron.libvirt ++ : daily-cron.libvirt ++ : daily-cron.libvirt ++ : http://hg.uk.xensource.com/carbon/trunk/linux-2.6.27 ++ : git://xenbits.xen.org/staging/qemu-upstream-unstable.git ++ : daily-cron.libvirt ++ : git://git.qemu.org/qemu.git ++ : git://xenbits.xen.org/osstest/qemu.git ++ : osst...@xenbits.xen.org:/home/xen/git/osstest/qemu.git ++ : daily-cron.libvirt + TREE_LINUX=osst...@xenbits.xen.org:/home/xen/git/linux-pvops.git + TREE_QEMU_MAINLINE=osst...@xenbits.xen.org:/home/xen/git/osstest/qemu.git + TREE_QEMU_UPSTREAM=osst...@xenbits.xen.org:/home/xen/git/qemu-upstream-unstable.git + TREE_XEN=osst...@xenbits.xen.org:/home/xen/git/xen.git + TREE_LIBVIRT=osst...@xenbits.xen.org:/home/xen/git/libvirt.git + TREE_RUMPUSERXEN=osst...@xenbits.xen.org:/home/xen/git/rumpuser-xen.git + TREE_SEABIOS=osst...@xenbits.xen.org:/home/xen/git/osstest/seabios.git + TREE_OVMF=osst...@xenbits.xen.org:/home/xen/git/osstest/ovmf.git + info_linux_tree libvirt + case $1 in + return 1 + case "$branch" in + cd /home/osstest/repos/libvirt + git push osst...@xenbits.xen.org:/home/xen/git/libvirt.git f86c45ca0c10c84c954ed201531ab31129d9c9c3:xen-tested-master To osst...@xenbits.xen.org:/home/xen/git/libvirt.git d10a5f5..f86c45c f86c45ca0c10c84c954ed201531ab31129d9c9c3 -> xen-tested-master
_______________________________________________ Xen-devel mailing list Xen-devel@lists.xen.org http://lists.xen.org/xen-devel