flight 59760 qemu-mainline real [real] http://logs.test-lab.xenproject.org/osstest/logs/59760/
Regressions :-( Tests which did not succeed and are blocking, including tests which could not be run: build-amd64-pvops 5 kernel-build fail REGR. vs. 59059 build-i386-pvops 5 kernel-build fail REGR. vs. 59059 build-armhf-pvops 5 kernel-build fail REGR. vs. 59059 Tests which did not succeed, but are not blocking: test-amd64-amd64-xl 1 build-check(1) blocked n/a test-amd64-amd64-libvirt 1 build-check(1) blocked n/a test-amd64-i386-xl-qemuu-ovmf-amd64 1 build-check(1) blocked n/a test-amd64-i386-libvirt 1 build-check(1) blocked n/a test-amd64-amd64-xl-pvh-intel 1 build-check(1) blocked n/a test-armhf-armhf-xl-multivcpu 1 build-check(1) blocked n/a test-amd64-i386-libvirt-xsm 1 build-check(1) blocked n/a test-amd64-amd64-libvirt-xsm 1 build-check(1) blocked n/a test-amd64-i386-freebsd10-i386 1 build-check(1) blocked n/a test-amd64-i386-xl-xsm 1 build-check(1) blocked n/a test-amd64-amd64-xl-rtds 1 build-check(1) blocked n/a test-armhf-armhf-xl-cubietruck 1 build-check(1) blocked n/a test-amd64-i386-xl-qemuu-debianhvm-amd64 1 build-check(1) blocked n/a test-amd64-i386-xl-qemuu-debianhvm-amd64-xsm 1 build-check(1) blocked n/a test-amd64-amd64-xl-multivcpu 1 build-check(1) blocked n/a test-amd64-amd64-xl-qemuu-debianhvm-amd64 1 build-check(1) blocked n/a test-amd64-i386-xl-qemuu-winxpsp3-vcpus1 1 build-check(1) blocked n/a test-armhf-armhf-xl-rtds 1 build-check(1) blocked n/a test-amd64-i386-xl 1 build-check(1) blocked n/a test-amd64-amd64-xl-credit2 1 build-check(1) blocked n/a test-amd64-amd64-xl-xsm 1 build-check(1) blocked n/a test-amd64-amd64-xl-qemuu-ovmf-amd64 1 build-check(1) blocked n/a test-armhf-armhf-xl-arndale 1 build-check(1) blocked n/a test-amd64-i386-freebsd10-amd64 1 build-check(1) blocked n/a test-amd64-amd64-xl-pvh-amd 1 build-check(1) blocked n/a test-armhf-armhf-libvirt-xsm 1 build-check(1) blocked n/a test-armhf-armhf-libvirt 1 build-check(1) blocked n/a test-amd64-i386-qemuu-rhel6hvm-amd 1 build-check(1) blocked n/a test-armhf-armhf-xl-xsm 1 build-check(1) blocked n/a test-armhf-armhf-xl 1 build-check(1) blocked n/a test-amd64-i386-xl-qemuu-winxpsp3 1 build-check(1) blocked n/a test-amd64-amd64-pair 1 build-check(1) blocked n/a test-amd64-amd64-xl-qemuu-debianhvm-amd64-xsm 1 build-check(1) blocked n/a test-amd64-i386-qemuu-rhel6hvm-intel 1 build-check(1) blocked n/a test-armhf-armhf-xl-credit2 1 build-check(1) blocked n/a test-amd64-amd64-xl-qemuu-winxpsp3 1 build-check(1) blocked n/a test-amd64-amd64-xl-qemuu-win7-amd64 1 build-check(1) blocked n/a test-amd64-i386-xl-qemuu-win7-amd64 1 build-check(1) blocked n/a test-amd64-i386-pair 1 build-check(1) blocked n/a version targeted for testing: qemuu 5b5e8cdd7da7a2214dd062afff5b866234aab228 baseline version: qemuu 35360642d043c2a5366e8a04a10e5545e7353bd5 Last test of basis 59059 2015-07-05 10:39:20 Z 14 days Failing since 59109 2015-07-06 14:58:21 Z 13 days 20 attempts Testing same since 59695 2015-07-18 11:29:12 Z 1 days 4 attempts ------------------------------------------------------------ People who touched revisions under test: Alberto Garcia <be...@igalia.com> Alex Williamson <alex.william...@redhat.com> Alexander Graf <ag...@suse.de> Alexey Kardashevskiy <a...@ozlabs.ru> Alvise Rigo <a.r...@virtualopensystems.com> Andreas Färber <afaer...@suse.de> Andrew Bennett <andrew.benn...@imgtec.com> Andrew Jones <drjo...@redhat.com> Artyom Tarasenko <atar4q...@gmail.com> Aurelien Jarno <aurel...@aurel32.net> Benjamin Herrenschmidt <b...@kernel.crashing.org> Bharata B Rao <bhar...@linux.vnet.com> Bharata B Rao <bhar...@linux.vnet.ibm.com> Brian Kress <kre...@moose.net> Christian Borntraeger <borntrae...@de.ibm.com> Christoph Hellwig <h...@lst.de> Claudio Fontana <claudio.font...@huawei.com> Cormac O'Brien <i.am.cormac.obr...@gmail.com> Cornelia Huck <cornelia.h...@de.ibm.com> Daniel P. Berrange <berra...@redhat.com> David Gibson <da...@gibson.dropbear.id.au> Denis V. Lunev <d...@openvz.org> Dmitry Osipenko <dig...@gmail.com> Dr. David Alan Gilbert <dgilb...@redhat.com> Eduardo Habkost <ehabk...@redhat.com> Eric Auger <eric.au...@linaro.org> Fam Zheng <f...@redhat.com> Frediano Ziglio <fzig...@redhat.com> Gabriel Laupre <glau...@chelsio.com> Gavin Shan <gws...@linux.vnet.ibm.com> Gerd Hoffmann <kra...@redhat.com> Gonglei <arei.gong...@huawei.com> Greg Kurz <gk...@linux.vnet.ibm.com> Hannes Reinecke <h...@suse.de> Hervé Poussineau <hpous...@reactos.org> Igor Mammedov <imamm...@redhat.com> James Hogan <james.ho...@imgtec.com> Jan Kiszka <jan.kis...@siemens.com> Jason Wang <jasow...@redhat.com> Jeff Cody <jc...@redhat.com> Johannes Schlatow <schla...@ida.ing.tu-bs.de> John Snow <js...@redhat.com> Josh Durgin <jdur...@redhat.com> Juan Quintela <quint...@redhat.com> Justin Ossevoort <jus...@quarantainenet.nl> Keith Busch <keith.bu...@intel.com> Kevin Wolf <kw...@redhat.com> Kirk Allan <kal...@suse.com> Laszlo Ersek <ler...@redhat.com> Laurent Vivier <laur...@vivier.eu> Laurent Vivier <lviv...@redhat.com> Leon Alrae <leon.al...@imgtec.com> Li Zhijian <lizhij...@cn.fujitsu.com> Liang Li <liang.z...@intel.com> Lin Ma <l...@suse.com> Marc-André Lureau <marcandre.lur...@redhat.com> Markus Armbruster <arm...@redhat.com> Max Filippov <jcmvb...@gmail.com> Michael Roth <mdr...@linux.vnet.ibm.com> Michael S. Tsirkin <m...@redhat.com> Nikunj A Dadhania <nik...@linux.vnet.ibm.com> Olga Krishtal <okrish...@virtuozzo.com> Paolo Bonzini <pbonz...@redhat.com> Paul Durrant <paul.durr...@citrix.com> Paulo Alcantara <pca...@gmail.com> Paulo Alcantara <pca...@zytor.com> Peter Crosthwaite <crosthwaite.pe...@gmail.com> Peter Crosthwaite <crosthwaitepe...@gmail.com> Peter Maydell <peter.mayd...@linaro.org> Radim KrÄmáŠ<rkrc...@redhat.com> Richard W.M. Jones <rjo...@redhat.com> Scott Feldman <sfel...@gmail.com> Sergey Fedorov <serge.f...@gmail.com> Stefan Hajnoczi <stefa...@redhat.com> Stefan Weil <s...@weilnetz.de> Ting Wang <kathy.wangt...@huawei.com> Vikram Sethi <vikr...@codeaurora.org> Wen Congyang <we...@cn.fujitsu.com> Wenshuang Ma <kevin...@tencent.com> Wolfgang Bumiller <w.bumil...@proxmox.com> Xu Wang <gesa...@linux.vnet.ibm.com> Yongbok Kim <yongbok....@imgtec.com> 马æé <kevin...@tencent.com> jobs: build-amd64-xsm pass build-armhf-xsm pass build-i386-xsm pass build-amd64 pass build-armhf pass build-i386 pass build-amd64-libvirt pass build-armhf-libvirt pass build-i386-libvirt pass build-amd64-pvops fail build-armhf-pvops fail build-i386-pvops fail test-amd64-amd64-xl blocked test-armhf-armhf-xl blocked test-amd64-i386-xl blocked test-amd64-amd64-xl-qemuu-debianhvm-amd64-xsm blocked test-amd64-i386-xl-qemuu-debianhvm-amd64-xsm blocked test-amd64-amd64-libvirt-xsm blocked test-armhf-armhf-libvirt-xsm blocked test-amd64-i386-libvirt-xsm blocked test-amd64-amd64-xl-xsm blocked test-armhf-armhf-xl-xsm blocked test-amd64-i386-xl-xsm blocked test-amd64-amd64-xl-pvh-amd blocked test-amd64-i386-qemuu-rhel6hvm-amd blocked test-amd64-amd64-xl-qemuu-debianhvm-amd64 blocked test-amd64-i386-xl-qemuu-debianhvm-amd64 blocked test-amd64-i386-freebsd10-amd64 blocked test-amd64-amd64-xl-qemuu-ovmf-amd64 blocked test-amd64-i386-xl-qemuu-ovmf-amd64 blocked test-amd64-amd64-xl-qemuu-win7-amd64 blocked test-amd64-i386-xl-qemuu-win7-amd64 blocked test-armhf-armhf-xl-arndale blocked test-amd64-amd64-xl-credit2 blocked test-armhf-armhf-xl-credit2 blocked test-armhf-armhf-xl-cubietruck blocked test-amd64-i386-freebsd10-i386 blocked test-amd64-amd64-xl-pvh-intel blocked test-amd64-i386-qemuu-rhel6hvm-intel blocked test-amd64-amd64-libvirt blocked test-armhf-armhf-libvirt blocked test-amd64-i386-libvirt blocked test-amd64-amd64-xl-multivcpu blocked test-armhf-armhf-xl-multivcpu blocked test-amd64-amd64-pair blocked test-amd64-i386-pair blocked test-amd64-amd64-xl-rtds blocked test-armhf-armhf-xl-rtds blocked test-amd64-i386-xl-qemuu-winxpsp3-vcpus1 blocked test-amd64-amd64-xl-qemuu-winxpsp3 blocked test-amd64-i386-xl-qemuu-winxpsp3 blocked ------------------------------------------------------------ sg-report-flight on osstest.test-lab.xenproject.org logs: /home/logs/logs images: /home/logs/images Logs, config files, etc. are available at http://logs.test-lab.xenproject.org/osstest/logs Explanation of these reports, and of osstest in general, is at http://xenbits.xen.org/gitweb/?p=osstest.git;a=blob;f=README.email;hb=master http://xenbits.xen.org/gitweb/?p=osstest.git;a=blob;f=README;hb=master Test harness code can be found at http://xenbits.xen.org/gitweb?p=osstest.git;a=summary Not pushing. (No revision log; it would be 6299 lines long.)
_______________________________________________ Xen-devel mailing list Xen-devel@lists.xen.org http://lists.xen.org/xen-devel