flight 59560 libvirt real [real]
http://logs.test-lab.xenproject.org/osstest/logs/59560/

Regressions :-(

Tests which did not succeed and are blocking,
including tests which could not be run:
 test-amd64-i386-libvirt-xsm  11 guest-start               fail REGR. vs. 58842

Regressions which are regarded as allowable (not blocking):
 test-amd64-i386-libvirt      11 guest-start                  fail   like 58842
 test-amd64-amd64-libvirt     11 guest-start                  fail   like 58842

Tests which did not succeed, but are not blocking:
 test-amd64-amd64-libvirt-xsm 12 migrate-support-check        fail   never pass
 test-armhf-armhf-libvirt     12 migrate-support-check        fail   never pass
 test-armhf-armhf-libvirt-xsm 12 migrate-support-check        fail   never pass

version targeted for testing:
 libvirt              aa6c3fee866312ad02f675cd69b82ada7d1e0dfd
baseline version:
 libvirt              d10a5f58c75e7eb5943b44cc36a1e768adb2cdb0

Last test of basis    58842  2015-06-23 04:23:54 Z   22 days
Failing since         58870  2015-06-24 04:20:11 Z   21 days   19 attempts
Testing same since    59560  2015-07-15 04:20:51 Z    0 days    1 attempts

------------------------------------------------------------
People who touched revisions under test:
  Andrea Bolognani <abolo...@redhat.com>
  Boris Fiuczynski <fiu...@linux.vnet.ibm.com>
  Cédric Bosdonnat <cbosdon...@suse.com>
  Daniel Veillard <veill...@redhat.com>
  Dmitry Guryanov <dgurya...@parallels.com>
  Eric Blake <ebl...@redhat.com>
  Erik Skultety <eskul...@redhat.com>
  Guido Günther <a...@sigxcpu.org>
  Jim Fehlig <jfeh...@suse.com>
  Jiri Denemark <jdene...@redhat.com>
  John Ferlan <jfer...@redhat.com>
  Ján Tomko <jto...@redhat.com>
  Kothapally Madhu Pavan <k...@linux.vnet.ibm.com>
  Laine Stump <la...@laine.org>
  Luyao Huang <lhu...@redhat.com>
  Martin Kletzander <mklet...@redhat.com>
  Maxim Nestratov <mnestra...@virtuozzo.com>
  Michal Dubiel <m...@semihalf.com>
  Michal Privoznik <mpriv...@redhat.com>
  Mikhail Feoktistov <mfeoktis...@virtuozzo.com>
  Nikolay Shirokovskiy <nshirokovs...@parallels.com>
  Nikolay Shirokovskiy <nshirokovs...@virtuozzo.com>
  Pavel Fedin <p.fe...@samsung.com>
  Pavel Hrdina <phrd...@redhat.com>
  Peter Krempa <pkre...@redhat.com>
  Prerna Saxena <pre...@linux.vnet.ibm.com>
  Serge Hallyn <serge.hal...@ubuntu.com>

jobs:
 build-amd64-xsm                                              pass
 build-armhf-xsm                                              pass
 build-i386-xsm                                               pass
 build-amd64                                                  pass
 build-armhf                                                  pass
 build-i386                                                   pass
 build-amd64-libvirt                                          pass
 build-armhf-libvirt                                          pass
 build-i386-libvirt                                           pass
 build-amd64-pvops                                            pass
 build-armhf-pvops                                            pass
 build-i386-pvops                                             pass
 test-amd64-amd64-libvirt-xsm                                 pass
 test-armhf-armhf-libvirt-xsm                                 pass
 test-amd64-i386-libvirt-xsm                                  fail
 test-amd64-amd64-libvirt                                     fail
 test-armhf-armhf-libvirt                                     pass
 test-amd64-i386-libvirt                                      fail


------------------------------------------------------------
sg-report-flight on osstest.test-lab.xenproject.org
logs: /home/logs/logs
images: /home/logs/images

Logs, config files, etc. are available at
    http://logs.test-lab.xenproject.org/osstest/logs

Explanation of these reports, and of osstest in general, is at
    http://xenbits.xen.org/gitweb/?p=osstest.git;a=blob;f=README.email;hb=master
    http://xenbits.xen.org/gitweb/?p=osstest.git;a=blob;f=README;hb=master

Test harness code can be found at
    http://xenbits.xen.org/gitweb?p=osstest.git;a=summary


Not pushing.

(No revision log; it would be 2863 lines long.)

_______________________________________________
Xen-devel mailing list
Xen-devel@lists.xen.org
http://lists.xen.org/xen-devel

Reply via email to