flight 59370 ovmf real [real] http://logs.test-lab.xenproject.org/osstest/logs/59370/
Regressions :-( Tests which did not succeed and are blocking, including tests which could not be run: test-amd64-i386-xl-qemuu-win7-amd64 9 windows-install fail REGR. vs. 59302 Regressions which are regarded as allowable (not blocking): test-amd64-amd64-xl-qemuu-win7-amd64 16 guest-stop fail like 59302 version targeted for testing: ovmf 6b6fe3e9aa3d27070cf8e004a194a9c6f392ba5b baseline version: ovmf 0f895683da0613f27ac460a69745a15571d2a2a9 Last test of basis 59302 2015-07-09 14:52:36 Z 1 days Testing same since 59370 2015-07-10 10:42:59 Z 0 days 1 attempts ------------------------------------------------------------ People who touched revisions under test: Bill Paul <wp...@windriver.com> Brian J. Johnson <bjohn...@sgi.com> Chao Zhang <chao.b.zh...@intel.com> Hao Wu <hao.a...@intel.com> Jeff Fan <jeff....@intel.com> Jiaxin Wu <jiaxin...@intel.com> Leif Lindholm <leif.lindh...@linaro.org> Liming Gao <liming....@intel.com> Roy Franz <roy.fr...@linaro.org> Ruiyu Ni <ruiyu...@intel.com> Wei Huang <w...@redhat.com> Zhang Lubo <lubo.zh...@intel.com> jobs: build-amd64-xsm pass build-i386-xsm pass build-amd64 pass build-i386 pass build-amd64-libvirt pass build-i386-libvirt pass build-amd64-pvops pass build-i386-pvops pass test-amd64-amd64-xl-qemuu-debianhvm-amd64-xsm pass test-amd64-i386-xl-qemuu-debianhvm-amd64-xsm pass test-amd64-i386-qemuu-rhel6hvm-amd pass test-amd64-amd64-xl-qemuu-debianhvm-amd64 pass test-amd64-i386-xl-qemuu-debianhvm-amd64 pass test-amd64-amd64-xl-qemuu-ovmf-amd64 pass test-amd64-i386-xl-qemuu-ovmf-amd64 pass test-amd64-amd64-xl-qemuu-win7-amd64 fail test-amd64-i386-xl-qemuu-win7-amd64 fail test-amd64-i386-qemuu-rhel6hvm-intel pass test-amd64-i386-xl-qemuu-winxpsp3-vcpus1 pass test-amd64-amd64-xl-qemuu-winxpsp3 pass test-amd64-i386-xl-qemuu-winxpsp3 pass ------------------------------------------------------------ sg-report-flight on osstest.test-lab.xenproject.org logs: /home/logs/logs images: /home/logs/images Logs, config files, etc. are available at http://logs.test-lab.xenproject.org/osstest/logs Explanation of these reports, and of osstest in general, is at http://xenbits.xen.org/gitweb/?p=osstest.git;a=blob;f=README.email;hb=master http://xenbits.xen.org/gitweb/?p=osstest.git;a=blob;f=README;hb=master Test harness code can be found at http://xenbits.xen.org/gitweb?p=osstest.git;a=summary Not pushing. (No revision log; it would be 307 lines long.) _______________________________________________ Xen-devel mailing list Xen-devel@lists.xen.org http://lists.xen.org/xen-devel