flight 59012 linux-3.16 real [real]
http://logs.test-lab.xenproject.org/osstest/logs/59012/

Failures :-/ but no regressions.

Tests which are failing intermittently (not blocking):
 test-amd64-i386-qemut-rhel6hvm-intel 12 guest-start/redhat.repeat fail in 
58996 pass in 59012
 test-armhf-armhf-xl-arndale   6 xen-boot                    fail pass in 58996
 test-armhf-armhf-xl-multivcpu  7 host-ping-check-xen        fail pass in 58996

Regressions which are regarded as allowable (not blocking):
 test-amd64-amd64-xl-rtds 14 guest-localmigrate fail in 58996 baseline untested
 test-armhf-armhf-xl-rtds     14 guest-start.2  fail in 58996 baseline untested
 test-amd64-i386-libvirt      11 guest-start                  fail   like 58447
 test-amd64-amd64-xl-credit2  17 guest-localmigrate/x10       fail   like 58447
 test-amd64-i386-libvirt-xsm  11 guest-start                  fail   like 58447
 test-amd64-amd64-xl-qemut-win7-amd64 16 guest-stop             fail like 58447

Tests which did not succeed, but are not blocking:
 test-armhf-armhf-xl-arndale  12 migrate-support-check fail in 58996 never pass
 test-armhf-armhf-xl-multivcpu 12 migrate-support-check fail in 58996 never pass
 test-amd64-amd64-xl-pvh-intel 11 guest-start                  fail  never pass
 test-amd64-amd64-xl-pvh-amd  11 guest-start                  fail   never pass
 test-amd64-i386-freebsd10-i386  9 freebsd-install              fail never pass
 test-amd64-i386-freebsd10-amd64  9 freebsd-install             fail never pass
 test-amd64-amd64-xl-multivcpu 17 guest-localmigrate/x10       fail  never pass
 test-amd64-amd64-xl-rtds     17 guest-localmigrate/x10       fail   never pass
 test-amd64-amd64-libvirt-xsm 12 migrate-support-check        fail   never pass
 test-armhf-armhf-xl-rtds     12 migrate-support-check        fail   never pass
 test-armhf-armhf-xl-rtds     15 guest-start/debian.repeat    fail   never pass
 test-amd64-amd64-libvirt     12 migrate-support-check        fail   never pass
 test-armhf-armhf-xl-xsm      12 migrate-support-check        fail   never pass
 test-armhf-armhf-xl          12 migrate-support-check        fail   never pass
 test-armhf-armhf-xl-credit2  12 migrate-support-check        fail   never pass
 test-armhf-armhf-xl-cubietruck 12 migrate-support-check        fail never pass
 test-amd64-amd64-xl-qemuu-win7-amd64 16 guest-stop             fail never pass
 test-amd64-i386-xl-qemuu-win7-amd64 16 guest-stop              fail never pass
 test-amd64-i386-xl-qemut-win7-amd64 16 guest-stop              fail never pass
 test-armhf-armhf-libvirt     12 migrate-support-check        fail   never pass
 test-armhf-armhf-libvirt-xsm 12 migrate-support-check        fail   never pass

version targeted for testing:
 linux                26749e751cc2be7bc0f17a6cca68f6e5c0675191
baseline version:
 linux                162d64326176ee1916fb98323d810c78a7e3d042

------------------------------------------------------------
People who touched revisions under test:
  Aaro Koskinen <aaro.koski...@nokia.com>
  Adam Jackson <a...@redhat.com>
  Alex Deucher <alexander.deuc...@amd.com>
  Andrew Morton <a...@linux-foundation.org>
  Andy Lutomirski <l...@kernel.org>
  Axel Lin <axel....@ingics.com>
  Chengyu Song <cson...@gatech.edu>
  Chris Mason <c...@fb.com>
  Clemens Ladisch <clem...@ladisch.de>
  Dan Carpenter <dan.carpen...@oracle.com>
  Dan Williams <dan.j.willi...@intel.com>
  Dave Airlie <airl...@redhat.com>
  David S. Miller <da...@davemloft.net>
  David Woodhouse <david.woodho...@intel.com>
  Dieter Jurzitza
  Dmitry Torokhov <dmitry.torok...@gmail.com>
  Eric Dumazet <eduma...@google.com>
  Fabio Estevam <fabio.este...@freescale.com>
  Fan Du <fan...@intel.com>
  Felipe Balbi <ba...@ti.com>
  Filipe Manana <fdman...@suse.com>
  Florian Fainelli <f.faine...@gmail.com>
  Greg Kroah-Hartman <gre...@linuxfoundation.org>
  Gregory CLEMENT <gregory.clem...@free-electrons.com>
  Gu Zheng <guz.f...@cn.fujitsu.com>
  H. Peter Anvin <h...@linux.intel.com>
  Hannes Frederic Sowa <han...@stressinduktion.org>
  Hans de Goede <hdego...@redhat.com>
  Herbert Xu <herb...@gondor.apana.org.au>
  Horia Geanta <horia.gea...@freescale.com>
  Hui Wang <hui.w...@canonical.com>
  Ian Campbell <ian.campb...@citrix.com>
  Ingo Molnar <mi...@kernel.org>
  James Hogan <james.ho...@imgtec.com>
  Jan Kara <j...@suse.cz>
  Jani Nikula <jani.nik...@intel.com>
  Jason A. Donenfeld <ja...@zx2c4.com>
  Jean Delvare <jdelv...@suse.de>
  Jeff Mahoney <je...@suse.com>
  Jenny Falkovich <jen...@mellanox.com>
  Jens Axboe <ax...@fb.com>
  Jiang Liu <jiang....@linux.intel.com>
  Jim Bride <jim.br...@linux.intel.com>
  Jiri Pirko <j...@resnulli.us>
  Johan Hovold <jo...@kernel.org>
  Johannes Berg <johannes.b...@intel.com>
  John D. Blair <jo...@candicontrols.com>
  Jonathan Cameron <ji...@kernel.org>
  Jérôme Glisse <jgli...@redhat.com>
  Kim Phillips <kim.phill...@freescale.com>
  Lars-Peter Clausen <l...@metafoo.de>
  Laura Abbott <labb...@fedoraproject.org>
  Li RongQing <roy.qing...@gmail.com>
  Linus Torvalds <torva...@linux-foundation.org>
  Luis Henriques <luis.henriq...@canonical.com>
  Lukas Wunner <lu...@wunner.de>
  Mark Salyzyn <saly...@android.com>
  Michael S. Tsirkin <m...@redhat.com>
  Michal Marek <mma...@suse.cz>
  Nadav Haklai <nad...@marvell.com>
  Nicholas Bellinger <n...@linux-iscsi.org>
  Nicholas Mc Guire <hof...@osadl.org>
  nightmixes <nightmi...@gmail.com>
  Nikolay Aleksandrov <niko...@cumulusnetworks.com>
  Oliver Grafe <oliver.gr...@ge.com> (v2)
  Patrick Riphagen <patrick.ripha...@xsens.com>
  Paul Cercueil <paul.cercu...@analog.com>
  Peter Feuerer <pe...@piie.net>
  Peter Hutterer <peter.hutte...@who-t.net>
  Peter Kümmel <syntheti...@gmx.net>
  Philipp Zabel <p.za...@pengutronix.de>
  Ralf Baechle <r...@linux-mips.org>
  Richard Cochran <richardcoch...@gmail.com>
  Ross Lagerwall <ross.lagerw...@citrix.com>
  Sachin Kamat <sachin.ka...@samsung.com>
  Sagi Grimberg <sa...@mellanox.com>
  Sam Hung <sam.h...@emc.com.tw>
  Shawn Bohrer <sboh...@rgmadvisors.com>
  Steffen Klassert <steffen.klass...@secunet.com>
  Steve Cornelius <steve.cornel...@freescale.com>
  Steven Rostedt <rost...@goodmis.org>
  Subbaraya Sundeep Bhatta <sbha...@xilinx.com>
  Subbaraya Sundeep Bhatta <subbaraya.sundeep.bha...@xilinx.com>
  Takashi Iwai <ti...@suse.de>
  Tejun Heo <t...@kernel.org>
  Thomas Gleixner <t...@linutronix.de>
  Tim Gardner <tim.gard...@canonical.com>
  tommy.gag...@gmail.com
  Veaceslav Falico <vfal...@gmail.com>
  Victoria Milhoan <vicki.milh...@freescale.com>
  Vince Weaver <vincent.wea...@maine.edu>
  Vlad Yasevich <vyasev...@gmail.com>
  Vladislav Yasevich <vyase...@redhat.com>
  Wang Long <long.wangl...@huawei.com>
  Wei Liu <wei.l...@citrix.com>
  Wolfram Sang <w...@the-dreams.de>
  洪一竹 <sam.h...@emc.com.tw>
------------------------------------------------------------

jobs:
 build-amd64-xsm                                              pass
 build-armhf-xsm                                              pass
 build-i386-xsm                                               pass
 build-amd64                                                  pass
 build-armhf                                                  pass
 build-i386                                                   pass
 build-amd64-libvirt                                          pass
 build-armhf-libvirt                                          pass
 build-i386-libvirt                                           pass
 build-amd64-pvops                                            pass
 build-armhf-pvops                                            pass
 build-i386-pvops                                             pass
 build-amd64-rumpuserxen                                      pass
 build-i386-rumpuserxen                                       pass
 test-amd64-amd64-xl                                          pass
 test-armhf-armhf-xl                                          pass
 test-amd64-i386-xl                                           pass
 test-amd64-amd64-xl-qemut-debianhvm-amd64-xsm                pass
 test-amd64-i386-xl-qemut-debianhvm-amd64-xsm                 pass
 test-amd64-amd64-xl-qemuu-debianhvm-amd64-xsm                pass
 test-amd64-i386-xl-qemuu-debianhvm-amd64-xsm                 pass
 test-amd64-amd64-xl-qemut-stubdom-debianhvm-amd64-xsm        pass
 test-amd64-i386-xl-qemut-stubdom-debianhvm-amd64-xsm         pass
 test-amd64-amd64-libvirt-xsm                                 pass
 test-armhf-armhf-libvirt-xsm                                 pass
 test-amd64-i386-libvirt-xsm                                  fail
 test-amd64-amd64-xl-xsm                                      pass
 test-armhf-armhf-xl-xsm                                      pass
 test-amd64-i386-xl-xsm                                       pass
 test-amd64-amd64-xl-pvh-amd                                  fail
 test-amd64-i386-qemut-rhel6hvm-amd                           pass
 test-amd64-i386-qemuu-rhel6hvm-amd                           pass
 test-amd64-amd64-xl-qemut-debianhvm-amd64                    pass
 test-amd64-i386-xl-qemut-debianhvm-amd64                     pass
 test-amd64-amd64-xl-qemuu-debianhvm-amd64                    pass
 test-amd64-i386-xl-qemuu-debianhvm-amd64                     pass
 test-amd64-i386-freebsd10-amd64                              fail
 test-amd64-amd64-xl-qemuu-ovmf-amd64                         pass
 test-amd64-i386-xl-qemuu-ovmf-amd64                          pass
 test-amd64-amd64-rumpuserxen-amd64                           pass
 test-amd64-amd64-xl-qemut-win7-amd64                         fail
 test-amd64-i386-xl-qemut-win7-amd64                          fail
 test-amd64-amd64-xl-qemuu-win7-amd64                         fail
 test-amd64-i386-xl-qemuu-win7-amd64                          fail
 test-armhf-armhf-xl-arndale                                  fail
 test-amd64-amd64-xl-credit2                                  fail
 test-armhf-armhf-xl-credit2                                  pass
 test-armhf-armhf-xl-cubietruck                               pass
 test-amd64-i386-freebsd10-i386                               fail
 test-amd64-i386-rumpuserxen-i386                             pass
 test-amd64-amd64-xl-pvh-intel                                fail
 test-amd64-i386-qemut-rhel6hvm-intel                         pass
 test-amd64-i386-qemuu-rhel6hvm-intel                         pass
 test-amd64-amd64-libvirt                                     pass
 test-armhf-armhf-libvirt                                     pass
 test-amd64-i386-libvirt                                      fail
 test-amd64-amd64-xl-multivcpu                                fail
 test-armhf-armhf-xl-multivcpu                                fail
 test-amd64-amd64-pair                                        pass
 test-amd64-i386-pair                                         pass
 test-amd64-amd64-xl-rtds                                     fail
 test-armhf-armhf-xl-rtds                                     fail
 test-amd64-i386-xl-qemut-winxpsp3-vcpus1                     pass
 test-amd64-i386-xl-qemuu-winxpsp3-vcpus1                     pass
 test-amd64-amd64-xl-qemut-winxpsp3                           pass
 test-amd64-i386-xl-qemut-winxpsp3                            pass
 test-amd64-amd64-xl-qemuu-winxpsp3                           pass
 test-amd64-i386-xl-qemuu-winxpsp3                            pass


------------------------------------------------------------
sg-report-flight on osstest.test-lab.xenproject.org
logs: /home/logs/logs
images: /home/logs/images

Logs, config files, etc. are available at
    http://logs.test-lab.xenproject.org/osstest/logs

Test harness code can be found at
    http://xenbits.xen.org/gitweb?p=osstest.git;a=summary


Pushing revision :

+ branch=linux-3.16
+ revision=26749e751cc2be7bc0f17a6cca68f6e5c0675191
+ . cri-lock-repos
++ . cri-common
+++ . cri-getconfig
+++ umask 002
+++ getrepos
++++ getconfig Repos
++++ perl -e '
                use Osstest;
                readglobalconfig();
                print $c{"Repos"} or die $!;
        '
+++ local repos=/home/osstest/repos
+++ '[' -z /home/osstest/repos ']'
+++ '[' '!' -d /home/osstest/repos ']'
+++ echo /home/osstest/repos
++ repos=/home/osstest/repos
++ repos_lock=/home/osstest/repos/lock
++ '[' x '!=' x/home/osstest/repos/lock ']'
++ OSSTEST_REPOS_LOCK_LOCKED=/home/osstest/repos/lock
++ exec with-lock-ex -w /home/osstest/repos/lock ./ap-push linux-3.16 
26749e751cc2be7bc0f17a6cca68f6e5c0675191
+ branch=linux-3.16
+ revision=26749e751cc2be7bc0f17a6cca68f6e5c0675191
+ . cri-lock-repos
++ . cri-common
+++ . cri-getconfig
+++ umask 002
+++ getrepos
++++ getconfig Repos
++++ perl -e '
                use Osstest;
                readglobalconfig();
                print $c{"Repos"} or die $!;
        '
+++ local repos=/home/osstest/repos
+++ '[' -z /home/osstest/repos ']'
+++ '[' '!' -d /home/osstest/repos ']'
+++ echo /home/osstest/repos
++ repos=/home/osstest/repos
++ repos_lock=/home/osstest/repos/lock
++ '[' x/home/osstest/repos/lock '!=' x/home/osstest/repos/lock ']'
+ . cri-common
++ . cri-getconfig
++ umask 002
+ select_xenbranch
+ case "$branch" in
+ tree=linux
+ xenbranch=xen-unstable
+ '[' xlinux = xlinux ']'
+ linuxbranch=linux-3.16
+ '[' x = x ']'
+ qemuubranch=qemu-upstream-unstable
+ : tested/2.6.39.x
+ . ap-common
++ : osst...@xenbits.xen.org
+++ getconfig OsstestUpstream
+++ perl -e '
                use Osstest;
                readglobalconfig();
                print $c{"OsstestUpstream"} or die $!;
        '
++ :
++ : git://xenbits.xen.org/xen.git
++ : osst...@xenbits.xen.org:/home/xen/git/xen.git
++ : git://xenbits.xen.org/staging/qemu-xen-unstable.git
++ : git://git.kernel.org
++ : git://git.kernel.org/pub/scm/linux/kernel/git
++ : git
++ : git://xenbits.xen.org/libvirt.git
++ : osst...@xenbits.xen.org:/home/xen/git/libvirt.git
++ : git://xenbits.xen.org/libvirt.git
++ : git://xenbits.xen.org/rumpuser-xen.git
++ : git
++ : git://xenbits.xen.org/rumpuser-xen.git
++ : osst...@xenbits.xen.org:/home/xen/git/rumpuser-xen.git
+++ besteffort_repo https://github.com/rumpkernel/rumpkernel-netbsd-src
+++ local repo=https://github.com/rumpkernel/rumpkernel-netbsd-src
+++ cached_repo https://github.com/rumpkernel/rumpkernel-netbsd-src 
'[fetch=try]'
+++ local repo=https://github.com/rumpkernel/rumpkernel-netbsd-src
+++ local 'options=[fetch=try]'
++++ getconfig GitCacheProxy
++++ perl -e '
                use Osstest;
                readglobalconfig();
                print $c{"GitCacheProxy"} or die $!;
        '
+++ local cache=git://cache:9419/
+++ '[' xgit://cache:9419/ '!=' x ']'
+++ echo 
'git://cache:9419/https://github.com/rumpkernel/rumpkernel-netbsd-src%20[fetch=try]'
++ : 
'git://cache:9419/https://github.com/rumpkernel/rumpkernel-netbsd-src%20[fetch=try]'
++ : git
++ : git://git.seabios.org/seabios.git
++ : osst...@xenbits.xen.org:/home/xen/git/osstest/seabios.git
++ : git://xenbits.xen.org/osstest/seabios.git
++ : https://github.com/tianocore/edk2.git
++ : osst...@xenbits.xen.org:/home/xen/git/osstest/ovmf.git
++ : git://xenbits.xen.org/osstest/ovmf.git
++ : git://xenbits.xen.org/osstest/linux-firmware.git
++ : osst...@xenbits.xen.org:/home/osstest/ext/linux-firmware.git
++ : git://git.kernel.org/pub/scm/linux/kernel/git/firmware/linux-firmware.git
++ : osst...@xenbits.xen.org:/home/xen/git/linux-pvops.git
++ : git://xenbits.xen.org/linux-pvops.git
++ : tested/linux-3.14
++ : tested/linux-arm-xen
++ '[' xgit://kernel.ubuntu.com/ubuntu/linux.git = x ']'
++ '[' xgit://kernel.ubuntu.com/ubuntu/linux.git = x ']'
++ : git://git.kernel.org/pub/scm/linux/kernel/git/konrad/xen.git
++ : tested/2.6.39.x
++ : daily-cron.linux-3.16
++ : daily-cron.linux-3.16
++ : daily-cron.linux-3.16
++ : daily-cron.linux-3.16
++ : daily-cron.linux-3.16
++ : daily-cron.linux-3.16
++ : http://hg.uk.xensource.com/carbon/trunk/linux-2.6.27
++ : git://xenbits.xen.org/staging/qemu-upstream-unstable.git
++ : daily-cron.linux-3.16
++ : git://git.qemu.org/qemu.git
++ : git://xenbits.xen.org/osstest/qemu.git
++ : osst...@xenbits.xen.org:/home/xen/git/osstest/qemu.git
++ : daily-cron.linux-3.16
+ TREE_LINUX=osst...@xenbits.xen.org:/home/xen/git/linux-pvops.git
+ TREE_QEMU_MAINLINE=osst...@xenbits.xen.org:/home/xen/git/osstest/qemu.git
+ 
TREE_QEMU_UPSTREAM=osst...@xenbits.xen.org:/home/xen/git/qemu-upstream-unstable.git
+ TREE_XEN=osst...@xenbits.xen.org:/home/xen/git/xen.git
+ TREE_LIBVIRT=osst...@xenbits.xen.org:/home/xen/git/libvirt.git
+ TREE_RUMPUSERXEN=osst...@xenbits.xen.org:/home/xen/git/rumpuser-xen.git
+ TREE_SEABIOS=osst...@xenbits.xen.org:/home/xen/git/osstest/seabios.git
+ TREE_OVMF=osst...@xenbits.xen.org:/home/xen/git/osstest/ovmf.git
+ info_linux_tree linux-3.16
+ case $1 in
+ : git://kernel.ubuntu.com/ubuntu/linux.git
+ : linux-3.16.y
+ : linux-3.16.y
+ : git
+ : git
+ : git://xenbits.xen.org/linux-pvops.git
+ : osst...@xenbits.xen.org:/home/xen/git/linux-pvops.git
+ : tested/linux-3.16
+ : refs/heads/tested/linux-3.16
+ return 0
+ cd /home/osstest/repos/linux
+ git push osst...@xenbits.xen.org:/home/xen/git/linux-pvops.git 
26749e751cc2be7bc0f17a6cca68f6e5c0675191:refs/heads/tested/linux-3.16
To osst...@xenbits.xen.org:/home/xen/git/linux-pvops.git
   162d643..26749e7  26749e751cc2be7bc0f17a6cca68f6e5c0675191 -> 
tested/linux-3.16
+ exit 0

_______________________________________________
Xen-devel mailing list
Xen-devel@lists.xen.org
http://lists.xen.org/xen-devel

Reply via email to