flight 58984 libvirt real [real]
http://logs.test-lab.xenproject.org/osstest/logs/58984/

Regressions :-(

Tests which did not succeed and are blocking,
including tests which could not be run:
 test-amd64-i386-libvirt-xsm  11 guest-start               fail REGR. vs. 58842

Regressions which are regarded as allowable (not blocking):
 test-amd64-i386-libvirt      11 guest-start                  fail   like 58842
 test-amd64-amd64-libvirt     11 guest-start                  fail   like 58842

Tests which did not succeed, but are not blocking:
 test-amd64-amd64-libvirt-xsm 12 migrate-support-check        fail   never pass
 test-armhf-armhf-libvirt-xsm 12 migrate-support-check        fail   never pass
 test-armhf-armhf-libvirt     12 migrate-support-check        fail   never pass

version targeted for testing:
 libvirt              f7d8aa44b06e5cfa06abea4a72ee26b13754667d
baseline version:
 libvirt              d10a5f58c75e7eb5943b44cc36a1e768adb2cdb0

------------------------------------------------------------
People who touched revisions under test:
  Boris Fiuczynski <fiu...@linux.vnet.ibm.com>
  Dmitry Guryanov <dgurya...@parallels.com>
  Eric Blake <ebl...@redhat.com>
  Jiri Denemark <jdene...@redhat.com>
  John Ferlan <jfer...@redhat.com>
  Laine Stump <la...@laine.org>
  Luyao Huang <lhu...@redhat.com>
  Martin Kletzander <mklet...@redhat.com>
  Michal Privoznik <mpriv...@redhat.com>
  Mikhail Feoktistov <mfeoktis...@virtuozzo.com>
  Nikolay Shirokovskiy <nshirokovs...@parallels.com>
  Nikolay Shirokovskiy <nshirokovs...@virtuozzo.com>
  Peter Krempa <pkre...@redhat.com>
------------------------------------------------------------

jobs:
 build-amd64-xsm                                              pass    
 build-armhf-xsm                                              pass    
 build-i386-xsm                                               pass    
 build-amd64                                                  pass    
 build-armhf                                                  pass    
 build-i386                                                   pass    
 build-amd64-libvirt                                          pass    
 build-armhf-libvirt                                          pass    
 build-i386-libvirt                                           pass    
 build-amd64-pvops                                            pass    
 build-armhf-pvops                                            pass    
 build-i386-pvops                                             pass    
 test-amd64-amd64-libvirt-xsm                                 pass    
 test-armhf-armhf-libvirt-xsm                                 pass    
 test-amd64-i386-libvirt-xsm                                  fail    
 test-amd64-amd64-libvirt                                     fail    
 test-armhf-armhf-libvirt                                     pass    
 test-amd64-i386-libvirt                                      fail    


------------------------------------------------------------
sg-report-flight on osstest.test-lab.xenproject.org
logs: /home/logs/logs
images: /home/logs/images

Logs, config files, etc. are available at
    http://logs.test-lab.xenproject.org/osstest/logs

Test harness code can be found at
    http://xenbits.xen.org/gitweb?p=osstest.git;a=summary


Not pushing.

(No revision log; it would be 925 lines long.)

_______________________________________________
Xen-devel mailing list
Xen-devel@lists.xen.org
http://lists.xen.org/xen-devel

Reply via email to