flight 58869 linux-3.10 real [real]
http://logs.test-lab.xenproject.org/osstest/logs/58869/

Failures :-/ but no regressions.

Tests which are failing intermittently (not blocking):
 test-armhf-armhf-libvirt      3 host-install(3)           broken pass in 58839
 test-amd64-i386-xl           13 guest-saverestore  fail in 58839 pass in 58869
 test-amd64-amd64-xl-qemuu-ovmf-amd64 18 guest-start/debianhvm.repeat fail pass 
in 58839
 test-amd64-amd64-xl-qemut-debianhvm-amd64 15 guest-localmigrate/x10 fail pass 
in 58839
 test-amd64-i386-xl-qemuu-debianhvm-amd64 18 guest-start/debianhvm.repeat fail 
pass in 58839

Regressions which are regarded as allowable (not blocking):
 test-amd64-amd64-xl-qemut-stubdom-debianhvm-amd64-xsm 18 
guest-start/debianhvm.repeat fail in 58839 baseline untested
 test-amd64-i386-rumpuserxen-i386 15 
rumpuserxen-demo-xenstorels/xenstorels.repeat fail like 58047
 test-amd64-i386-libvirt      11 guest-start                  fail   like 58106
 test-amd64-amd64-rumpuserxen-amd64 15 
rumpuserxen-demo-xenstorels/xenstorels.repeat fail like 58106
 test-amd64-i386-xl-qemuu-win7-amd64 16 guest-stop              fail like 58106
 test-amd64-amd64-xl-qemuu-win7-amd64 16 guest-stop             fail like 58106

Tests which did not succeed, but are not blocking:
 test-armhf-armhf-libvirt      6 xen-boot              fail in 58839 never pass
 test-amd64-amd64-xl-pvh-intel 11 guest-start                  fail  never pass
 test-amd64-amd64-xl-pvh-amd  11 guest-start                  fail   never pass
 test-armhf-armhf-xl           6 xen-boot                     fail   never pass
 test-armhf-armhf-xl-xsm       6 xen-boot                     fail   never pass
 test-armhf-armhf-xl-sedf      6 xen-boot                     fail   never pass
 test-armhf-armhf-xl-arndale   6 xen-boot                     fail   never pass
 test-armhf-armhf-libvirt-xsm  6 xen-boot                     fail   never pass
 test-armhf-armhf-xl-credit2   6 xen-boot                     fail   never pass
 test-armhf-armhf-xl-cubietruck  6 xen-boot                     fail never pass
 test-armhf-armhf-xl-sedf-pin  6 xen-boot                     fail   never pass
 test-armhf-armhf-xl-multivcpu  6 xen-boot                     fail  never pass
 test-amd64-amd64-libvirt     12 migrate-support-check        fail   never pass
 test-amd64-amd64-libvirt-xsm 12 migrate-support-check        fail   never pass
 test-amd64-i386-libvirt-xsm  12 migrate-support-check        fail   never pass
 test-amd64-amd64-xl-qemut-win7-amd64 16 guest-stop             fail never pass
 test-amd64-i386-xl-qemut-win7-amd64 16 guest-stop              fail never pass

version targeted for testing:
 linux                28114597f84ea08d0f61f0a60aa23176ec36004a
baseline version:
 linux                14a86b32c5f7ec8cef6c81d235da200468d340df

------------------------------------------------------------
People who touched revisions under test:
  "Eric W. Biederman" <ebied...@xmission.com>
  Aaro Koskinen <aaro.koski...@nokia.com>
  Andrew Morton <a...@linux-foundation.org>
  Chengyu Song <cson...@gatech.edu>
  Chris Mason <c...@fb.com>
  Clemens Ladisch <clem...@ladisch.de>
  Cong Wang <xiyou.wangc...@gmail.com>
  Dan Carpenter <dan.carpen...@oracle.com>
  Dan Williams <dan.j.willi...@intel.com>
  David S. Miller <da...@davemloft.net>
  Dmitry Torokhov <dmitry.torok...@gmail.com>
  Eric Dumazet <eduma...@google.com>
  Eric W. Biederman <ebied...@xmission.com>
  Florian Fainelli <f.faine...@gmail.com>
  Greg Kroah-Hartman <gre...@linuxfoundation.org>
  Gu Zheng <guz.f...@cn.fujitsu.com>
  Hannes Frederic Sowa <han...@stressinduktion.org>
  Hans de Goede <hdego...@redhat.com>
  Ian Campbell <ian.campb...@citrix.com>
  James Hogan <james.ho...@imgtec.com>
  Jani Nikula <jani.nik...@intel.com>
  Jason A. Donenfeld <ja...@zx2c4.com>
  Jeff Mahoney <je...@suse.com>
  Jens Axboe <ax...@fb.com>
  Jim Bride <jim.br...@linux.intel.com>
  Johan Hovold <jo...@kernel.org>
  Johannes Berg <johannes.b...@intel.com>
  John D. Blair <jo...@candicontrols.com>
  Jonathan Cameron <ji...@kernel.org>
  Lars-Peter Clausen <l...@metafoo.de>
  Linus Torvalds <torva...@linux-foundation.org>
  Mark Salyzyn <saly...@android.com>
  Oliver Grafe <oliver.gr...@ge.com> (v2)
  Patrick Riphagen <patrick.ripha...@xsens.com>
  Paul Cercueil <paul.cercu...@analog.com>
  Ralf Baechle <r...@linux-mips.org>
  Richard Cochran <richardcoch...@gmail.com>
  Rik Theys <rik.th...@esat.kuleuven.be>
  Steven Rostedt <rost...@goodmis.org>
  Takashi Iwai <ti...@suse.de>
  Tejun Heo <t...@kernel.org>
  Thadeu Lima de Souza Cascardo <casca...@redhat.com>
  Vittorio Gambaletta <linuxb...@vittgam.net>
  WANG Cong <xiyou.wangc...@gmail.com>
  Wang Long <long.wangl...@huawei.com>
  Wei Liu <wei.l...@citrix.com>
  Wolfram Sang <w...@the-dreams.de>
------------------------------------------------------------

jobs:
 build-amd64-xsm                                              pass    
 build-armhf-xsm                                              pass    
 build-i386-xsm                                               pass    
 build-amd64                                                  pass    
 build-armhf                                                  pass    
 build-i386                                                   pass    
 build-amd64-libvirt                                          pass    
 build-armhf-libvirt                                          pass    
 build-i386-libvirt                                           pass    
 build-amd64-pvops                                            pass    
 build-armhf-pvops                                            pass    
 build-i386-pvops                                             pass    
 build-amd64-rumpuserxen                                      pass    
 build-i386-rumpuserxen                                       pass    
 test-amd64-amd64-xl                                          pass    
 test-armhf-armhf-xl                                          fail    
 test-amd64-i386-xl                                           pass    
 test-amd64-amd64-xl-qemut-debianhvm-amd64-xsm                pass    
 test-amd64-i386-xl-qemut-debianhvm-amd64-xsm                 pass    
 test-amd64-amd64-xl-qemuu-debianhvm-amd64-xsm                pass    
 test-amd64-i386-xl-qemuu-debianhvm-amd64-xsm                 pass    
 test-amd64-amd64-xl-qemut-stubdom-debianhvm-amd64-xsm        pass    
 test-amd64-i386-xl-qemut-stubdom-debianhvm-amd64-xsm         pass    
 test-amd64-amd64-libvirt-xsm                                 pass    
 test-armhf-armhf-libvirt-xsm                                 fail    
 test-amd64-i386-libvirt-xsm                                  pass    
 test-amd64-amd64-xl-xsm                                      pass    
 test-armhf-armhf-xl-xsm                                      fail    
 test-amd64-i386-xl-xsm                                       pass    
 test-amd64-amd64-xl-pvh-amd                                  fail    
 test-amd64-i386-qemut-rhel6hvm-amd                           pass    
 test-amd64-i386-qemuu-rhel6hvm-amd                           pass    
 test-amd64-amd64-xl-qemut-debianhvm-amd64                    fail    
 test-amd64-i386-xl-qemut-debianhvm-amd64                     pass    
 test-amd64-amd64-xl-qemuu-debianhvm-amd64                    pass    
 test-amd64-i386-xl-qemuu-debianhvm-amd64                     fail    
 test-amd64-i386-freebsd10-amd64                              pass    
 test-amd64-amd64-xl-qemuu-ovmf-amd64                         fail    
 test-amd64-i386-xl-qemuu-ovmf-amd64                          pass    
 test-amd64-amd64-rumpuserxen-amd64                           fail    
 test-amd64-amd64-xl-qemut-win7-amd64                         fail    
 test-amd64-i386-xl-qemut-win7-amd64                          fail    
 test-amd64-amd64-xl-qemuu-win7-amd64                         fail    
 test-amd64-i386-xl-qemuu-win7-amd64                          fail    
 test-armhf-armhf-xl-arndale                                  fail    
 test-amd64-amd64-xl-credit2                                  pass    
 test-armhf-armhf-xl-credit2                                  fail    
 test-armhf-armhf-xl-cubietruck                               fail    
 test-amd64-i386-freebsd10-i386                               pass    
 test-amd64-i386-rumpuserxen-i386                             fail    
 test-amd64-amd64-xl-pvh-intel                                fail    
 test-amd64-i386-qemut-rhel6hvm-intel                         pass    
 test-amd64-i386-qemuu-rhel6hvm-intel                         pass    
 test-amd64-amd64-libvirt                                     pass    
 test-armhf-armhf-libvirt                                     broken  
 test-amd64-i386-libvirt                                      fail    
 test-amd64-amd64-xl-multivcpu                                pass    
 test-armhf-armhf-xl-multivcpu                                fail    
 test-amd64-amd64-pair                                        pass    
 test-amd64-i386-pair                                         pass    
 test-amd64-amd64-xl-sedf-pin                                 pass    
 test-armhf-armhf-xl-sedf-pin                                 fail    
 test-amd64-amd64-xl-sedf                                     pass    
 test-armhf-armhf-xl-sedf                                     fail    
 test-amd64-i386-xl-qemut-winxpsp3-vcpus1                     pass    
 test-amd64-i386-xl-qemuu-winxpsp3-vcpus1                     pass    
 test-amd64-amd64-xl-qemut-winxpsp3                           pass    
 test-amd64-i386-xl-qemut-winxpsp3                            pass    
 test-amd64-amd64-xl-qemuu-winxpsp3                           pass    
 test-amd64-i386-xl-qemuu-winxpsp3                            pass    


------------------------------------------------------------
sg-report-flight on osstest.test-lab.xenproject.org
logs: /home/logs/logs
images: /home/logs/images

Logs, config files, etc. are available at
    http://logs.test-lab.xenproject.org/osstest/logs

Test harness code can be found at
    http://xenbits.xen.org/gitweb?p=osstest.git;a=summary

broken-step test-armhf-armhf-libvirt host-install(3)

Pushing revision :

+ branch=linux-3.10
+ revision=28114597f84ea08d0f61f0a60aa23176ec36004a
+ . cri-lock-repos
++ . cri-common
+++ . cri-getconfig
+++ umask 002
+++ getconfig Repos
+++ perl -e '
                use Osstest;
                readglobalconfig();
                print $c{"Repos"} or die $!;
        '
++ repos=/home/osstest/repos
++ repos_lock=/home/osstest/repos/lock
++ '[' x '!=' x/home/osstest/repos/lock ']'
++ OSSTEST_REPOS_LOCK_LOCKED=/home/osstest/repos/lock
++ exec with-lock-ex -w /home/osstest/repos/lock ./ap-push linux-3.10 
28114597f84ea08d0f61f0a60aa23176ec36004a
+ branch=linux-3.10
+ revision=28114597f84ea08d0f61f0a60aa23176ec36004a
+ . cri-lock-repos
++ . cri-common
+++ . cri-getconfig
+++ umask 002
+++ getconfig Repos
+++ perl -e '
                use Osstest;
                readglobalconfig();
                print $c{"Repos"} or die $!;
        '
++ repos=/home/osstest/repos
++ repos_lock=/home/osstest/repos/lock
++ '[' x/home/osstest/repos/lock '!=' x/home/osstest/repos/lock ']'
+ . cri-common
++ . cri-getconfig
++ umask 002
+ select_xenbranch
+ case "$branch" in
+ tree=linux
+ xenbranch=xen-unstable
+ '[' xlinux = xlinux ']'
+ linuxbranch=linux-3.10
+ '[' x = x ']'
+ qemuubranch=qemu-upstream-unstable
+ : tested/2.6.39.x
+ . ap-common
++ : osst...@xenbits.xen.org
+++ getconfig OsstestUpstream
+++ perl -e '
                use Osstest;
                readglobalconfig();
                print $c{"OsstestUpstream"} or die $!;
        '
++ :
++ : git://xenbits.xen.org/xen.git
++ : osst...@xenbits.xen.org:/home/xen/git/xen.git
++ : git://xenbits.xen.org/staging/qemu-xen-unstable.git
++ : git://git.kernel.org
++ : git://git.kernel.org/pub/scm/linux/kernel/git
++ : git
++ : git://xenbits.xen.org/libvirt.git
++ : osst...@xenbits.xen.org:/home/xen/git/libvirt.git
++ : git://xenbits.xen.org/libvirt.git
++ : git://xenbits.xen.org/rumpuser-xen.git
++ : git
++ : git://xenbits.xen.org/rumpuser-xen.git
++ : osst...@xenbits.xen.org:/home/xen/git/rumpuser-xen.git
+++ besteffort_repo https://github.com/rumpkernel/rumpkernel-netbsd-src
+++ local repo=https://github.com/rumpkernel/rumpkernel-netbsd-src
+++ cached_repo https://github.com/rumpkernel/rumpkernel-netbsd-src 
'[fetch=try]'
+++ local repo=https://github.com/rumpkernel/rumpkernel-netbsd-src
+++ local 'options=[fetch=try]'
++++ getconfig GitCacheProxy
++++ perl -e '
                use Osstest;
                readglobalconfig();
                print $c{"GitCacheProxy"} or die $!;
        '
+++ local cache=git://cache:9419/
+++ '[' xgit://cache:9419/ '!=' x ']'
+++ echo 
'git://cache:9419/https://github.com/rumpkernel/rumpkernel-netbsd-src%20[fetch=try]'
++ : 
'git://cache:9419/https://github.com/rumpkernel/rumpkernel-netbsd-src%20[fetch=try]'
++ : git
++ : git://git.seabios.org/seabios.git
++ : osst...@xenbits.xen.org:/home/xen/git/osstest/seabios.git
++ : git://xenbits.xen.org/osstest/seabios.git
++ : https://github.com/tianocore/edk2.git
++ : osst...@xenbits.xen.org:/home/xen/git/osstest/ovmf.git
++ : git://xenbits.xen.org/osstest/ovmf.git
++ : git://xenbits.xen.org/osstest/linux-firmware.git
++ : osst...@xenbits.xen.org:/home/osstest/ext/linux-firmware.git
++ : git://git.kernel.org/pub/scm/linux/kernel/git/firmware/linux-firmware.git
++ : osst...@xenbits.xen.org:/home/xen/git/linux-pvops.git
++ : git://xenbits.xen.org/linux-pvops.git
++ : tested/linux-3.14
++ : tested/linux-arm-xen
++ '[' xgit://git.kernel.org/pub/scm/linux/kernel/git/stable/linux-stable.git = 
x ']'
++ '[' xgit://git.kernel.org/pub/scm/linux/kernel/git/stable/linux-stable.git = 
x ']'
++ : git://git.kernel.org/pub/scm/linux/kernel/git/konrad/xen.git
++ : tested/2.6.39.x
++ : daily-cron.linux-3.10
++ : daily-cron.linux-3.10
++ : daily-cron.linux-3.10
++ : daily-cron.linux-3.10
++ : daily-cron.linux-3.10
++ : daily-cron.linux-3.10
++ : http://hg.uk.xensource.com/carbon/trunk/linux-2.6.27
++ : git://xenbits.xen.org/staging/qemu-upstream-unstable.git
++ : daily-cron.linux-3.10
++ : git://git.qemu.org/qemu.git
++ : git://xenbits.xen.org/osstest/qemu.git
++ : osst...@xenbits.xen.org:/home/xen/git/osstest/qemu.git
++ : daily-cron.linux-3.10
+ TREE_LINUX=osst...@xenbits.xen.org:/home/xen/git/linux-pvops.git
+ TREE_QEMU_MAINLINE=osst...@xenbits.xen.org:/home/xen/git/osstest/qemu.git
+ 
TREE_QEMU_UPSTREAM=osst...@xenbits.xen.org:/home/xen/git/qemu-upstream-unstable.git
+ TREE_XEN=osst...@xenbits.xen.org:/home/xen/git/xen.git
+ TREE_LIBVIRT=osst...@xenbits.xen.org:/home/xen/git/libvirt.git
+ TREE_RUMPUSERXEN=osst...@xenbits.xen.org:/home/xen/git/rumpuser-xen.git
+ TREE_SEABIOS=osst...@xenbits.xen.org:/home/xen/git/osstest/seabios.git
+ TREE_OVMF=osst...@xenbits.xen.org:/home/xen/git/osstest/ovmf.git
+ info_linux_tree linux-3.10
+ case $1 in
+ : git://git.kernel.org/pub/scm/linux/kernel/git/stable/linux-stable.git
+ : linux-3.10.y
+ : linux-3.10.y
+ : git
+ : git
+ : git://xenbits.xen.org/linux-pvops.git
+ : osst...@xenbits.xen.org:/home/xen/git/linux-pvops.git
+ : tested/linux-3.10
+ : refs/heads/tested/linux-3.10
+ return 0
+ cd /home/osstest/repos/linux
+ git push osst...@xenbits.xen.org:/home/xen/git/linux-pvops.git 
28114597f84ea08d0f61f0a60aa23176ec36004a:refs/heads/tested/linux-3.10
To osst...@xenbits.xen.org:/home/xen/git/linux-pvops.git
   14a86b3..2811459  28114597f84ea08d0f61f0a60aa23176ec36004a -> 
tested/linux-3.10
+ exit 0

_______________________________________________
Xen-devel mailing list
Xen-devel@lists.xen.org
http://lists.xen.org/xen-devel

Reply via email to