flight 58818 xen-4.4-testing real [real] http://logs.test-lab.xenproject.org/osstest/logs/58818/
Regressions :-( Tests which did not succeed and are blocking, including tests which could not be run: test-armhf-armhf-xl-multivcpu 15 guest-start/debian.repeat fail REGR. vs. 58451 Tests which are failing intermittently (not blocking): test-armhf-armhf-xl-sedf-pin 15 guest-start/debian.repeat fail in 58790 pass in 58818 test-amd64-amd64-xl-qemuu-win7-amd64 16 guest-stop fail pass in 58790 Regressions which are regarded as allowable (not blocking): test-amd64-amd64-libvirt 11 guest-start fail like 58530 test-amd64-i386-xl-qemuu-win7-amd64 15 guest-localmigrate/x10 fail like 58530 Tests which did not succeed, but are not blocking: test-amd64-i386-rumpuserxen-i386 1 build-check(1) blocked n/a test-amd64-amd64-rumpuserxen-amd64 1 build-check(1) blocked n/a build-amd64-rumpuserxen 6 xen-build fail never pass build-i386-rumpuserxen 6 xen-build fail never pass test-armhf-armhf-xl-credit2 6 xen-boot fail never pass test-amd64-i386-libvirt 12 migrate-support-check fail never pass test-armhf-armhf-libvirt 11 guest-start fail never pass test-armhf-armhf-xl-arndale 12 migrate-support-check fail never pass test-armhf-armhf-xl-multivcpu 12 migrate-support-check fail never pass test-armhf-armhf-xl-cubietruck 12 migrate-support-check fail never pass test-armhf-armhf-xl 12 migrate-support-check fail never pass test-armhf-armhf-xl-sedf-pin 12 migrate-support-check fail never pass test-amd64-amd64-xl-qemut-win7-amd64 16 guest-stop fail never pass test-amd64-i386-xl-qemut-win7-amd64 16 guest-stop fail never pass test-amd64-i386-xend-qemut-winxpsp3 20 leak-check/check fail never pass test-armhf-armhf-xl-sedf 12 migrate-support-check fail never pass version targeted for testing: xen de53397e342682dfe37d569a137007067a86b768 baseline version: xen 05ab7714ff84003b9b4542d7816b4651efb67679 ------------------------------------------------------------ People who touched revisions under test: Alan Robinson <alan.robin...@ts.fujitsu.com> Andrew Cooper <andrew.coop...@citrix.com> Dario Faggioli <dario.faggi...@citrix.com> Dietmar Hahn <dietmar.h...@ts.fujitsu.com> Don Dugger <donald.d.dug...@intel.com> George Dunlap <george.dun...@eu.citrix.com> Ian Campbell <ian.campb...@citrix.com> Jan Beulich <jbeul...@suse.com> Juergen Gross <jgr...@suse.com> Kevin Tian <kevin.t...@intel.com> Konrad Rzeszutek Wilk <konrad.w...@oracle.com> Roger Pau Monné <roger....@citrix.com> Ross Lagerwall <ross.lagerw...@citrix.com> ------------------------------------------------------------ jobs: build-amd64-xend pass build-i386-xend pass build-amd64 pass build-armhf pass build-i386 pass build-amd64-libvirt pass build-armhf-libvirt pass build-i386-libvirt pass build-amd64-pvops pass build-armhf-pvops pass build-i386-pvops pass build-amd64-rumpuserxen fail build-i386-rumpuserxen fail test-amd64-amd64-xl pass test-armhf-armhf-xl pass test-amd64-i386-xl pass test-amd64-i386-qemut-rhel6hvm-amd pass test-amd64-i386-qemuu-rhel6hvm-amd pass test-amd64-amd64-xl-qemut-debianhvm-amd64 pass test-amd64-i386-xl-qemut-debianhvm-amd64 pass test-amd64-amd64-xl-qemuu-debianhvm-amd64 pass test-amd64-i386-xl-qemuu-debianhvm-amd64 pass test-amd64-i386-freebsd10-amd64 pass test-amd64-amd64-xl-qemuu-ovmf-amd64 pass test-amd64-i386-xl-qemuu-ovmf-amd64 pass test-amd64-amd64-rumpuserxen-amd64 blocked test-amd64-amd64-xl-qemut-win7-amd64 fail test-amd64-i386-xl-qemut-win7-amd64 fail test-amd64-amd64-xl-qemuu-win7-amd64 fail test-amd64-i386-xl-qemuu-win7-amd64 fail test-armhf-armhf-xl-arndale pass test-amd64-amd64-xl-credit2 pass test-armhf-armhf-xl-credit2 fail test-armhf-armhf-xl-cubietruck pass test-amd64-i386-freebsd10-i386 pass test-amd64-i386-rumpuserxen-i386 blocked test-amd64-i386-qemut-rhel6hvm-intel pass test-amd64-i386-qemuu-rhel6hvm-intel pass test-amd64-amd64-libvirt fail test-armhf-armhf-libvirt fail test-amd64-i386-libvirt pass test-amd64-amd64-xl-multivcpu pass test-armhf-armhf-xl-multivcpu fail test-amd64-amd64-pair pass test-amd64-i386-pair pass test-amd64-amd64-xl-sedf-pin pass test-armhf-armhf-xl-sedf-pin pass test-amd64-amd64-pv pass test-amd64-i386-pv pass test-amd64-amd64-xl-sedf pass test-armhf-armhf-xl-sedf pass test-amd64-i386-xl-qemut-winxpsp3-vcpus1 pass test-amd64-i386-xl-qemuu-winxpsp3-vcpus1 pass test-amd64-i386-xend-qemut-winxpsp3 fail test-amd64-amd64-xl-qemut-winxpsp3 pass test-amd64-amd64-xl-qemuu-winxpsp3 pass ------------------------------------------------------------ sg-report-flight on osstest.test-lab.xenproject.org logs: /home/logs/logs images: /home/logs/images Logs, config files, etc. are available at http://logs.test-lab.xenproject.org/osstest/logs Test harness code can be found at http://xenbits.xen.org/gitweb?p=osstest.git;a=summary Not pushing. (No revision log; it would be 419 lines long.)
_______________________________________________ Xen-devel mailing list Xen-devel@lists.xen.org http://lists.xen.org/xen-devel