flight 58766 linux-linus real [real] http://logs.test-lab.xenproject.org/osstest/logs/58766/
Regressions :-( Tests which did not succeed and are blocking, including tests which could not be run: test-armhf-armhf-xl-arndale 5 xen-install fail REGR. vs. 58620 test-armhf-armhf-xl 11 guest-start fail REGR. vs. 58620 Regressions which are regarded as allowable (not blocking): test-amd64-amd64-xl-sedf 15 guest-saverestore.2 fail REGR. vs. 58620 test-amd64-i386-libvirt 11 guest-start fail like 58620 test-amd64-amd64-libvirt 11 guest-start fail like 58620 test-amd64-i386-freebsd10-amd64 9 freebsd-install fail like 58620 test-amd64-i386-freebsd10-i386 9 freebsd-install fail like 58620 test-amd64-i386-libvirt-xsm 11 guest-start fail like 58620 test-armhf-armhf-libvirt-xsm 11 guest-start fail like 58620 test-armhf-armhf-libvirt 11 guest-start fail like 58620 test-amd64-i386-xl-qemuu-win7-amd64 16 guest-stop fail like 58620 test-amd64-amd64-xl-qemuu-win7-amd64 16 guest-stop fail like 58620 Tests which did not succeed, but are not blocking: test-amd64-amd64-xl-pvh-intel 13 guest-saverestore fail never pass test-amd64-amd64-xl-pvh-amd 11 guest-start fail never pass test-amd64-amd64-libvirt-xsm 12 migrate-support-check fail never pass test-armhf-armhf-xl-xsm 12 migrate-support-check fail never pass test-amd64-i386-xl-qemut-stubdom-debianhvm-amd64-xsm 20 leak-check/check fail never pass test-armhf-armhf-xl-credit2 12 migrate-support-check fail never pass test-armhf-armhf-xl-sedf-pin 12 migrate-support-check fail never pass test-armhf-armhf-xl-cubietruck 12 migrate-support-check fail never pass test-amd64-amd64-xl-qemut-win7-amd64 16 guest-stop fail never pass test-amd64-amd64-xl-qemut-stubdom-debianhvm-amd64-xsm 20 leak-check/check fail never pass test-amd64-i386-xl-qemut-win7-amd64 16 guest-stop fail never pass test-armhf-armhf-xl-multivcpu 12 migrate-support-check fail never pass test-armhf-armhf-xl-sedf 12 migrate-support-check fail never pass version targeted for testing: linux bb16140a2cab5415ffcbb23594da9e495df1bab7 baseline version: linux 0f57d86787d8b1076ea8f9cbdddda2a46d534a27 ------------------------------------------------------------ People who touched revisions under test: Alexandre Belloni <alexandre.bell...@free-electrons.com> Andrew Morton <a...@linux-foundation.org> Boris Brezillon <boris.brezil...@free-electrons.com> Hans Verkuil <hans.verk...@cisco.com> Herbert Xu <herb...@gondor.apana.org.au> Hugh Dickins <hu...@google.com> Hui Wang <hui.w...@canonical.com> Jonathan McDowell <nood...@earth.li> Laurent Pinchart <laurent.pinch...@ideasonboard.com> Linus Torvalds <torva...@linux-foundation.org> Marcelo Tosatti <mtosa...@redhat.com> Mauro Carvalho Chehab <mche...@osg.samsung.com> Michael Turquette <mturque...@baylibre.com> Nicholas Mc Guire <hof...@osadl.org> Nicolas Ferre <nicolas.fe...@atmel.com> Radim KrÄmáŠ<rkrc...@redhat.com> Steve Cornelius <steve.cornel...@freescale.com> Steven Rostedt <rost...@goodmis.org> Takashi Iwai <ti...@suse.de> Victoria Milhoan <vicki.milh...@freescale.com> Vince Weaver <vincent.wea...@maine.edu> Wolfram Sang <wsa+rene...@sang-engineering.com> Wolfram Sang <w...@the-dreams.de> ------------------------------------------------------------ jobs: build-amd64-xsm pass build-armhf-xsm pass build-i386-xsm pass build-amd64 pass build-armhf pass build-i386 pass build-amd64-libvirt pass build-armhf-libvirt pass build-i386-libvirt pass build-amd64-pvops pass build-armhf-pvops pass build-i386-pvops pass build-amd64-rumpuserxen pass build-i386-rumpuserxen pass test-amd64-amd64-xl pass test-armhf-armhf-xl fail test-amd64-i386-xl pass test-amd64-amd64-xl-qemut-debianhvm-amd64-xsm pass test-amd64-i386-xl-qemut-debianhvm-amd64-xsm pass test-amd64-amd64-xl-qemuu-debianhvm-amd64-xsm pass test-amd64-i386-xl-qemuu-debianhvm-amd64-xsm pass test-amd64-amd64-xl-qemut-stubdom-debianhvm-amd64-xsm fail test-amd64-i386-xl-qemut-stubdom-debianhvm-amd64-xsm fail test-amd64-amd64-libvirt-xsm pass test-armhf-armhf-libvirt-xsm fail test-amd64-i386-libvirt-xsm fail test-amd64-amd64-xl-xsm pass test-armhf-armhf-xl-xsm pass test-amd64-i386-xl-xsm pass test-amd64-amd64-xl-pvh-amd fail test-amd64-i386-qemut-rhel6hvm-amd pass test-amd64-i386-qemuu-rhel6hvm-amd pass test-amd64-amd64-xl-qemut-debianhvm-amd64 pass test-amd64-i386-xl-qemut-debianhvm-amd64 pass test-amd64-amd64-xl-qemuu-debianhvm-amd64 pass test-amd64-i386-xl-qemuu-debianhvm-amd64 pass test-amd64-i386-freebsd10-amd64 fail test-amd64-amd64-xl-qemuu-ovmf-amd64 pass test-amd64-i386-xl-qemuu-ovmf-amd64 pass test-amd64-amd64-rumpuserxen-amd64 pass test-amd64-amd64-xl-qemut-win7-amd64 fail test-amd64-i386-xl-qemut-win7-amd64 fail test-amd64-amd64-xl-qemuu-win7-amd64 fail test-amd64-i386-xl-qemuu-win7-amd64 fail test-armhf-armhf-xl-arndale fail test-amd64-amd64-xl-credit2 pass test-armhf-armhf-xl-credit2 pass test-armhf-armhf-xl-cubietruck pass test-amd64-i386-freebsd10-i386 fail test-amd64-i386-rumpuserxen-i386 pass test-amd64-amd64-xl-pvh-intel fail test-amd64-i386-qemut-rhel6hvm-intel pass test-amd64-i386-qemuu-rhel6hvm-intel pass test-amd64-amd64-libvirt fail test-armhf-armhf-libvirt fail test-amd64-i386-libvirt fail test-amd64-amd64-xl-multivcpu pass test-armhf-armhf-xl-multivcpu pass test-amd64-amd64-pair pass test-amd64-i386-pair pass test-amd64-amd64-xl-sedf-pin pass test-armhf-armhf-xl-sedf-pin pass test-amd64-amd64-xl-sedf fail test-armhf-armhf-xl-sedf pass test-amd64-i386-xl-qemut-winxpsp3-vcpus1 pass test-amd64-i386-xl-qemuu-winxpsp3-vcpus1 pass test-amd64-amd64-xl-qemut-winxpsp3 pass test-amd64-i386-xl-qemut-winxpsp3 pass test-amd64-amd64-xl-qemuu-winxpsp3 pass test-amd64-i386-xl-qemuu-winxpsp3 pass ------------------------------------------------------------ sg-report-flight on osstest.test-lab.xenproject.org logs: /home/logs/logs images: /home/logs/images Logs, config files, etc. are available at http://logs.test-lab.xenproject.org/osstest/logs Test harness code can be found at http://xenbits.xen.org/gitweb?p=osstest.git;a=summary Not pushing. (No revision log; it would be 533 lines long.)
_______________________________________________ Xen-devel mailing list Xen-devel@lists.xen.org http://lists.xen.org/xen-devel