flight 58672 qemu-mainline real [real] http://logs.test-lab.xenproject.org/osstest/logs/58672/
Regressions :-( Tests which did not succeed and are blocking, including tests which could not be run: build-armhf-libvirt 4 host-build-prep fail REGR. vs. 58551 test-amd64-i386-xl-qemuu-win7-amd64 9 windows-install fail REGR. vs. 58551 Regressions which are regarded as allowable (not blocking): test-amd64-i386-libvirt 11 guest-start fail like 58551 test-amd64-i386-libvirt-xsm 11 guest-start fail like 58551 test-amd64-amd64-libvirt 11 guest-start fail like 58551 Tests which did not succeed, but are not blocking: test-armhf-armhf-libvirt 1 build-check(1) blocked n/a test-armhf-armhf-libvirt-xsm 1 build-check(1) blocked n/a test-amd64-amd64-xl-pvh-amd 11 guest-start fail never pass test-amd64-amd64-xl-pvh-intel 11 guest-start fail never pass test-amd64-amd64-libvirt-xsm 11 guest-start fail never pass test-armhf-armhf-xl 12 migrate-support-check fail never pass test-armhf-armhf-xl-sedf 12 migrate-support-check fail never pass test-armhf-armhf-xl-multivcpu 12 migrate-support-check fail never pass test-armhf-armhf-xl-cubietruck 12 migrate-support-check fail never pass test-armhf-armhf-xl-arndale 12 migrate-support-check fail never pass test-armhf-armhf-xl-sedf-pin 12 migrate-support-check fail never pass test-armhf-armhf-xl-xsm 12 migrate-support-check fail never pass test-armhf-armhf-xl-credit2 12 migrate-support-check fail never pass test-amd64-amd64-xl-qemuu-win7-amd64 16 guest-stop fail never pass version targeted for testing: qemuu a09f4a9d19c500ea5cbcdc0bd7f0d540cf54f9f5 baseline version: qemuu 0a2df857a7038c75379cc575de5d4be4c0ac629e ------------------------------------------------------------ People who touched revisions under test: Alberto Garcia <be...@igalia.com> Alex Bennée <alex.ben...@linaro.org> Alexander Graf <ag...@suse.de> Andrew Jones <drjo...@redhat.com> Aneesh Kumar K.V <aneesh.ku...@linux.vnet.ibm.com> Aurelien Jarno <aurel...@aurel32.net> Aurelio C. Remonda <aurelioremo...@gmail.com> Benoit Canet <benoit.ca...@nodalink.com> Benoît Canet <benoit.ca...@nodalink.com> Christian Borntraeger <borntrae...@de.ibm.com> Cole Robinson <crobi...@redhat.com> Dave Airlie <airl...@redhat.com> Eric Auger <eric.au...@linaro.org> Fam Zheng <f...@redhat.com> Gerd Hoffmann <kra...@redhat.com> Johan Karlsson <johan.karls...@enea.com> John Snow <js...@redhat.com> Kevin Wolf <kw...@redhat.com> KÅvágó, Zoltán <dirty.ice...@gmail.com> Laurent Vivier <laur...@vivier.eu> Mao Chuan Li <maoch...@linux.vnet.ibm.com> Max Reitz <mre...@redhat.com> Michael S. Tsirkin <m...@redhat.com> Pavel Fedin <p.fe...@samsung.com> Peter Crosthwaite <peter.crosthwa...@xilinx.com> Peter Maydell <peter.mayd...@linaro.org> Riku Voipio <riku.voi...@linaro.org> Sergey Fedorov <serge.f...@gmail.com> Shannon Zhao <shannon.z...@linaro.org> Shannon Zhao <zhaoshengl...@huawei.com> Shlomo Pongratz <shlomo.pongr...@huawei.com> Stefan Hajnoczi <stefa...@redhat.com> Thierry Bultel <thierry.bul...@basystemes.fr> Xu Wang <gesa...@linux.vnet.ibm.com> Yongbok Kim <yongbok....@imgtec.com> ------------------------------------------------------------ jobs: build-amd64-xsm pass build-armhf-xsm pass build-i386-xsm pass build-amd64 pass build-armhf pass build-i386 pass build-amd64-libvirt pass build-armhf-libvirt broken build-i386-libvirt pass build-amd64-pvops pass build-armhf-pvops pass build-i386-pvops pass test-amd64-amd64-xl pass test-armhf-armhf-xl pass test-amd64-i386-xl pass test-amd64-amd64-xl-qemuu-debianhvm-amd64-xsm pass test-amd64-i386-xl-qemuu-debianhvm-amd64-xsm pass test-amd64-amd64-libvirt-xsm fail test-armhf-armhf-libvirt-xsm blocked test-amd64-i386-libvirt-xsm fail test-amd64-amd64-xl-xsm pass test-armhf-armhf-xl-xsm pass test-amd64-i386-xl-xsm pass test-amd64-amd64-xl-pvh-amd fail test-amd64-i386-qemuu-rhel6hvm-amd pass test-amd64-amd64-xl-qemuu-debianhvm-amd64 pass test-amd64-i386-xl-qemuu-debianhvm-amd64 pass test-amd64-i386-freebsd10-amd64 pass test-amd64-amd64-xl-qemuu-ovmf-amd64 pass test-amd64-i386-xl-qemuu-ovmf-amd64 pass test-amd64-amd64-xl-qemuu-win7-amd64 fail test-amd64-i386-xl-qemuu-win7-amd64 fail test-armhf-armhf-xl-arndale pass test-amd64-amd64-xl-credit2 pass test-armhf-armhf-xl-credit2 pass test-armhf-armhf-xl-cubietruck pass test-amd64-i386-freebsd10-i386 pass test-amd64-amd64-xl-pvh-intel fail test-amd64-i386-qemuu-rhel6hvm-intel pass test-amd64-amd64-libvirt fail test-armhf-armhf-libvirt blocked test-amd64-i386-libvirt fail test-amd64-amd64-xl-multivcpu pass test-armhf-armhf-xl-multivcpu pass test-amd64-amd64-pair pass test-amd64-i386-pair pass test-amd64-amd64-xl-sedf-pin pass test-armhf-armhf-xl-sedf-pin pass test-amd64-amd64-xl-sedf pass test-armhf-armhf-xl-sedf pass test-amd64-i386-xl-qemuu-winxpsp3-vcpus1 pass test-amd64-amd64-xl-qemuu-winxpsp3 pass test-amd64-i386-xl-qemuu-winxpsp3 pass ------------------------------------------------------------ sg-report-flight on osstest.test-lab.xenproject.org logs: /home/logs/logs images: /home/logs/images Logs, config files, etc. are available at http://logs.test-lab.xenproject.org/osstest/logs Test harness code can be found at http://xenbits.xen.org/gitweb?p=osstest.git;a=summary Not pushing. (No revision log; it would be 1973 lines long.)
_______________________________________________ Xen-devel mailing list Xen-devel@lists.xen.org http://lists.xen.org/xen-devel