flight 58522 linux-linus real [real] http://logs.test-lab.xenproject.org/osstest/logs/58522/
Regressions :-( Tests which did not succeed and are blocking, including tests which could not be run: test-armhf-armhf-xl-credit2 6 xen-boot fail REGR. vs. 58428 Regressions which are regarded as allowable (not blocking): test-amd64-i386-libvirt 11 guest-start fail like 58428 test-amd64-amd64-libvirt 11 guest-start fail like 58428 test-amd64-i386-freebsd10-amd64 9 freebsd-install fail like 58428 test-amd64-i386-freebsd10-i386 9 freebsd-install fail like 58428 test-amd64-i386-libvirt-xsm 11 guest-start fail like 58428 test-armhf-armhf-libvirt-xsm 11 guest-start fail like 58428 test-amd64-amd64-xl-qemuu-win7-amd64 16 guest-stop fail like 58428 test-amd64-i386-xl-qemuu-win7-amd64 16 guest-stop fail like 58428 test-armhf-armhf-libvirt 11 guest-start fail like 58428 Tests which did not succeed, but are not blocking: test-amd64-amd64-xl-pvh-intel 13 guest-saverestore fail never pass test-amd64-amd64-xl-pvh-amd 11 guest-start fail never pass test-amd64-amd64-libvirt-xsm 12 migrate-support-check fail never pass test-armhf-armhf-xl-arndale 12 migrate-support-check fail never pass test-armhf-armhf-xl 12 migrate-support-check fail never pass test-armhf-armhf-xl-xsm 12 migrate-support-check fail never pass test-armhf-armhf-xl-sedf 12 migrate-support-check fail never pass test-amd64-amd64-xl-qemut-win7-amd64 16 guest-stop fail never pass test-armhf-armhf-xl-cubietruck 12 migrate-support-check fail never pass test-armhf-armhf-xl-sedf-pin 12 migrate-support-check fail never pass test-amd64-i386-xl-qemut-win7-amd64 16 guest-stop fail never pass test-armhf-armhf-xl-multivcpu 12 migrate-support-check fail never pass version targeted for testing: linux c8d17b451aa18b07b60e771addf17a5fdd4138c7 baseline version: linux df5f4158415b6fc4a2d683c6fdc806be6da176bc ------------------------------------------------------------ People who touched revisions under test: Dan Williams <dan.j.willi...@intel.com> David S. Miller <da...@davemloft.net> David Woodhouse <david.woodho...@intel.com> Eric Dumazet <eduma...@google.com> Erik Hugne <erik.hu...@ericsson.com> Govindarajulu Varadarajan <_gov...@gmx.com> Herbert Xu <herb...@gondor.apana.org.au> Jeff Kirsher <jeffrey.t.kirs...@intel.com> Jeff Layton <jeff.lay...@primarydata.com> Jens Axboe <ax...@fb.com> Johannes Berg <johannes.b...@intel.com> Linus Torvalds <torva...@linux-foundation.org> Marcelo Ricardo Leitner <marcelo.leit...@gmail.com> Masanari Iida <standby2...@gmail.com> Mel Gorman <mgor...@suse.de> Ming Lei <tom.leim...@gmail.com> Neil Horman <nhor...@tuxdriver.com> NeilBrown <ne...@suse.de> NeilBrown <ne...@suse.de> Nikolay Aleksandrov <ra...@blackwall.org> Richard Cochran <richardcoch...@gmail.com> Richard Weinberger <rich...@nod.at> Robert Shearman <rshea...@brocade.com> Shaohua Li <s...@fb.com> Vlad Yasevich <vyasev...@gmail.com> ------------------------------------------------------------ jobs: build-amd64-xsm pass build-armhf-xsm pass build-i386-xsm pass build-amd64 pass build-armhf pass build-i386 pass build-amd64-libvirt pass build-armhf-libvirt pass build-i386-libvirt pass build-amd64-pvops pass build-armhf-pvops pass build-i386-pvops pass build-amd64-rumpuserxen pass build-i386-rumpuserxen pass test-amd64-amd64-xl pass test-armhf-armhf-xl pass test-amd64-i386-xl pass test-amd64-amd64-xl-qemut-debianhvm-amd64-xsm pass test-amd64-i386-xl-qemut-debianhvm-amd64-xsm pass test-amd64-amd64-xl-qemuu-debianhvm-amd64-xsm pass test-amd64-i386-xl-qemuu-debianhvm-amd64-xsm pass test-amd64-amd64-libvirt-xsm pass test-armhf-armhf-libvirt-xsm fail test-amd64-i386-libvirt-xsm fail test-amd64-amd64-xl-xsm pass test-armhf-armhf-xl-xsm pass test-amd64-i386-xl-xsm pass test-amd64-amd64-xl-pvh-amd fail test-amd64-i386-qemut-rhel6hvm-amd pass test-amd64-i386-qemuu-rhel6hvm-amd pass test-amd64-amd64-xl-qemut-debianhvm-amd64 pass test-amd64-i386-xl-qemut-debianhvm-amd64 pass test-amd64-amd64-xl-qemuu-debianhvm-amd64 pass test-amd64-i386-xl-qemuu-debianhvm-amd64 pass test-amd64-i386-freebsd10-amd64 fail test-amd64-amd64-xl-qemuu-ovmf-amd64 pass test-amd64-i386-xl-qemuu-ovmf-amd64 pass test-amd64-amd64-rumpuserxen-amd64 pass test-amd64-amd64-xl-qemut-win7-amd64 fail test-amd64-i386-xl-qemut-win7-amd64 fail test-amd64-amd64-xl-qemuu-win7-amd64 fail test-amd64-i386-xl-qemuu-win7-amd64 fail test-armhf-armhf-xl-arndale pass test-amd64-amd64-xl-credit2 pass test-armhf-armhf-xl-credit2 fail test-armhf-armhf-xl-cubietruck pass test-amd64-i386-freebsd10-i386 fail test-amd64-i386-rumpuserxen-i386 pass test-amd64-amd64-xl-pvh-intel fail test-amd64-i386-qemut-rhel6hvm-intel pass test-amd64-i386-qemuu-rhel6hvm-intel pass test-amd64-amd64-libvirt fail test-armhf-armhf-libvirt fail test-amd64-i386-libvirt fail test-amd64-amd64-xl-multivcpu pass test-armhf-armhf-xl-multivcpu pass test-amd64-amd64-pair pass test-amd64-i386-pair pass test-amd64-amd64-xl-sedf-pin pass test-armhf-armhf-xl-sedf-pin pass test-amd64-amd64-xl-sedf pass test-armhf-armhf-xl-sedf pass test-amd64-i386-xl-qemut-winxpsp3-vcpus1 pass test-amd64-i386-xl-qemuu-winxpsp3-vcpus1 pass test-amd64-amd64-xl-qemut-winxpsp3 pass test-amd64-i386-xl-qemut-winxpsp3 pass test-amd64-amd64-xl-qemuu-winxpsp3 pass test-amd64-i386-xl-qemuu-winxpsp3 pass ------------------------------------------------------------ sg-report-flight on osstest.test-lab.xenproject.org logs: /home/logs/logs images: /home/logs/images Logs, config files, etc. are available at http://logs.test-lab.xenproject.org/osstest/logs Test harness code can be found at http://xenbits.xen.org/gitweb?p=osstest.git;a=summary Not pushing. (No revision log; it would be 732 lines long.) _______________________________________________ Xen-devel mailing list Xen-devel@lists.xen.org http://lists.xen.org/xen-devel