flight 58473 qemu-mainline real [real] http://logs.test-lab.xenproject.org/osstest/logs/58473/
Regressions :-( Tests which did not succeed and are blocking, including tests which could not be run: test-amd64-amd64-xl-qemuu-debianhvm-amd64 14 guest-localmigrate.2 fail REGR. vs. 58318 Regressions which are regarded as allowable (not blocking): test-armhf-armhf-libvirt 11 guest-start fail REGR. vs. 58318 test-armhf-armhf-libvirt-xsm 11 guest-start fail REGR. vs. 58318 test-amd64-i386-libvirt 11 guest-start fail like 58318 test-amd64-i386-libvirt-xsm 11 guest-start fail like 58318 test-amd64-amd64-libvirt 11 guest-start fail like 58318 Tests which did not succeed, but are not blocking: test-amd64-amd64-xl-pvh-intel 11 guest-start fail never pass test-amd64-amd64-xl-pvh-amd 11 guest-start fail never pass test-amd64-amd64-libvirt-xsm 11 guest-start fail never pass test-armhf-armhf-xl-arndale 12 migrate-support-check fail never pass test-armhf-armhf-xl 12 migrate-support-check fail never pass test-armhf-armhf-xl-xsm 12 migrate-support-check fail never pass test-armhf-armhf-xl-sedf 12 migrate-support-check fail never pass test-armhf-armhf-xl-multivcpu 12 migrate-support-check fail never pass test-armhf-armhf-xl-credit2 12 migrate-support-check fail never pass test-armhf-armhf-xl-cubietruck 12 migrate-support-check fail never pass test-armhf-armhf-xl-sedf-pin 12 migrate-support-check fail never pass test-amd64-amd64-xl-qemuu-win7-amd64 16 guest-stop fail never pass test-amd64-i386-xl-qemuu-win7-amd64 16 guest-stop fail never pass version targeted for testing: qemuu 0a2df857a7038c75379cc575de5d4be4c0ac629e baseline version: qemuu b0411142f482df92717f8b4a3b746081a62b724f ------------------------------------------------------------ People who touched revisions under test: Alberto Garcia <be...@igalia.com> Alex Williamson <alex.william...@redhat.com> Aurelien Jarno <aurel...@aurel32.net> Bruce Rogers <brog...@suse.com> Cornelia Huck <cornelia.h...@de.ibm.com> Dave Airlie <airl...@redhat.com> David Ahern <dsah...@gmail.com> Dr. David Alan Gilbert <dgilb...@redhat.com> Eric Auger <eric.au...@linaro.org> Fam Zheng <f...@redhat.com> Gabriel L. Somlo <so...@cmu.edu> Gabriel Somlo <so...@cmu.edu> Gerd Hoffmann <kra...@redhat.com> Hervé Poussineau <hpous...@reactos.org> Jason Wang <jasow...@redhat.com> Jiri Pirko <j...@resnulli.us> Juan Quintela <quint...@redhat.com> Kim Phillips <kim.phill...@linaro.org> Laszlo Ersek <ler...@redhat.com> Laurent Vivier <laur...@vivier.eu> Leon Alrae <leon.al...@imgtec.com> Meghana Cheripady <meghana.cherip...@avagotech.com> Michael S. Tsirkin <m...@redhat.com> Padmanabh Ratnakar <padmanabh.ratna...@avagotech.com> Paul Burton <paul.bur...@imgtec.com> Peter Maydell <peter.mayd...@linaro.org> Petr Matousek <pmato...@redhat.com> Richard Henderson <r...@twiddle.net> Scott Feldman <sfel...@gmail.com> Shannon Zhao <shannon.z...@linaro.org> Shannon Zhao <zhaoshengl...@huawei.com> Stefan Hajnoczi <stefa...@redhat.com> Vikram Sethi <vikr...@codeaurora.org> Yongbok Kim <yongbok....@imgtec.com> zhanghailiang <zhang.zhanghaili...@huawei.com> ------------------------------------------------------------ jobs: build-amd64-xsm pass build-armhf-xsm pass build-i386-xsm pass build-amd64 pass build-armhf pass build-i386 pass build-amd64-libvirt pass build-armhf-libvirt pass build-i386-libvirt pass build-amd64-pvops pass build-armhf-pvops pass build-i386-pvops pass test-amd64-amd64-xl pass test-armhf-armhf-xl pass test-amd64-i386-xl pass test-amd64-amd64-xl-qemuu-debianhvm-amd64-xsm pass test-amd64-i386-xl-qemuu-debianhvm-amd64-xsm pass test-amd64-amd64-libvirt-xsm fail test-armhf-armhf-libvirt-xsm fail test-amd64-i386-libvirt-xsm fail test-amd64-amd64-xl-xsm pass test-armhf-armhf-xl-xsm pass test-amd64-i386-xl-xsm pass test-amd64-amd64-xl-pvh-amd fail test-amd64-i386-qemuu-rhel6hvm-amd pass test-amd64-amd64-xl-qemuu-debianhvm-amd64 fail test-amd64-i386-xl-qemuu-debianhvm-amd64 pass test-amd64-i386-freebsd10-amd64 pass test-amd64-amd64-xl-qemuu-ovmf-amd64 pass test-amd64-i386-xl-qemuu-ovmf-amd64 pass test-amd64-amd64-xl-qemuu-win7-amd64 fail test-amd64-i386-xl-qemuu-win7-amd64 fail test-armhf-armhf-xl-arndale pass test-amd64-amd64-xl-credit2 pass test-armhf-armhf-xl-credit2 pass test-armhf-armhf-xl-cubietruck pass test-amd64-i386-freebsd10-i386 pass test-amd64-amd64-xl-pvh-intel fail test-amd64-i386-qemuu-rhel6hvm-intel pass test-amd64-amd64-libvirt fail test-armhf-armhf-libvirt fail test-amd64-i386-libvirt fail test-amd64-amd64-xl-multivcpu pass test-armhf-armhf-xl-multivcpu pass test-amd64-amd64-pair pass test-amd64-i386-pair pass test-amd64-amd64-xl-sedf-pin pass test-armhf-armhf-xl-sedf-pin pass test-amd64-amd64-xl-sedf pass test-armhf-armhf-xl-sedf pass test-amd64-i386-xl-qemuu-winxpsp3-vcpus1 pass test-amd64-amd64-xl-qemuu-winxpsp3 pass test-amd64-i386-xl-qemuu-winxpsp3 pass ------------------------------------------------------------ sg-report-flight on osstest.test-lab.xenproject.org logs: /home/logs/logs images: /home/logs/images Logs, config files, etc. are available at http://logs.test-lab.xenproject.org/osstest/logs Test harness code can be found at http://xenbits.xen.org/gitweb?p=osstest.git;a=summary Not pushing. (No revision log; it would be 2474 lines long.)
_______________________________________________ Xen-devel mailing list Xen-devel@lists.xen.org http://lists.xen.org/xen-devel