flight 58228 linux-linus real [real] http://logs.test-lab.xenproject.org/osstest/logs/58228/
Regressions :-( Tests which did not succeed and are blocking, including tests which could not be run: test-amd64-amd64-rumpuserxen-amd64 15 rumpuserxen-demo-xenstorels/xenstorels.repeat fail REGR. vs. 58128 test-armhf-armhf-xl-arndale 14 guest-start.2 fail REGR. vs. 58128 Regressions which are regarded as allowable (not blocking): test-amd64-i386-libvirt 11 guest-start fail like 58128 test-amd64-amd64-libvirt 11 guest-start fail like 58128 test-amd64-i386-freebsd10-amd64 9 freebsd-install fail like 58128 test-amd64-i386-freebsd10-i386 9 freebsd-install fail like 58128 test-amd64-amd64-xl-qemuu-win7-amd64 16 guest-stop fail like 58128 test-amd64-i386-xl-qemuu-win7-amd64 16 guest-stop fail like 58128 test-armhf-armhf-libvirt 11 guest-start fail like 58128 Tests which did not succeed, but are not blocking: test-amd64-amd64-xl-pvh-amd 11 guest-start fail never pass test-amd64-amd64-xl-pvh-intel 13 guest-saverestore fail never pass test-amd64-amd64-libvirt-xsm 12 migrate-support-check fail never pass test-amd64-i386-libvirt-xsm 12 migrate-support-check fail never pass test-armhf-armhf-libvirt-xsm 11 guest-start fail never pass test-armhf-armhf-xl-arndale 12 migrate-support-check fail never pass test-armhf-armhf-xl 12 migrate-support-check fail never pass test-armhf-armhf-xl-xsm 12 migrate-support-check fail never pass test-armhf-armhf-xl-sedf 12 migrate-support-check fail never pass test-armhf-armhf-xl-multivcpu 12 migrate-support-check fail never pass test-amd64-amd64-xl-qemut-win7-amd64 16 guest-stop fail never pass test-armhf-armhf-xl-sedf-pin 12 migrate-support-check fail never pass test-amd64-i386-xl-qemut-win7-amd64 16 guest-stop fail never pass test-armhf-armhf-xl-cubietruck 12 migrate-support-check fail never pass test-armhf-armhf-xl-credit2 12 migrate-support-check fail never pass version targeted for testing: linux 5879ae5fd052a63d5ac0684320cb7df3e83da7de baseline version: linux 37ef1647b7f73d4ff4c7993984599b6c4f26443a ------------------------------------------------------------ People who touched revisions under test: "Eric W. Biederman" <ebied...@xmission.com> "Tom Herbert" <t...@herbertland.com> Aaro Koskinen <aaro.koski...@nokia.com> Alban Bedel <al...@free.fr> Alexei Starovoitov <a...@plumgrid.com> Anjali Singhai Jain <anjali.sing...@intel.com> Arnd Bergmann <a...@arndb.de> David S. Miller <da...@davemloft.net> David Woodhouse <david.woodho...@intel.com> Felipe Balbi <ba...@ti.com> Flavio Leitner <f...@redhat.com> Florian Fainelli <f.faine...@gmail.com> Gregory CLEMENT <gregory.clem...@free-electrons.com> Hannes Frederic Sowa <han...@stressinduktion.org> Hauke Mehrtens <ha...@hauke-m.de> Heiko Carstens <heiko.carst...@de.ibm.com> Huacai Chen <che...@lemote.com> Imre Kaloz <ka...@openwrt.org> James Hogan <james.ho...@imgtec.com> Jeff Kirsher <jeffrey.t.kirs...@intel.com> Jeroen Hofstee <jer...@myspectrum.nl> Jesse Brandeburg <jesse.brandeb...@intel.com> Jiang Liu <jiang....@linux.intel.com> Jim Young <james.m.yo...@intel.com> Jiri Benc <jb...@redhat.com> Joerg Roedel <jroe...@suse.de> Jonas Gorski <j...@openwrt.org> Josh Hunt <joh...@akamai.com> Joshua Kinard <ku...@gentoo.org> Kevin Hilman <khil...@linaro.org> Krzysztof Kozlowski <k.kozlow...@samsung.com> Lendacky, Thomas <thomas.lenda...@amd.com> Linus Torvalds <torva...@linux-foundation.org> Maciej W. Rozycki <ma...@linux-mips.org> Marc Zyngier <marc.zyng...@arm.com> Markos Chandras <markos.chand...@imgtec.com> Matthias Brugger <matthias....@gmail.com> Matthijs van Duin <matthijsvand...@gmail.com> Michael Holzheu <holz...@linux.vnet.ibm.com> Michael S. Tsirkin <m...@redhat.com> Nadav Haklai <nad...@marvell.com> Nicholas Mc Guire <hof...@osadl.org> Nicolas Schichan <nschic...@freebox.fr> Nikolay Aleksandrov <niko...@cumulusnetworks.com> Pavel Machek <pa...@ucw.cz> Pravin B Shelar <pshe...@nicira.com> Ralf Baechle <r...@linux-mips.org> Robert Nelson <robertcnel...@gmail.com> Robert Shearman <rshea...@brocade.com> Sascha Hauer <s.ha...@pengutronix.de> Shawn Bohrer <sboh...@rgmadvisors.com> Sriharsha Basavapatna <sriharsha.basavapa...@avagotech.com> Tejun Heo <t...@kernel.org> Tero Kristo <t-kri...@ti.com> Thomas Petazzoni <thomas.petazz...@free-electrons.com> Tom Lendacky <thomas.lenda...@amd.com> Tony Lindgren <t...@atomide.com> Willem de Bruijn <will...@google.com> Wilson Kok <w...@cumulusnetworks.com> Yingjoe Chen <yingjoe.c...@mediatek.com> ------------------------------------------------------------ jobs: build-amd64-xsm pass build-armhf-xsm pass build-i386-xsm pass build-amd64 pass build-armhf pass build-i386 pass build-amd64-libvirt pass build-armhf-libvirt pass build-i386-libvirt pass build-amd64-pvops pass build-armhf-pvops pass build-i386-pvops pass build-amd64-rumpuserxen pass build-i386-rumpuserxen pass test-amd64-amd64-xl pass test-armhf-armhf-xl pass test-amd64-i386-xl pass test-amd64-amd64-xl-qemut-debianhvm-amd64-xsm pass test-amd64-i386-xl-qemut-debianhvm-amd64-xsm pass test-amd64-amd64-xl-qemuu-debianhvm-amd64-xsm pass test-amd64-i386-xl-qemuu-debianhvm-amd64-xsm pass test-amd64-amd64-libvirt-xsm pass test-armhf-armhf-libvirt-xsm fail test-amd64-i386-libvirt-xsm pass test-amd64-amd64-xl-xsm pass test-armhf-armhf-xl-xsm pass test-amd64-i386-xl-xsm pass test-amd64-amd64-xl-pvh-amd fail test-amd64-i386-qemut-rhel6hvm-amd pass test-amd64-i386-qemuu-rhel6hvm-amd pass test-amd64-amd64-xl-qemut-debianhvm-amd64 pass test-amd64-i386-xl-qemut-debianhvm-amd64 pass test-amd64-amd64-xl-qemuu-debianhvm-amd64 pass test-amd64-i386-xl-qemuu-debianhvm-amd64 pass test-amd64-i386-freebsd10-amd64 fail test-amd64-amd64-xl-qemuu-ovmf-amd64 pass test-amd64-i386-xl-qemuu-ovmf-amd64 pass test-amd64-amd64-rumpuserxen-amd64 fail test-amd64-amd64-xl-qemut-win7-amd64 fail test-amd64-i386-xl-qemut-win7-amd64 fail test-amd64-amd64-xl-qemuu-win7-amd64 fail test-amd64-i386-xl-qemuu-win7-amd64 fail test-armhf-armhf-xl-arndale fail test-amd64-amd64-xl-credit2 pass test-armhf-armhf-xl-credit2 pass test-armhf-armhf-xl-cubietruck pass test-amd64-i386-freebsd10-i386 fail test-amd64-i386-rumpuserxen-i386 pass test-amd64-amd64-xl-pvh-intel fail test-amd64-i386-qemut-rhel6hvm-intel pass test-amd64-i386-qemuu-rhel6hvm-intel pass test-amd64-amd64-libvirt fail test-armhf-armhf-libvirt fail test-amd64-i386-libvirt fail test-amd64-amd64-xl-multivcpu pass test-armhf-armhf-xl-multivcpu pass test-amd64-amd64-pair pass test-amd64-i386-pair pass test-amd64-amd64-xl-sedf-pin pass test-armhf-armhf-xl-sedf-pin pass test-amd64-amd64-xl-sedf pass test-armhf-armhf-xl-sedf pass test-amd64-i386-xl-qemut-winxpsp3-vcpus1 pass test-amd64-i386-xl-qemuu-winxpsp3-vcpus1 pass test-amd64-amd64-xl-qemut-winxpsp3 pass test-amd64-i386-xl-qemut-winxpsp3 pass test-amd64-amd64-xl-qemuu-winxpsp3 pass test-amd64-i386-xl-qemuu-winxpsp3 pass ------------------------------------------------------------ sg-report-flight on osstest.test-lab.xenproject.org logs: /home/logs/logs images: /home/logs/images Logs, config files, etc. are available at http://logs.test-lab.xenproject.org/osstest/logs Test harness code can be found at http://xenbits.xen.org/gitweb?p=osstest.git;a=summary Not pushing. (No revision log; it would be 1199 lines long.) _______________________________________________ Xen-devel mailing list Xen-devel@lists.xen.org http://lists.xen.org/xen-devel