On Mon, 8 Jun 2015, Fabio Fantoni wrote:
> Il 08/06/2015 11:16, Ian Campbell ha scritto:
> > On Sun, 2015-06-07 at 11:28 +0000, osstest service user wrote:
> > > flight 57925 qemu-mainline real [real]
> > > http://logs.test-lab.xenproject.org/osstest/logs/57925/
> > >
> > > Regressions :-(
> > >
> > > Tests which did not succeed and are blocking,
> > > including tests which could not be run:
> > I think it is pretty safe to say that something has broken save/restore.
>
> Already found some days ago, reported and today will be push in qemu upstream
> the fix (already tested):
> http://lists.gnu.org/archive/html/qemu-devel/2015-06/msg02104.html

Fabio, thanks for your work on this!


> > >   test-amd64-amd64-xl-qemuu-debianhvm-amd64-xsm 11 guest-saverestore fail
> > > REGR. vs. 57815
> > >   test-amd64-i386-xl-qemuu-debianhvm-amd64-xsm 11 guest-saverestore fail
> > > REGR. vs. 57815
> > >   test-amd64-i386-freebsd10-amd64 12 guest-saverestore      fail REGR. vs.
> > > 57815
> > >   test-amd64-i386-freebsd10-i386 12 guest-saverestore       fail REGR. vs.
> > > 57815
> > >   test-armhf-armhf-xl-credit2   6 xen-boot                  fail REGR. vs.
> > > 57815
> > >   test-amd64-amd64-xl-qemuu-debianhvm-amd64 11 guest-saverestore fail
> > > REGR. vs. 57815
> > >   test-amd64-i386-xl-qemuu-debianhvm-amd64 11 guest-saverestore fail REGR.
> > > vs. 57815
> > >   test-amd64-amd64-xl-qemuu-ovmf-amd64 11 guest-saverestore fail REGR. vs.
> > > 57815
> > >   test-amd64-i386-xl-qemuu-ovmf-amd64 11 guest-saverestore  fail REGR. vs.
> > > 57815
> > >   test-amd64-i386-xl-qemuu-winxpsp3-vcpus1 11 guest-saverestore fail REGR.
> > > vs. 57815
> > >   test-amd64-amd64-xl-qemuu-win7-amd64  9 windows-install   fail REGR. vs.
> > > 57815
> > >   test-amd64-i386-xl-qemuu-win7-amd64 11 guest-saverestore  fail REGR. vs.
> > > 57815
> > >   test-amd64-i386-xl-qemuu-winxpsp3 11 guest-saverestore    fail REGR. vs.
> > > 57815
> > >   test-amd64-amd64-xl-qemuu-winxpsp3 11 guest-saverestore   fail REGR. vs.
> > > 57815
> > >
> > > Regressions which are regarded as allowable (not blocking):
> > >   test-amd64-i386-libvirt      11 guest-start                  fail   like
> > > 57815
> > >   test-amd64-amd64-libvirt     11 guest-start                  fail   like
> > > 57815
> > >   test-armhf-armhf-libvirt     11 guest-start                  fail   like
> > > 57815
> > >
> > > Tests which did not succeed, but are not blocking:
> > >   test-amd64-i386-xl-xsm       14 guest-localmigrate           fail
> > > never pass
> > >   test-amd64-amd64-xl-xsm      14 guest-localmigrate           fail
> > > never pass
> > >   test-amd64-amd64-xl-pvh-intel 11 guest-start                  fail
> > > never pass
> > >   test-amd64-amd64-xl-pvh-amd  11 guest-start                  fail
> > > never pass
> > >   test-amd64-amd64-libvirt-xsm 11 guest-start                  fail
> > > never pass
> > >   test-amd64-i386-libvirt-xsm  12 migrate-support-check        fail
> > > never pass
> > >   test-armhf-armhf-xl-arndale  12 migrate-support-check        fail
> > > never pass
> > >   test-armhf-armhf-xl-xsm      12 migrate-support-check        fail
> > > never pass
> > >   test-armhf-armhf-xl-multivcpu 12 migrate-support-check        fail
> > > never pass
> > >   test-armhf-armhf-libvirt-xsm 11 guest-start                  fail
> > > never pass
> > >   test-armhf-armhf-xl-cubietruck 12 migrate-support-check        fail
> > > never pass
> > >   test-armhf-armhf-xl-sedf     12 migrate-support-check        fail
> > > never pass
> > >   test-armhf-armhf-xl-sedf-pin 12 migrate-support-check        fail
> > > never pass
> > >   test-armhf-armhf-xl          12 migrate-support-check        fail
> > > never pass
> > >
> > > version targeted for testing:
> > >   qemuu                3b730f570c5872ceea2137848f1d4554d4847441
> > > baseline version:
> > >   qemuu                3fc827d591679f3e262b9d1f8b34528eabfca8c0
> > >
> > > ------------------------------------------------------------
> > > People who touched revisions under test:
> > >    Alex Bennée <alex.ben...@linaro.org>
> > >    Alexander Graf <ag...@suse.de>
> > >    Alexey Kardashevskiy <a...@ozlabs.ru>
> > >    Andreas Färber <afaer...@suse.de>
> > >    Chen Hanxiao <chenhanx...@cn.fujitsu.com>
> > >    Christoffer Dall <christoffer.d...@linaro.org>
> > >    Cornelia Huck <cornelia.h...@de.ibm.com>
> > >    David Gibson <da...@gibson.dropbear.id.au>
> > >    Dr. David Alan Gilbert <dgilb...@redhat.com>
> > >    Edgar E. Iglesias <edgar.igles...@xilinx.com>
> > >    Eduardo Habkost <ehabk...@redhat.com>
> > >    Eric Auger <eric.au...@linaro.org>
> > >    Fam Zheng <f...@redhat.com>
> > >    Ian Campbell <ian.campb...@citrix.com>
> > >    Ikey Doherty <michael.i.dohe...@intel.com>
> > >    Jan Beulich <jbeul...@suse.com>
> > >    Markus Armbruster <arm...@redhat.com>
> > >    Michael Roth <mdr...@linux.vnet.ibm.com>
> > >    Michael S. Tsirkin <m...@redhat.com>
> > >    Michael Tokarev <m...@tls.msk.ru>
> > >    Mike Day <ncm...@ncultra.org>
> > >    Nathan Fontenot <nf...@linux.vnet.ibm.com>
> > >    Nikunj A Dadhania <nik...@linux.vnet.ibm.com>
> > >    Paolo Bonzini <pbonz...@redhat.com>
> > >    Peter Crosthwaite <crosthwaite.pe...@gmail.com>
> > >    Peter Crosthwaite <crosthwaitepe...@gmail.com>
> > >    Peter Krempa <pkre...@redhat.com>
> > >    Peter Maydell <peter.mayd...@linaro.org>
> > >    Sai Pavan Boddu <sai.pavan.bo...@xilinx.com>
> > >    Sai Pavan Boddu <saip...@xilinx.com>
> > >    Shannon Zhao <shannon.z...@linaro.org>
> > >    Shannon Zhao <zhaoshengl...@huawei.com>
> > >    Stefano Stabellini <stefano.stabell...@eu.citrix.com>
> > >    Thomas Huth <th...@redhat.com>
> > >    Tyrel Datwyler <tyr...@linux.vnet.ibm.com>
> > >    Victor CLEMENT <victor.clem...@openwide.fr>
> > >    Zhu Guihua <zhugh.f...@cn.fujitsu.com>
> > > ------------------------------------------------------------
> > >
> > > jobs:
> > >   build-amd64-xsm                                              pass
> > >   build-armhf-xsm                                              pass
> > >   build-i386-xsm                                               pass
> > >   build-amd64                                                  pass
> > >   build-armhf                                                  pass
> > >   build-i386                                                   pass
> > >   build-amd64-libvirt                                          pass
> > >   build-armhf-libvirt                                          pass
> > >   build-i386-libvirt                                           pass
> > >   build-amd64-pvops                                            pass
> > >   build-armhf-pvops                                            pass
> > >   build-i386-pvops                                             pass
> > >   test-amd64-amd64-xl                                          pass
> > >   test-armhf-armhf-xl                                          pass
> > >   test-amd64-i386-xl                                           pass
> > >   test-amd64-amd64-xl-qemuu-debianhvm-amd64-xsm                fail
> > >   test-amd64-i386-xl-qemuu-debianhvm-amd64-xsm                 fail
> > >   test-amd64-amd64-libvirt-xsm                                 fail
> > >   test-armhf-armhf-libvirt-xsm                                 fail
> > >   test-amd64-i386-libvirt-xsm                                  pass
> > >   test-amd64-amd64-xl-xsm                                      fail
> > >   test-armhf-armhf-xl-xsm                                      pass
> > >   test-amd64-i386-xl-xsm                                       fail
> > >   test-amd64-amd64-xl-pvh-amd                                  fail
> > >   test-amd64-i386-qemuu-rhel6hvm-amd                           pass
> > >   test-amd64-amd64-xl-qemuu-debianhvm-amd64                    fail
> > >   test-amd64-i386-xl-qemuu-debianhvm-amd64                     fail
> > >   test-amd64-i386-freebsd10-amd64                              fail
> > >   test-amd64-amd64-xl-qemuu-ovmf-amd64                         fail
> > >   test-amd64-i386-xl-qemuu-ovmf-amd64                          fail
> > >   test-amd64-amd64-xl-qemuu-win7-amd64                         fail
> > >   test-amd64-i386-xl-qemuu-win7-amd64                          fail
> > >   test-armhf-armhf-xl-arndale                                  pass
> > >   test-amd64-amd64-xl-credit2                                  pass
> > >   test-armhf-armhf-xl-credit2                                  fail
> > >   test-armhf-armhf-xl-cubietruck                               pass
> > >   test-amd64-i386-freebsd10-i386                               fail
> > >   test-amd64-amd64-xl-pvh-intel                                fail
> > >   test-amd64-i386-qemuu-rhel6hvm-intel                         pass
> > >   test-amd64-amd64-libvirt                                     fail
> > >   test-armhf-armhf-libvirt                                     fail
> > >   test-amd64-i386-libvirt                                      fail
> > >   test-amd64-amd64-xl-multivcpu                                pass
> > >   test-armhf-armhf-xl-multivcpu                                pass
> > >   test-amd64-amd64-pair                                        pass
> > >   test-amd64-i386-pair                                         pass
> > >   test-amd64-amd64-xl-sedf-pin                                 pass
> > >   test-armhf-armhf-xl-sedf-pin                                 pass
> > >   test-amd64-amd64-xl-sedf                                     pass
> > >   test-armhf-armhf-xl-sedf                                     pass
> > >   test-amd64-i386-xl-qemuu-winxpsp3-vcpus1                     fail
> > >   test-amd64-amd64-xl-qemuu-winxpsp3                           fail
> > >   test-amd64-i386-xl-qemuu-winxpsp3                            fail
> > >
> > >
> > > ------------------------------------------------------------
> > > sg-report-flight on osstest.test-lab.xenproject.org
> > > logs: /home/logs/logs
> > > images: /home/logs/images
> > >
> > > Logs, config files, etc. are available at
> > >      http://logs.test-lab.xenproject.org/osstest/logs
> > >
> > > Test harness code can be found at
> > >      http://xenbits.xen.org/gitweb?p=osstest.git;a=summary
> > >
> > >
> > > Not pushing.
> > >
> > > (No revision log; it would be 2389 lines long.)
> > >
> > > _______________________________________________
> > > Xen-devel mailing list
> > > Xen-devel@lists.xen.org
> > > http://lists.xen.org/xen-devel
> >
> >
> > _______________________________________________
> > Xen-devel mailing list
> > Xen-devel@lists.xen.org
> > http://lists.xen.org/xen-devel
> 
_______________________________________________
Xen-devel mailing list
Xen-devel@lists.xen.org
http://lists.xen.org/xen-devel

Reply via email to